{"id":113414,"date":"2022-03-15T10:25:58","date_gmt":"2022-03-15T08:25:58","guid":{"rendered":"https:\/\/pe.efimatica.com\/?post_type=edifici&#038;p=113414"},"modified":"2022-03-15T10:29:23","modified_gmt":"2022-03-15T08:29:23","slug":"hospital-de-santa-magdalena","status":"publish","type":"edifici","link":"https:\/\/poble-espanyol.com\/en\/building\/hospital-de-santa-magdalena\/","title":{"rendered":"Hospital de Santa Magdalena"},"content":{"rendered":"","protected":false},"excerpt":{"rendered":"<p>Hospital de Santa Magdalena was consolidated by merging a series of hospitals under the order of Ferran II in the 15th century. The purpose of this merger was to take care of the poor, pilgrims and the sick.<br \/>\nLater, a community of sisters who taught classes to the women of the village was set up, followed by a medical practice and, finally, a textile company.<br \/>\nIt is currently the headquarters of the Conca de Barber\u00e0 Historical Archive.<\/p>\n","protected":false},"author":7,"featured_media":108112,"comment_status":"open","ping_status":"closed","template":"","meta":{"_acf_changed":false,"footnotes":""},"categories-edifici-poble":[2985],"class_list":["post-113414","edifici","type-edifici","status-publish","has-post-thumbnail","hentry","categories-edifici-poble-mediterranean"],"acf":{"nom_edifici":"Hospital de Santa Magdalena","titol_previ":"Hospital de Santa Magdalena (Montblanc, Tarragona)","text_introductori":"Hospital de Santa Magdalena was consolidated by merging a series of hospitals under the order of Ferran II in the 15th century. The purpose of this merger was to take care of the poor, pilgrims and the sick.\r\nLater, a community of sisters who taught classes to the women of the village was set up, followed by a medical practice and, finally, a textile company.\r\nIt is currently the headquarters of the Conca de Barber\u00e0 Historical Archive.\r\n\r\n\r\n\r\n\r\n\r\n\r\n\r\n","fotos_adicionals":"","titular_segona_explicacio":"","text_posterior_segona_explicacio":"","text_previ_segona_explicacio":"","text_detall_segona_explicacio":"","seccions_edifici":null,"ubicacio":{"address":"Av. Francesc Ferrer i Gu\u00e0rdia, 13, 08038 Barcelona, Espa\u00f1a","lat":41.368919210506611,"lng":2.148546785319505,"zoom":19,"place_id":"ChIJ6S8pIHeipBIRry9X58Mz-8E","street_number":13,"street_name":"Avinguda Francesc Ferrer i Gu\u00e0rdia","street_name_short":"Av. Francesc Ferrer i Gu\u00e0rdia","city":"Barcelona","state":"Catalunya","state_short":"CT","post_code":8038,"country":"Espa\u00f1a","country_short":"ES"}},"_links":{"self":[{"href":"https:\/\/poble-espanyol.com\/en\/wp-json\/wp\/v2\/edifici\/113414","targetHints":{"allow":["GET"]}}],"collection":[{"href":"https:\/\/poble-espanyol.com\/en\/wp-json\/wp\/v2\/edifici"}],"about":[{"href":"https:\/\/poble-espanyol.com\/en\/wp-json\/wp\/v2\/types\/edifici"}],"author":[{"embeddable":true,"href":"https:\/\/poble-espanyol.com\/en\/wp-json\/wp\/v2\/users\/7"}],"replies":[{"embeddable":true,"href":"https:\/\/poble-espanyol.com\/en\/wp-json\/wp\/v2\/comments?post=113414"}],"version-history":[{"count":0,"href":"https:\/\/poble-espanyol.com\/en\/wp-json\/wp\/v2\/edifici\/113414\/revisions"}],"wp:featuredmedia":[{"embeddable":true,"href":"https:\/\/poble-espanyol.com\/en\/wp-json\/wp\/v2\/media\/108112"}],"wp:attachment":[{"href":"https:\/\/poble-espanyol.com\/en\/wp-json\/wp\/v2\/media?parent=113414"}],"wp:term":[{"taxonomy":"categories-edifici-poble","embeddable":true,"href":"https:\/\/poble-espanyol.com\/en\/wp-json\/wp\/v2\/categories-edifici-poble?post=113414"}],"curies":[{"name":"wp","href":"https:\/\/api.w.org\/{rel}","templated":true}]}}

<p>Hospital de Santa Magdalena was consolidated by merging a series of hospitals under the order of Ferran II in the 15th century. The purpose of this merger was to take care of the poor, pilgrims and the sick.<br />
Later, a community of sisters who taught classes to the women of the village was set up, followed by a medical practice and, finally, a textile company.<br />
It is currently the headquarters of the Conca de Barberà Historical Archive.</p>

Hospital de Santa Magdalena was consolidated by merging a series of hospitals under the order of Ferran II in the 15th century. The purpose of this merger was to take care of the poor, pilgrims and the sick.
Later, a community of sisters who taught classes to the women of the village was set up, followed by a medical practice and, finally, a textile company.
It is currently the headquarters of the Conca de Barberà Historical Archive.

Av. Francesc Ferrer i Guàrdia, 13, 08038 Barcelona, España

Avinguda Francesc Ferrer i Guàrdia

Av. Francesc Ferrer i Guàrdia

España
