{"id":113478,"date":"2022-03-15T10:46:16","date_gmt":"2022-03-15T08:46:16","guid":{"rendered":"https:\/\/pe.efimatica.com\/?post_type=edifici&#038;p=113478"},"modified":"2022-03-15T10:47:55","modified_gmt":"2022-03-15T08:47:55","slug":"casa-de-la-torre","status":"publish","type":"edifici","link":"https:\/\/poble-espanyol.com\/en\/building\/casa-de-la-torre\/","title":{"rendered":"Casa de la Torre"},"content":{"rendered":"","protected":false},"excerpt":{"rendered":"<p>It is the oldest noble house in Ayll\u00f3n.<br \/>\nThe town of Ayll\u00f3n is in the northeast of Segovia. It has been declared a national Historic-Artistic Site, comprising stately buildings and houses of traditional architecture. It has been awarded several prizes: First prize in the Concurso de Embellecimiento de Pueblos (Village Beautification Competition) and First national prize in 1974.<br \/>\nThis medieval town has seen many kings pass through its streets: Alfonso VI, Alfonso VII, Alfonso VIII, Fernando III, Alfonso III&#8230;<\/p>\n","protected":false},"author":4,"featured_media":108974,"comment_status":"open","ping_status":"closed","template":"","meta":{"_acf_changed":false,"footnotes":""},"categories-edifici-poble":[2983],"class_list":["post-113478","edifici","type-edifici","status-publish","has-post-thumbnail","hentry","categories-edifici-poble-center"],"acf":{"nom_edifici":"Casa de la Torre","titol_previ":"Casa de la Torre (Ayll\u00f3n, Segovia)","text_introductori":"It is the oldest noble house in Ayll\u00f3n.\r\nThe town of Ayll\u00f3n is in the northeast of Segovia. It has been declared a national Historic-Artistic Site, comprising stately buildings and houses of traditional architecture. It has been awarded several prizes: First prize in the Concurso de Embellecimiento de Pueblos (Village Beautification Competition) and First national prize in 1974.\r\nThis medieval town has seen many kings pass through its streets: Alfonso VI, Alfonso VII, Alfonso VIII, Fernando III, Alfonso III...\r\n","fotos_adicionals":"","titular_segona_explicacio":"","text_posterior_segona_explicacio":"","text_previ_segona_explicacio":"","text_detall_segona_explicacio":"","seccions_edifici":null,"ubicacio":{"address":"Av. Francesc Ferrer i Gu\u00e0rdia, 13, 08038 Barcelona, Espa\u00f1a","lat":41.369159960641944,"lng":2.1470546722412109,"zoom":19,"place_id":"ChIJ1UrgrneipBIRJNIRH7aerco","street_number":13,"street_name":"Avinguda Francesc Ferrer i Gu\u00e0rdia","street_name_short":"Av. Francesc Ferrer i Gu\u00e0rdia","city":"Barcelona","state":"Catalunya","state_short":"CT","post_code":8038,"country":"Espa\u00f1a","country_short":"ES"}},"_links":{"self":[{"href":"https:\/\/poble-espanyol.com\/en\/wp-json\/wp\/v2\/edifici\/113478","targetHints":{"allow":["GET"]}}],"collection":[{"href":"https:\/\/poble-espanyol.com\/en\/wp-json\/wp\/v2\/edifici"}],"about":[{"href":"https:\/\/poble-espanyol.com\/en\/wp-json\/wp\/v2\/types\/edifici"}],"author":[{"embeddable":true,"href":"https:\/\/poble-espanyol.com\/en\/wp-json\/wp\/v2\/users\/4"}],"replies":[{"embeddable":true,"href":"https:\/\/poble-espanyol.com\/en\/wp-json\/wp\/v2\/comments?post=113478"}],"version-history":[{"count":0,"href":"https:\/\/poble-espanyol.com\/en\/wp-json\/wp\/v2\/edifici\/113478\/revisions"}],"wp:featuredmedia":[{"embeddable":true,"href":"https:\/\/poble-espanyol.com\/en\/wp-json\/wp\/v2\/media\/108974"}],"wp:attachment":[{"href":"https:\/\/poble-espanyol.com\/en\/wp-json\/wp\/v2\/media?parent=113478"}],"wp:term":[{"taxonomy":"categories-edifici-poble","embeddable":true,"href":"https:\/\/poble-espanyol.com\/en\/wp-json\/wp\/v2\/categories-edifici-poble?post=113478"}],"curies":[{"name":"wp","href":"https:\/\/api.w.org\/{rel}","templated":true}]}}

<p>It is the oldest noble house in Ayllón.<br />
The town of Ayllón is in the northeast of Segovia. It has been declared a national Historic-Artistic Site, comprising stately buildings and houses of traditional architecture. It has been awarded several prizes: First prize in the Concurso de Embellecimiento de Pueblos (Village Beautification Competition) and First national prize in 1974.<br />
This medieval town has seen many kings pass through its streets: Alfonso VI, Alfonso VII, Alfonso VIII, Fernando III, Alfonso III&#8230;</p>

Casa de la Torre (Ayllón, Segovia)

It is the oldest noble house in Ayllón.
The town of Ayllón is in the northeast of Segovia. It has been declared a national Historic-Artistic Site, comprising stately buildings and houses of traditional architecture. It has been awarded several prizes: First prize in the Concurso de Embellecimiento de Pueblos (Village Beautification Competition) and First national prize in 1974.
This medieval town has seen many kings pass through its streets: Alfonso VI, Alfonso VII, Alfonso VIII, Fernando III, Alfonso III...

Av. Francesc Ferrer i Guàrdia, 13, 08038 Barcelona, España

Avinguda Francesc Ferrer i Guàrdia

Av. Francesc Ferrer i Guàrdia

España
