{"id":113519,"date":"2022-03-15T10:58:31","date_gmt":"2022-03-15T08:58:31","guid":{"rendered":"https:\/\/pe.efimatica.com\/?post_type=edifici&#038;p=113519"},"modified":"2022-03-15T11:02:59","modified_gmt":"2022-03-15T09:02:59","slug":"iglesia-de-las-carmelitas","status":"publish","type":"edifici","link":"https:\/\/poble-espanyol.com\/en\/building\/iglesia-de-las-carmelitas\/","title":{"rendered":"Iglesia de las Carmelitas"},"content":{"rendered":"","protected":false},"excerpt":{"rendered":"<p>Iglesia del Santo \u00c1ngel can be found in the famous Plaza de Capuchinos. It was founded by the Capuchin Fathers in 1629 on some houses bought from the Marqu\u00e9 de Almunia. In 1838, the construction of the church got underway.<br \/>\nSubsequently, the convent was sold and mostly demolished. The only parts that remain today are the cloister, the garden and the church.<\/p>\n","protected":false},"author":7,"featured_media":108189,"comment_status":"open","ping_status":"closed","template":"","meta":{"_acf_changed":false,"footnotes":""},"categories-edifici-poble":[2987],"class_list":["post-113519","edifici","type-edifici","status-publish","has-post-thumbnail","hentry","categories-edifici-poble-north"],"acf":{"nom_edifici":"Iglesia de las Carmelitas","titol_previ":"Iglesia de las Carmelitas (Alca\u00f1iz, Teruel)","text_introductori":"Iglesia del Santo \u00c1ngel can be found in the famous Plaza de Capuchinos. It was founded by the Capuchin Fathers in 1629 on some houses bought from the Marqu\u00e9 de Almunia. In 1838, the construction of the church got underway.\r\nSubsequently, the convent was sold and mostly demolished. The only parts that remain today are the cloister, the garden and the church.\r\n\r\n\r\n\r\n\r\n\r\n\r\n\r\n\r\n","fotos_adicionals":"","titular_segona_explicacio":"","text_posterior_segona_explicacio":"","text_previ_segona_explicacio":"","text_detall_segona_explicacio":"","seccions_edifici":null,"ubicacio":{"address":"Av. Francesc Ferrer i Gu\u00e0rdia, 13, 08038 Barcelona, Espa\u00f1a","lat":41.368740060684303,"lng":2.1481820048934797,"zoom":19,"place_id":"ChIJH-iNAXeipBIRGfU6WaramYk","street_number":13,"street_name":"Avinguda Francesc Ferrer i Gu\u00e0rdia","street_name_short":"Av. Francesc Ferrer i Gu\u00e0rdia","city":"Barcelona","state":"Catalunya","state_short":"CT","post_code":8038,"country":"Espa\u00f1a","country_short":"ES"}},"_links":{"self":[{"href":"https:\/\/poble-espanyol.com\/en\/wp-json\/wp\/v2\/edifici\/113519","targetHints":{"allow":["GET"]}}],"collection":[{"href":"https:\/\/poble-espanyol.com\/en\/wp-json\/wp\/v2\/edifici"}],"about":[{"href":"https:\/\/poble-espanyol.com\/en\/wp-json\/wp\/v2\/types\/edifici"}],"author":[{"embeddable":true,"href":"https:\/\/poble-espanyol.com\/en\/wp-json\/wp\/v2\/users\/7"}],"replies":[{"embeddable":true,"href":"https:\/\/poble-espanyol.com\/en\/wp-json\/wp\/v2\/comments?post=113519"}],"version-history":[{"count":0,"href":"https:\/\/poble-espanyol.com\/en\/wp-json\/wp\/v2\/edifici\/113519\/revisions"}],"wp:featuredmedia":[{"embeddable":true,"href":"https:\/\/poble-espanyol.com\/en\/wp-json\/wp\/v2\/media\/108189"}],"wp:attachment":[{"href":"https:\/\/poble-espanyol.com\/en\/wp-json\/wp\/v2\/media?parent=113519"}],"wp:term":[{"taxonomy":"categories-edifici-poble","embeddable":true,"href":"https:\/\/poble-espanyol.com\/en\/wp-json\/wp\/v2\/categories-edifici-poble?post=113519"}],"curies":[{"name":"wp","href":"https:\/\/api.w.org\/{rel}","templated":true}]}}

<p>Iglesia del Santo Ángel can be found in the famous Plaza de Capuchinos. It was founded by the Capuchin Fathers in 1629 on some houses bought from the Marqué de Almunia. In 1838, the construction of the church got underway.<br />
Subsequently, the convent was sold and mostly demolished. The only parts that remain today are the cloister, the garden and the church.</p>

Iglesia de las Carmelitas (Alcañiz, Teruel)

Iglesia del Santo Ángel can be found in the famous Plaza de Capuchinos. It was founded by the Capuchin Fathers in 1629 on some houses bought from the Marqué de Almunia. In 1838, the construction of the church got underway.
Subsequently, the convent was sold and mostly demolished. The only parts that remain today are the cloister, the garden and the church.

Av. Francesc Ferrer i Guàrdia, 13, 08038 Barcelona, España

Avinguda Francesc Ferrer i Guàrdia

Av. Francesc Ferrer i Guàrdia

España
