{"id":113566,"date":"2022-03-15T11:27:07","date_gmt":"2022-03-15T09:27:07","guid":{"rendered":"https:\/\/pe.efimatica.com\/?post_type=edifici&#038;p=113566"},"modified":"2022-03-15T11:29:36","modified_gmt":"2022-03-15T09:29:36","slug":"escudo-de-un-atienza","status":"publish","type":"edifici","link":"https:\/\/poble-espanyol.com\/en\/building\/escudo-de-un-atienza\/","title":{"rendered":"Escudo de un Atienza"},"content":{"rendered":"","protected":false},"excerpt":{"rendered":"<p>The coat of arms belongs to Villa de Atienza, although it has never been officially ratified by competent bodies, in other words, it does not have an officially recognised coat of arms.<br \/>\nThe description of the coat of arms is as follows:<br \/>\n&#8221;Half cut and split shield. In the first quarter, on a field of gules, a castle, of gold, sable and clarified of gules; the second quarter, in silver, a rampant gules lion. The third quarter, in azure, bears a tower and a wall, terraced on rocks, in the same colour. On the crest, a closed royal crown.\u00bb<\/p>\n","protected":false},"author":7,"featured_media":0,"comment_status":"open","ping_status":"closed","template":"","meta":{"_acf_changed":false,"footnotes":""},"categories-edifici-poble":[2983],"class_list":["post-113566","edifici","type-edifici","status-publish","hentry","categories-edifici-poble-center"],"acf":{"nom_edifici":"Escudo de un Atienza ","titol_previ":"Escudo de un Atienza (Atienza, Guadalajara)","text_introductori":"The coat of arms belongs to Villa de Atienza, although it has never been officially ratified by competent bodies, in other words, it does not have an officially recognised coat of arms.\r\nThe description of the coat of arms is as follows:\r\n''Half cut and split shield. In the first quarter, on a field of gules, a castle, of gold, sable and clarified of gules; the second quarter, in silver, a rampant gules lion. The third quarter, in azure, bears a tower and a wall, terraced on rocks, in the same colour. On the crest, a closed royal crown.\u00bb\r\n\r\n\r\n\r\n\r\n\r\n\r\n","fotos_adicionals":"","titular_segona_explicacio":"","text_posterior_segona_explicacio":"","text_previ_segona_explicacio":"","text_detall_segona_explicacio":"","seccions_edifici":null,"ubicacio":{"address":"Av. Francesc Ferrer i Gu\u00e0rdia, 13, 08038 Barcelona, Espa\u00f1a","lat":41.369037972476661,"lng":2.1469428243285993,"zoom":19,"place_id":"ChIJ1UrgrneipBIRJNIRH7aerco","street_number":13,"street_name":"Avinguda Francesc Ferrer i Gu\u00e0rdia","street_name_short":"Av. Francesc Ferrer i Gu\u00e0rdia","city":"Barcelona","state":"Catalunya","state_short":"CT","post_code":8038,"country":"Espa\u00f1a","country_short":"ES"}},"_links":{"self":[{"href":"https:\/\/poble-espanyol.com\/en\/wp-json\/wp\/v2\/edifici\/113566","targetHints":{"allow":["GET"]}}],"collection":[{"href":"https:\/\/poble-espanyol.com\/en\/wp-json\/wp\/v2\/edifici"}],"about":[{"href":"https:\/\/poble-espanyol.com\/en\/wp-json\/wp\/v2\/types\/edifici"}],"author":[{"embeddable":true,"href":"https:\/\/poble-espanyol.com\/en\/wp-json\/wp\/v2\/users\/7"}],"replies":[{"embeddable":true,"href":"https:\/\/poble-espanyol.com\/en\/wp-json\/wp\/v2\/comments?post=113566"}],"version-history":[{"count":0,"href":"https:\/\/poble-espanyol.com\/en\/wp-json\/wp\/v2\/edifici\/113566\/revisions"}],"wp:attachment":[{"href":"https:\/\/poble-espanyol.com\/en\/wp-json\/wp\/v2\/media?parent=113566"}],"wp:term":[{"taxonomy":"categories-edifici-poble","embeddable":true,"href":"https:\/\/poble-espanyol.com\/en\/wp-json\/wp\/v2\/categories-edifici-poble?post=113566"}],"curies":[{"name":"wp","href":"https:\/\/api.w.org\/{rel}","templated":true}]}}

Av. Francesc Ferrer i Guàrdia, 13, 08038 Barcelona, España

Avinguda Francesc Ferrer i Guàrdia

Av. Francesc Ferrer i Guàrdia

España
