{"id":113897,"date":"2022-03-15T14:54:25","date_gmt":"2022-03-15T12:54:25","guid":{"rendered":"https:\/\/pe.efimatica.com\/?post_type=edifici&#038;p=113897"},"modified":"2022-03-15T14:57:41","modified_gmt":"2022-03-15T12:57:41","slug":"casa-jassa","status":"publish","type":"edifici","link":"https:\/\/poble-espanyol.com\/en\/building\/casa-jassa\/","title":{"rendered":"Casa Jassa"},"content":{"rendered":"","protected":false},"excerpt":{"rendered":"<p>La casa de Teresa Jass\u00e0 is on the site of the old Molino de la Vila de Calaceite mill.<br \/>\nTeresa, a ceramist and writer, acquired this house in 1960 to set up her workshop. She was known for her ceramics and cultural initiatives.<br \/>\nIn Poble Espanyol, the wooden lattice is reproduced at the height of the first floor and a wooden balcony on the second floor.<\/p>\n","protected":false},"author":7,"featured_media":108881,"comment_status":"open","ping_status":"closed","template":"","meta":{"_acf_changed":false,"footnotes":""},"categories-edifici-poble":[2987],"class_list":["post-113897","edifici","type-edifici","status-publish","has-post-thumbnail","hentry","categories-edifici-poble-north"],"acf":{"nom_edifici":"Casa Jassa","titol_previ":"Casa Jassa (Calaceite, Teruel)","text_introductori":"La casa de Teresa Jass\u00e0 is on the site of the old Molino de la Vila de Calaceite mill.\r\nTeresa, a ceramist and writer, acquired this house in 1960 to set up her workshop. She was known for her ceramics and cultural initiatives.\r\nIn Poble Espanyol, the wooden lattice is reproduced at the height of the first floor and a wooden balcony on the second floor.\r\n\r\n\r\n","fotos_adicionals":"","titular_segona_explicacio":"","text_posterior_segona_explicacio":"","text_previ_segona_explicacio":"","text_detall_segona_explicacio":"","seccions_edifici":null,"ubicacio":{"address":"Poble Espanyol, Av. Francesc Ferrer i Gu\u00e0rdia, 13, 08038 Barcelona, Espa\u00f1a","lat":41.369114463122095,"lng":2.1477153005248883,"zoom":19,"place_id":"ChIJ1yWUBneipBIRGGIIzyT-6-c","street_number":13,"street_name":"Avinguda Francesc Ferrer i Gu\u00e0rdia","street_name_short":"Av. Francesc Ferrer i Gu\u00e0rdia","city":"Barcelona","state":"Catalunya","state_short":"CT","post_code":8038,"country":"Espa\u00f1a","country_short":"ES"}},"_links":{"self":[{"href":"https:\/\/poble-espanyol.com\/en\/wp-json\/wp\/v2\/edifici\/113897","targetHints":{"allow":["GET"]}}],"collection":[{"href":"https:\/\/poble-espanyol.com\/en\/wp-json\/wp\/v2\/edifici"}],"about":[{"href":"https:\/\/poble-espanyol.com\/en\/wp-json\/wp\/v2\/types\/edifici"}],"author":[{"embeddable":true,"href":"https:\/\/poble-espanyol.com\/en\/wp-json\/wp\/v2\/users\/7"}],"replies":[{"embeddable":true,"href":"https:\/\/poble-espanyol.com\/en\/wp-json\/wp\/v2\/comments?post=113897"}],"version-history":[{"count":0,"href":"https:\/\/poble-espanyol.com\/en\/wp-json\/wp\/v2\/edifici\/113897\/revisions"}],"wp:featuredmedia":[{"embeddable":true,"href":"https:\/\/poble-espanyol.com\/en\/wp-json\/wp\/v2\/media\/108881"}],"wp:attachment":[{"href":"https:\/\/poble-espanyol.com\/en\/wp-json\/wp\/v2\/media?parent=113897"}],"wp:term":[{"taxonomy":"categories-edifici-poble","embeddable":true,"href":"https:\/\/poble-espanyol.com\/en\/wp-json\/wp\/v2\/categories-edifici-poble?post=113897"}],"curies":[{"name":"wp","href":"https:\/\/api.w.org\/{rel}","templated":true}]}}

<p>La casa de Teresa Jassà is on the site of the old Molino de la Vila de Calaceite mill.<br />
Teresa, a ceramist and writer, acquired this house in 1960 to set up her workshop. She was known for her ceramics and cultural initiatives.<br />
In Poble Espanyol, the wooden lattice is reproduced at the height of the first floor and a wooden balcony on the second floor.</p>

La casa de Teresa Jassà is on the site of the old Molino de la Vila de Calaceite mill.
Teresa, a ceramist and writer, acquired this house in 1960 to set up her workshop. She was known for her ceramics and cultural initiatives.
In Poble Espanyol, the wooden lattice is reproduced at the height of the first floor and a wooden balcony on the second floor.

Poble Espanyol, Av. Francesc Ferrer i Guàrdia, 13, 08038 Barcelona, España

Avinguda Francesc Ferrer i Guàrdia

Av. Francesc Ferrer i Guàrdia

España
