{"id":113903,"date":"2022-03-15T14:56:11","date_gmt":"2022-03-15T12:56:11","guid":{"rendered":"https:\/\/pe.efimatica.com\/?post_type=edifici&#038;p=113903"},"modified":"2022-03-15T14:57:38","modified_gmt":"2022-03-15T12:57:38","slug":"casa-del-frances","status":"publish","type":"edifici","link":"https:\/\/poble-espanyol.com\/en\/building\/casa-del-frances\/","title":{"rendered":"Casa del Franc\u00e9s"},"content":{"rendered":"","protected":false},"excerpt":{"rendered":"<p>Casa del Franc\u00e9s or Casona is an architectural gem and is reproduced in Poble Espanyol to represent traditional Soria construction. Today, the house is known as La Real Posada de la Mesta.<br \/>\nIt was built between the 16th and 18th centuries. These houses stand out for their stone fa\u00e7ades and wide entrance halls for loading and unloading. Most of these houses have an arched entrance, wooden balconies and spacious courtyards.<\/p>\n","protected":false},"author":4,"featured_media":109335,"comment_status":"open","ping_status":"closed","template":"","meta":{"_acf_changed":false,"footnotes":""},"categories-edifici-poble":[2983],"class_list":["post-113903","edifici","type-edifici","status-publish","has-post-thumbnail","hentry","categories-edifici-poble-center"],"acf":{"nom_edifici":"Casa del Franc\u00e9s","titol_previ":"Casa del Franc\u00e9s (Molinos del Duero, Soria)","text_introductori":"Casa del Franc\u00e9s or Casona is an architectural gem and is reproduced in Poble Espanyol to represent traditional Soria construction. Today, the house is known as La Real Posada de la Mesta.\r\nIt was built between the 16th and 18th centuries. These houses stand out for their stone fa\u00e7ades and wide entrance halls for loading and unloading. Most of these houses have an arched entrance, wooden balconies and spacious courtyards.\r\n\r\n\r\n\r\n","fotos_adicionals":"","titular_segona_explicacio":"","text_posterior_segona_explicacio":"","text_previ_segona_explicacio":"","text_detall_segona_explicacio":"","seccions_edifici":null,"ubicacio":{"address":"Av. Francesc Ferrer i Gu\u00e0rdia, 13-27, 08038 Barcelona, Espa\u00f1a","lat":41.36911245021146,"lng":2.1473612489349225,"zoom":19,"place_id":"ChIJAWuOqXeipBIRZlw96ZGYjpQ","street_number":"13-27","street_name":"Avinguda Francesc Ferrer i Gu\u00e0rdia","street_name_short":"Av. Francesc Ferrer i Gu\u00e0rdia","city":"Barcelona","state":"Catalunya","state_short":"CT","post_code":8038,"country":"Espa\u00f1a","country_short":"ES"}},"_links":{"self":[{"href":"https:\/\/poble-espanyol.com\/en\/wp-json\/wp\/v2\/edifici\/113903","targetHints":{"allow":["GET"]}}],"collection":[{"href":"https:\/\/poble-espanyol.com\/en\/wp-json\/wp\/v2\/edifici"}],"about":[{"href":"https:\/\/poble-espanyol.com\/en\/wp-json\/wp\/v2\/types\/edifici"}],"author":[{"embeddable":true,"href":"https:\/\/poble-espanyol.com\/en\/wp-json\/wp\/v2\/users\/4"}],"replies":[{"embeddable":true,"href":"https:\/\/poble-espanyol.com\/en\/wp-json\/wp\/v2\/comments?post=113903"}],"version-history":[{"count":0,"href":"https:\/\/poble-espanyol.com\/en\/wp-json\/wp\/v2\/edifici\/113903\/revisions"}],"wp:featuredmedia":[{"embeddable":true,"href":"https:\/\/poble-espanyol.com\/en\/wp-json\/wp\/v2\/media\/109335"}],"wp:attachment":[{"href":"https:\/\/poble-espanyol.com\/en\/wp-json\/wp\/v2\/media?parent=113903"}],"wp:term":[{"taxonomy":"categories-edifici-poble","embeddable":true,"href":"https:\/\/poble-espanyol.com\/en\/wp-json\/wp\/v2\/categories-edifici-poble?post=113903"}],"curies":[{"name":"wp","href":"https:\/\/api.w.org\/{rel}","templated":true}]}}

Casa del Francés

<p>Casa del Francés or Casona is an architectural gem and is reproduced in Poble Espanyol to represent traditional Soria construction. Today, the house is known as La Real Posada de la Mesta.<br />
It was built between the 16th and 18th centuries. These houses stand out for their stone façades and wide entrance halls for loading and unloading. Most of these houses have an arched entrance, wooden balconies and spacious courtyards.</p>

Casa del Francés (Molinos del Duero, Soria)

Casa del Francés or Casona is an architectural gem and is reproduced in Poble Espanyol to represent traditional Soria construction. Today, the house is known as La Real Posada de la Mesta.
It was built between the 16th and 18th centuries. These houses stand out for their stone façades and wide entrance halls for loading and unloading. Most of these houses have an arched entrance, wooden balconies and spacious courtyards.

Av. Francesc Ferrer i Guàrdia, 13-27, 08038 Barcelona, España

Avinguda Francesc Ferrer i Guàrdia

Av. Francesc Ferrer i Guàrdia

España
