{"id":113912,"date":"2022-03-15T14:58:31","date_gmt":"2022-03-15T12:58:31","guid":{"rendered":"https:\/\/pe.efimatica.com\/?post_type=edifici&#038;p=113912"},"modified":"2022-03-15T15:00:32","modified_gmt":"2022-03-15T13:00:32","slug":"casa-plandiura","status":"publish","type":"edifici","link":"https:\/\/poble-espanyol.com\/en\/building\/casa-plandiura\/","title":{"rendered":"Casa Plandiura"},"content":{"rendered":"","protected":false},"excerpt":{"rendered":"<p>This is the architect Duran Reynals&#8217; first construction in La Garriga.<br \/>\nThe house comprises a ground floor and two storeys and is decorated with Italian Renaissance floral elements in the form of a terracotta plaque.<br \/>\nThe architect was commissioned to renovate the house for a colonial merchant from La Garriga, Llu\u00eds Plandiura i Pou, son of Antoni Plandiura.<\/p>\n","protected":false},"author":7,"featured_media":109248,"comment_status":"open","ping_status":"closed","template":"","meta":{"_acf_changed":false,"footnotes":""},"categories-edifici-poble":[2985],"class_list":["post-113912","edifici","type-edifici","status-publish","has-post-thumbnail","hentry","categories-edifici-poble-mediterranean"],"acf":{"nom_edifici":"Casa Planduria","titol_previ":"Casa Plandiura (La Garriga, Barcelona)","text_introductori":"This is the architect Duran Reynals' first construction in La Garriga.\r\nThe house comprises a ground floor and two storeys and is decorated with Italian Renaissance floral elements in the form of a terracotta plaque.\r\nThe architect was commissioned to renovate the house for a colonial merchant from La Garriga, Llu\u00eds Plandiura i Pou, son of Antoni Plandiura.\r\n\r\n\r\n\r\n","fotos_adicionals":"","titular_segona_explicacio":"","text_posterior_segona_explicacio":"","text_previ_segona_explicacio":"","text_detall_segona_explicacio":"","seccions_edifici":null,"ubicacio":{"address":"Av. Francesc Ferrer i Gu\u00e0rdia, 13-75, 08038 Barcelona, Espa\u00f1a","lat":41.36908905268195,"lng":2.1492985715904611,"zoom":19,"place_id":"ChIJr4xyL3eipBIRzJLgleNwt4E","street_number":"13-75","street_name":"Avinguda Francesc Ferrer i Gu\u00e0rdia","street_name_short":"Av. Francesc Ferrer i Gu\u00e0rdia","city":"Barcelona","state":"Catalunya","state_short":"CT","post_code":8038,"country":"Espa\u00f1a","country_short":"ES"}},"_links":{"self":[{"href":"https:\/\/poble-espanyol.com\/en\/wp-json\/wp\/v2\/edifici\/113912","targetHints":{"allow":["GET"]}}],"collection":[{"href":"https:\/\/poble-espanyol.com\/en\/wp-json\/wp\/v2\/edifici"}],"about":[{"href":"https:\/\/poble-espanyol.com\/en\/wp-json\/wp\/v2\/types\/edifici"}],"author":[{"embeddable":true,"href":"https:\/\/poble-espanyol.com\/en\/wp-json\/wp\/v2\/users\/7"}],"replies":[{"embeddable":true,"href":"https:\/\/poble-espanyol.com\/en\/wp-json\/wp\/v2\/comments?post=113912"}],"version-history":[{"count":0,"href":"https:\/\/poble-espanyol.com\/en\/wp-json\/wp\/v2\/edifici\/113912\/revisions"}],"wp:featuredmedia":[{"embeddable":true,"href":"https:\/\/poble-espanyol.com\/en\/wp-json\/wp\/v2\/media\/109248"}],"wp:attachment":[{"href":"https:\/\/poble-espanyol.com\/en\/wp-json\/wp\/v2\/media?parent=113912"}],"wp:term":[{"taxonomy":"categories-edifici-poble","embeddable":true,"href":"https:\/\/poble-espanyol.com\/en\/wp-json\/wp\/v2\/categories-edifici-poble?post=113912"}],"curies":[{"name":"wp","href":"https:\/\/api.w.org\/{rel}","templated":true}]}}

<p>This is the architect Duran Reynals&#8217; first construction in La Garriga.<br />
The house comprises a ground floor and two storeys and is decorated with Italian Renaissance floral elements in the form of a terracotta plaque.<br />
The architect was commissioned to renovate the house for a colonial merchant from La Garriga, Lluís Plandiura i Pou, son of Antoni Plandiura.</p>

This is the architect Duran Reynals' first construction in La Garriga.
The house comprises a ground floor and two storeys and is decorated with Italian Renaissance floral elements in the form of a terracotta plaque.
The architect was commissioned to renovate the house for a colonial merchant from La Garriga, Lluís Plandiura i Pou, son of Antoni Plandiura.

Av. Francesc Ferrer i Guàrdia, 13-75, 08038 Barcelona, España

Avinguda Francesc Ferrer i Guàrdia

Av. Francesc Ferrer i Guàrdia

España
