{"id":113927,"date":"2022-03-15T15:03:04","date_gmt":"2022-03-15T13:03:04","guid":{"rendered":"https:\/\/pe.efimatica.com\/?post_type=edifici&#038;p=113927"},"modified":"2022-03-15T15:04:37","modified_gmt":"2022-03-15T13:04:37","slug":"casa-del-siglo-xv","status":"publish","type":"edifici","link":"https:\/\/poble-espanyol.com\/en\/building\/casa-del-siglo-xv\/","title":{"rendered":"Casa del Siglo XV"},"content":{"rendered":"","protected":false},"excerpt":{"rendered":"<p>Casa del siglo XV is a Renaissance-style house, better known as the house of Juan Bravo, in front of the Church of San Mart\u00edn and close to the Main Square. The arches of its upper gallery give it a touch of elegance.<\/p>\n","protected":false},"author":4,"featured_media":109295,"comment_status":"open","ping_status":"closed","template":"","meta":{"_acf_changed":false,"footnotes":""},"categories-edifici-poble":[2983],"class_list":["post-113927","edifici","type-edifici","status-publish","has-post-thumbnail","hentry","categories-edifici-poble-center"],"acf":{"nom_edifici":"Casa del Siglo XV","titol_previ":"Casa del Siglo XV (Segovia, Segovia)","text_introductori":"Casa del siglo XV is a Renaissance-style house, better known as the house of Juan Bravo, in front of the Church of San Mart\u00edn and close to the Main Square. The arches of its upper gallery give it a touch of elegance.\r\n","fotos_adicionals":"","titular_segona_explicacio":"","text_posterior_segona_explicacio":"","text_previ_segona_explicacio":"","text_detall_segona_explicacio":"","seccions_edifici":null,"ubicacio":{"address":"Av. Francesc Ferrer i Gu\u00e0rdia, 13, 08038 Barcelona, Espa\u00f1a","lat":41.369180889136089,"lng":2.1471574010497907,"zoom":19,"place_id":"ChIJ1UrgrneipBIRJNIRH7aerco","street_number":13,"street_name":"Avinguda Francesc Ferrer i Gu\u00e0rdia","street_name_short":"Av. Francesc Ferrer i Gu\u00e0rdia","city":"Barcelona","state":"Catalunya","state_short":"CT","post_code":8038,"country":"Espa\u00f1a","country_short":"ES"}},"_links":{"self":[{"href":"https:\/\/poble-espanyol.com\/en\/wp-json\/wp\/v2\/edifici\/113927","targetHints":{"allow":["GET"]}}],"collection":[{"href":"https:\/\/poble-espanyol.com\/en\/wp-json\/wp\/v2\/edifici"}],"about":[{"href":"https:\/\/poble-espanyol.com\/en\/wp-json\/wp\/v2\/types\/edifici"}],"author":[{"embeddable":true,"href":"https:\/\/poble-espanyol.com\/en\/wp-json\/wp\/v2\/users\/4"}],"replies":[{"embeddable":true,"href":"https:\/\/poble-espanyol.com\/en\/wp-json\/wp\/v2\/comments?post=113927"}],"version-history":[{"count":0,"href":"https:\/\/poble-espanyol.com\/en\/wp-json\/wp\/v2\/edifici\/113927\/revisions"}],"wp:featuredmedia":[{"embeddable":true,"href":"https:\/\/poble-espanyol.com\/en\/wp-json\/wp\/v2\/media\/109295"}],"wp:attachment":[{"href":"https:\/\/poble-espanyol.com\/en\/wp-json\/wp\/v2\/media?parent=113927"}],"wp:term":[{"taxonomy":"categories-edifici-poble","embeddable":true,"href":"https:\/\/poble-espanyol.com\/en\/wp-json\/wp\/v2\/categories-edifici-poble?post=113927"}],"curies":[{"name":"wp","href":"https:\/\/api.w.org\/{rel}","templated":true}]}}

<p>Casa del siglo XV is a Renaissance-style house, better known as the house of Juan Bravo, in front of the Church of San Martín and close to the Main Square. The arches of its upper gallery give it a touch of elegance.</p>

Casa del siglo XV is a Renaissance-style house, better known as the house of Juan Bravo, in front of the Church of San Martín and close to the Main Square. The arches of its upper gallery give it a touch of elegance.

Av. Francesc Ferrer i Guàrdia, 13, 08038 Barcelona, España

Avinguda Francesc Ferrer i Guàrdia

Av. Francesc Ferrer i Guàrdia

España
