{"id":113929,"date":"2022-03-15T15:03:14","date_gmt":"2022-03-15T13:03:14","guid":{"rendered":"https:\/\/pe.efimatica.com\/?post_type=edifici&#038;p=113929"},"modified":"2022-03-15T15:06:33","modified_gmt":"2022-03-15T13:06:33","slug":"casa-del-sol","status":"publish","type":"edifici","link":"https:\/\/poble-espanyol.com\/en\/building\/casa-del-sol\/","title":{"rendered":"Casa del Sol"},"content":{"rendered":"","protected":false},"excerpt":{"rendered":"<p>Casa del Sol or de los Sol\u00eds is one of the most notable buildings in the old town of the city of C\u00e1ceres. The Gothic-style house was built during the 15th century and renovated in the 16th century.<br \/>\nAs for the fa\u00e7ade, the family coat of arms stands out, a sun with a human face from which 16 rays emanate.<br \/>\nIt now has an important archive with documents from the Americas and the Philippines.<\/p>\n","protected":false},"author":7,"featured_media":109263,"comment_status":"open","ping_status":"closed","template":"","meta":{"_acf_changed":false,"footnotes":""},"categories-edifici-poble":[2983],"class_list":["post-113929","edifici","type-edifici","status-publish","has-post-thumbnail","hentry","categories-edifici-poble-center"],"acf":{"nom_edifici":"Casa del Sol","titol_previ":"Casa del Sol (C\u00e1ceres, C\u00e1ceres)","text_introductori":"Casa del Sol or de los Sol\u00eds is one of the most notable buildings in the old town of the city of C\u00e1ceres. The Gothic-style house was built during the 15th century and renovated in the 16th century.\r\nAs for the fa\u00e7ade, the family coat of arms stands out, a sun with a human face from which 16 rays emanate.\r\nIt now has an important archive with documents from the Americas and the Philippines.\r\n\r\n","fotos_adicionals":"","titular_segona_explicacio":"","text_posterior_segona_explicacio":"","text_previ_segona_explicacio":"","text_detall_segona_explicacio":"","seccions_edifici":null,"ubicacio":{"address":"Av. Francesc Ferrer i Gu\u00e0rdia, 13, 08038 Barcelona, Espa\u00f1a","lat":41.368997714205868,"lng":2.1465860905296186,"zoom":19,"place_id":"ChIJtZ4NtHeipBIRIOs-BhCX0tQ","street_number":13,"street_name":"Avinguda Francesc Ferrer i Gu\u00e0rdia","street_name_short":"Av. Francesc Ferrer i Gu\u00e0rdia","city":"Barcelona","state":"Catalunya","state_short":"CT","post_code":8038,"country":"Espa\u00f1a","country_short":"ES"}},"_links":{"self":[{"href":"https:\/\/poble-espanyol.com\/en\/wp-json\/wp\/v2\/edifici\/113929","targetHints":{"allow":["GET"]}}],"collection":[{"href":"https:\/\/poble-espanyol.com\/en\/wp-json\/wp\/v2\/edifici"}],"about":[{"href":"https:\/\/poble-espanyol.com\/en\/wp-json\/wp\/v2\/types\/edifici"}],"author":[{"embeddable":true,"href":"https:\/\/poble-espanyol.com\/en\/wp-json\/wp\/v2\/users\/7"}],"replies":[{"embeddable":true,"href":"https:\/\/poble-espanyol.com\/en\/wp-json\/wp\/v2\/comments?post=113929"}],"version-history":[{"count":0,"href":"https:\/\/poble-espanyol.com\/en\/wp-json\/wp\/v2\/edifici\/113929\/revisions"}],"wp:featuredmedia":[{"embeddable":true,"href":"https:\/\/poble-espanyol.com\/en\/wp-json\/wp\/v2\/media\/109263"}],"wp:attachment":[{"href":"https:\/\/poble-espanyol.com\/en\/wp-json\/wp\/v2\/media?parent=113929"}],"wp:term":[{"taxonomy":"categories-edifici-poble","embeddable":true,"href":"https:\/\/poble-espanyol.com\/en\/wp-json\/wp\/v2\/categories-edifici-poble?post=113929"}],"curies":[{"name":"wp","href":"https:\/\/api.w.org\/{rel}","templated":true}]}}

<p>Casa del Sol or de los Solís is one of the most notable buildings in the old town of the city of Cáceres. The Gothic-style house was built during the 15th century and renovated in the 16th century.<br />
As for the façade, the family coat of arms stands out, a sun with a human face from which 16 rays emanate.<br />
It now has an important archive with documents from the Americas and the Philippines.</p>

Casa del Sol (Cáceres, Cáceres)

Casa del Sol or de los Solís is one of the most notable buildings in the old town of the city of Cáceres. The Gothic-style house was built during the 15th century and renovated in the 16th century.
As for the façade, the family coat of arms stands out, a sun with a human face from which 16 rays emanate.
It now has an important archive with documents from the Americas and the Philippines.

Av. Francesc Ferrer i Guàrdia, 13, 08038 Barcelona, España

Avinguda Francesc Ferrer i Guàrdia

Av. Francesc Ferrer i Guàrdia

España
