{"id":161119,"date":"2022-06-15T17:59:48","date_gmt":"2022-06-15T15:59:48","guid":{"rendered":"https:\/\/poble-espanyol.com\/?post_type=activitat&#038;p=161119"},"modified":"2022-06-15T18:12:32","modified_gmt":"2022-06-15T16:12:32","slug":"concert-tasta-skolekorps-tasta-schoolband","status":"publish","type":"activitat","link":"https:\/\/poble-espanyol.com\/fr\/activite\/concert-tasta-skolekorps-tasta-schoolband\/","title":{"rendered":"Concert Tasta skolekorps\/Tasta schoolband"},"content":{"rendered":"","protected":false},"excerpt":{"rendered":"","protected":false},"author":7,"featured_media":160984,"comment_status":"open","ping_status":"closed","template":"","meta":{"_acf_changed":false,"footnotes":""},"class_list":["post-161119","activitat","type-activitat","status-publish","has-post-thumbnail","hentry"],"acf":{"activitat_destacada":false,"activitats_destacades":false,"activitats_destacades_agenda":false,"activitats_destacades_activitats_familiars":false,"activitats_destacades_activitats_concerts":false,"url_comprar_entrades":"","nom_activitat":"Concert Tasta skolekorps\/Groupe scolaire Tasta","titol_previ_al_nom":"Profitez de l'un des orchestres scolaires les mieux not\u00e9s de Norv\u00e8ge.","text_introductori":"Le 28 juin, l'un des meilleurs groupes scolaires aux r\u00e9percussions norv\u00e9giennes viendra \u00e0 Poble Espanyol. ","dates_activitat":[{"dia":"20220628","hora_inici":"11:00:00","hora_final":"12:00:00"}],"dies_i_horaris_visibles_a_fitxa":[{"dia_i_horari":"Mardi 28 juin, de 11h \u00e0 12h"}],"data_destacada":"<p>28 JUN<\/p>","data_ordenacio":"28\/06\/2022 11:00","preu":[{"categoria_de_preu":"Inclus dans le billet d'entr\u00e9e au Poble Espanyol.","import_preu":""}],"preu_destacat":"Inclus dans le billet d'entr\u00e9e au Poble Espanyol.","ubicacio":"","contingut_recomanat":"Pour tous les publics","categoria_slider":[],"text_previ_segona_explicacio":"","titular_segona_explicacio":"Qui sont-ils ?","text_posterior_segona_explicacio":"Le Tasta skolekorps (Tasta School Brass Band) a \u00e9t\u00e9 fond\u00e9 en 1950 et a \u00e9t\u00e9 d'une grande importance pour la communaut\u00e9 locale et la ville. Il compte 100 membres et est divis\u00e9 en quatre groupes d'\u00e2ges diff\u00e9rents : le Junior Band (8-9 ans), l'Intermediate Band (9-10 ans), le Youth Band (10-12 ans) et le Senior Band (12-19 ans).","text_detall_segona_explicacio":"Son objectif est de rester l'un des groupes scolaires les mieux not\u00e9s de Norv\u00e8ge et d'y parvenir en combinant une bonne atmosph\u00e8re sociale au sein du groupe avec une \u00e9ducation musicale de haute qualit\u00e9 en coop\u00e9ration avec l'\u00e9cole culturelle de la ville. La fanfare a un niveau d'activit\u00e9 \u00e9lev\u00e9 et ses membres participent \u00e0 des championnats locaux, r\u00e9gionaux et nationaux.","seccions_activitat":null,"bloc_activitats":null,"titol_previ_programa":"D\u00e9couvrir le r\u00e9pertoire","titol_programa":"Programme du jour","pdf_programa":null,"programa_activitat":[{"pestanya":[{"titol_pestanya":"28 juin","entrada_del_programa":[{"titol_1":"Alle fugler","titol_2":"","text_detall":"Chanson traditionnelle norv\u00e9gienne","text_enllac_detall":"","url_enllac_detall":""},{"titol_1":"Norge i R\u00f8dt hvitt og bl\u00e5tt","titol_2":"","text_detall":"Chanson traditionnelle norv\u00e9gienne","text_enllac_detall":"","url_enllac_detall":""},{"titol_1":"Carnaval de Par\u00eds","titol_2":"","text_detall":"Samba","text_enllac_detall":"","url_enllac_detall":""},{"titol_1":"Hytta","titol_2":"","text_detall":"Samba","text_enllac_detall":"","url_enllac_detall":""},{"titol_1":"King of the Road","titol_2":"","text_detall":"Chanson rock traditionnelle","text_enllac_detall":"","url_enllac_detall":""},{"titol_1":"Let\u00b4s Groove","titol_2":"","text_detall":"Terre, vent et feu","text_enllac_detall":"","url_enllac_detall":""},{"titol_1":"Up Town Funk","titol_2":"","text_detall":"Bruno Mars","text_enllac_detall":"","url_enllac_detall":""}]}]}],"titol_colaboradors":"","colaboradors":null,"titol_video":"","video":null,"titol_galeria":"","galeria":null,"titol_previ_activitats":"","titol_activitats":"","activitats_relacionades":{"manual":""},"tipus_ae":[]},"_links":{"self":[{"href":"https:\/\/poble-espanyol.com\/fr\/wp-json\/wp\/v2\/activitat\/161119","targetHints":{"allow":["GET"]}}],"collection":[{"href":"https:\/\/poble-espanyol.com\/fr\/wp-json\/wp\/v2\/activitat"}],"about":[{"href":"https:\/\/poble-espanyol.com\/fr\/wp-json\/wp\/v2\/types\/activitat"}],"author":[{"embeddable":true,"href":"https:\/\/poble-espanyol.com\/fr\/wp-json\/wp\/v2\/users\/7"}],"replies":[{"embeddable":true,"href":"https:\/\/poble-espanyol.com\/fr\/wp-json\/wp\/v2\/comments?post=161119"}],"version-history":[{"count":0,"href":"https:\/\/poble-espanyol.com\/fr\/wp-json\/wp\/v2\/activitat\/161119\/revisions"}],"wp:featuredmedia":[{"embeddable":true,"href":"https:\/\/poble-espanyol.com\/fr\/wp-json\/wp\/v2\/media\/160984"}],"wp:attachment":[{"href":"https:\/\/poble-espanyol.com\/fr\/wp-json\/wp\/v2\/media?parent=161119"}],"curies":[{"name":"wp","href":"https:\/\/api.w.org\/{rel}","templated":true}]}}

Profitez de l'un des orchestres scolaires les mieux notés de Norvège.

Le 28 juin, l'un des meilleurs groupes scolaires aux répercussions norvégiennes viendra à Poble Espanyol.

Mardi 28 juin, de 11h à 12h

Inclus dans le billet d'entrée au Poble Espanyol.

Le Tasta skolekorps (Tasta School Brass Band) a été fondé en 1950 et a été d'une grande importance pour la communauté locale et la ville. Il compte 100 membres et est divisé en quatre groupes d'âges différents : le Junior Band (8-9 ans), l'Intermediate Band (9-10 ans), le Youth Band (10-12 ans) et le Senior Band (12-19 ans).

Son objectif est de rester l'un des groupes scolaires les mieux notés de Norvège et d'y parvenir en combinant une bonne atmosphère sociale au sein du groupe avec une éducation musicale de haute qualité en coopération avec l'école culturelle de la ville. La fanfare a un niveau d'activité élevé et ses membres participent à des championnats locaux, régionaux et nationaux.

Découvrir le répertoire

Chanson traditionnelle norvégienne

Norge i Rødt hvitt og blått

Carnaval de París
