{"id":245564,"date":"2023-04-13T11:35:50","date_gmt":"2023-04-13T09:35:50","guid":{"rendered":"https:\/\/poble-espanyol.com\/?post_type=activitat&#038;p=245564"},"modified":"2023-06-15T17:38:20","modified_gmt":"2023-06-15T15:38:20","slug":"alma-festival-zahara-delaporte","status":"publish","type":"activitat","link":"https:\/\/poble-espanyol.com\/fr\/activite\/alma-festival-zahara-delaporte\/","title":{"rendered":"ALMA Festival &#8211; ZAHARA + DELAPORTE"},"content":{"rendered":"","protected":false},"excerpt":{"rendered":"","protected":false},"author":4,"featured_media":245263,"comment_status":"closed","ping_status":"closed","template":"","meta":{"_acf_changed":false,"footnotes":""},"class_list":["post-245564","activitat","type-activitat","status-publish","has-post-thumbnail","hentry"],"acf":{"activitat_destacada":false,"activitats_destacades":false,"activitats_destacades_agenda":false,"activitats_destacades_activitats_familiars":false,"activitats_destacades_activitats_concerts":false,"url_comprar_entrades":"https:\/\/festivalpedralbes.com\/ca\/evento\/zahara-delaporte-2023\/","nom_activitat":"ALMA Festival Jardins Pedralbes","titol_previ_al_nom":"Un festival musical embl\u00e9matique dans un nouvel espace \u00e0 Barcelone","text_introductori":"Zahara, chanteuse, compositrice, actrice, pr\u00e9sentatrice de t\u00e9l\u00e9vision, productrice et \u00e9crivaine espagnole. viendra au Poble Espanyol pour pr\u00e9senter son spectacle en direct au format Rave.\r\n\r\nSelon ses propres mots \"La rave est pour moi quelque chose de vivant, qui va muter, elle sera nourrie par la musique que je fais, mais aussi par la musique que j'\u00e9coute, ressens, me connecte \u00e0 ce moment-l\u00e0\".\r\n\r\nDelaporte, le groupe \u00e9lectro-pop bien connu, sp\u00e9cialiste de la g\u00e9n\u00e9ration d'une atmosph\u00e8re \u00e9nergique si particuli\u00e8re qui fait danser et profiter de tout le monde, fera vibrer la Plaza Mayor du Poble Espanyol comme jamais auparavant.","dates_activitat":[{"dia":"20230715","hora_inici":"20:30:00","hora_final":""}],"dies_i_horaris_visibles_a_fitxa":[{"dia_i_horari":"Les portes ouvrent \u00e0 19h00."},{"dia_i_horari":"D\u00e9but du concert 20h30"}],"data_destacada":"<p> 15 JUILLET <\/p>","data_ordenacio":"15\/07\/2023 20:30","preu":null,"preu_destacat":"38,60","ubicacio":"","contingut_recomanat":"","categoria_slider":[],"text_previ_segona_explicacio":"","titular_segona_explicacio":"L'un des grands festivals d'\u00e9t\u00e9 \u00e0 Barcelone","text_posterior_segona_explicacio":"ALMA Festival Jardins Pedralbes s'installe au Poble Espanyol en pr\u00e9servant ses valeurs incomparables et en consolidant son lien indiscutable avec Barcelone.","text_detall_segona_explicacio":"Le festival se d\u00e9roulera du 10 au 27 juillet 2023 dans un grand espace ext\u00e9rieur et dans un cadre architectural unique.","seccions_activitat":null,"bloc_activitats":null,"titol_previ_programa":"","titol_programa":"","pdf_programa":"","programa_activitat":null,"titol_colaboradors":"","colaboradors":null,"titol_video":"","video":"","titol_galeria":"","galeria":null,"titol_previ_activitats":"","titol_activitats":"","activitats_relacionades":{"manual":""},"tipus_ae":""},"_links":{"self":[{"href":"https:\/\/poble-espanyol.com\/fr\/wp-json\/wp\/v2\/activitat\/245564","targetHints":{"allow":["GET"]}}],"collection":[{"href":"https:\/\/poble-espanyol.com\/fr\/wp-json\/wp\/v2\/activitat"}],"about":[{"href":"https:\/\/poble-espanyol.com\/fr\/wp-json\/wp\/v2\/types\/activitat"}],"author":[{"embeddable":true,"href":"https:\/\/poble-espanyol.com\/fr\/wp-json\/wp\/v2\/users\/4"}],"replies":[{"embeddable":true,"href":"https:\/\/poble-espanyol.com\/fr\/wp-json\/wp\/v2\/comments?post=245564"}],"version-history":[{"count":3,"href":"https:\/\/poble-espanyol.com\/fr\/wp-json\/wp\/v2\/activitat\/245564\/revisions"}],"predecessor-version":[{"id":246601,"href":"https:\/\/poble-espanyol.com\/fr\/wp-json\/wp\/v2\/activitat\/245564\/revisions\/246601"}],"wp:featuredmedia":[{"embeddable":true,"href":"https:\/\/poble-espanyol.com\/fr\/wp-json\/wp\/v2\/media\/245263"}],"wp:attachment":[{"href":"https:\/\/poble-espanyol.com\/fr\/wp-json\/wp\/v2\/media?parent=245564"}],"curies":[{"name":"wp","href":"https:\/\/api.w.org\/{rel}","templated":true}]}}

Un festival musical emblématique dans un nouvel espace à Barcelone

Zahara, chanteuse, compositrice, actrice, présentatrice de télévision, productrice et écrivaine espagnole. viendra au Poble Espanyol pour présenter son spectacle en direct au format Rave.

Selon ses propres mots "La rave est pour moi quelque chose de vivant, qui va muter, elle sera nourrie par la musique que je fais, mais aussi par la musique que j'écoute, ressens, me connecte à ce moment-là".

Delaporte, le groupe électro-pop bien connu, spécialiste de la génération d'une atmosphère énergique si particulière qui fait danser et profiter de tout le monde, fera vibrer la Plaza Mayor du Poble Espanyol comme jamais auparavant.

Les portes ouvrent à 19h00.

Début du concert 20h30

L'un des grands festivals d'été à Barcelone

ALMA Festival Jardins Pedralbes s'installe au Poble Espanyol en préservant ses valeurs incomparables et en consolidant son lien indiscutable avec Barcelone.

Le festival se déroulera du 10 au 27 juillet 2023 dans un grand espace extérieur et dans un cadre architectural unique.
