{"id":245571,"date":"2023-04-13T11:50:25","date_gmt":"2023-04-13T09:50:25","guid":{"rendered":"https:\/\/poble-espanyol.com\/?post_type=activitat&#038;p=245571"},"modified":"2023-04-13T11:54:20","modified_gmt":"2023-04-13T09:54:20","slug":"alma-festival-lp","status":"publish","type":"activitat","link":"https:\/\/poble-espanyol.com\/fr\/activite\/alma-festival-lp\/","title":{"rendered":"ALMA Festival &#8211; LP"},"content":{"rendered":"","protected":false},"excerpt":{"rendered":"","protected":false},"author":4,"featured_media":245280,"comment_status":"closed","ping_status":"closed","template":"","meta":{"_acf_changed":false,"footnotes":""},"class_list":["post-245571","activitat","type-activitat","status-publish","has-post-thumbnail","hentry"],"acf":{"activitat_destacada":false,"activitats_destacades":false,"activitats_destacades_agenda":false,"activitats_destacades_activitats_familiars":false,"activitats_destacades_activitats_concerts":false,"url_comprar_entrades":"https:\/\/www.ticketmaster.es\/event\/lp-alma-festival-jardins-pedralbes-entradas\/35455","nom_activitat":"ALMA Festival Jardins Pedralbes","titol_previ_al_nom":"Un festival musical embl\u00e9matique dans un nouvel espace \u00e0 Barcelone","text_introductori":"L'auteur-compositeur-interpr\u00e8te multi-platine LP a cr\u00e9\u00e9 un son puissant et une communaut\u00e9 de fans d\u00e9vou\u00e9s. Elle est l'une des rares artistes am\u00e9ricaines \u00e0 pouvoir remplir les sc\u00e8nes de plus de 20 pays \u00e0 travers le monde.\r\n\r\nAvec son deuxi\u00e8me album, LP a bris\u00e9 toutes les barri\u00e8res avec le single 'Lost on you' : il est devenu une chanson avec une \u00e9norme port\u00e9e mondiale, atteignant le num\u00e9ro 1 dans 18 pays avant d'\u00eatre certifi\u00e9 Diamant au Mexique et en France, 4X Platine en Italie, Platine en Pologne et Or en Belgique et en Suisse.\r\n\r\n","dates_activitat":[{"dia":"20230713","hora_inici":"21:30:00","hora_final":"00:00:00"}],"dies_i_horaris_visibles_a_fitxa":[{"dia_i_horari":"Les portes ouvrent \u00e0 19h30."},{"dia_i_horari":"D\u00e9but du concert \u00e0 21h30."}],"data_destacada":"<p> 13 JUILLET <\/p>","data_ordenacio":"13\/07\/2023 21:30","preu":[{"categoria_de_preu":"Piste et tribunes","import_preu":"44"},{"categoria_de_preu":"Front stage","import_preu":"71,60"}],"preu_destacat":"Depuis 38,60","ubicacio":"","contingut_recomanat":"","categoria_slider":[],"text_previ_segona_explicacio":"","titular_segona_explicacio":"L'un des grands festivals d'\u00e9t\u00e9 \u00e0 Barcelone","text_posterior_segona_explicacio":"ALMA Festival Jardins Pedralbes s'installe au Poble Espanyol en pr\u00e9servant ses valeurs incomparables et en consolidant son lien indiscutable avec Barcelone.","text_detall_segona_explicacio":"Le festival se d\u00e9roulera du 10 au 27 juillet 2023 dans un grand espace ext\u00e9rieur et dans un cadre architectural unique.","seccions_activitat":null,"bloc_activitats":null,"titol_previ_programa":"","titol_programa":"","pdf_programa":null,"programa_activitat":null,"titol_colaboradors":"","colaboradors":null,"titol_video":"","video":null,"titol_galeria":"","galeria":null,"titol_previ_activitats":"","titol_activitats":"","activitats_relacionades":{"manual":""},"tipus_ae":[]},"_links":{"self":[{"href":"https:\/\/poble-espanyol.com\/fr\/wp-json\/wp\/v2\/activitat\/245571","targetHints":{"allow":["GET"]}}],"collection":[{"href":"https:\/\/poble-espanyol.com\/fr\/wp-json\/wp\/v2\/activitat"}],"about":[{"href":"https:\/\/poble-espanyol.com\/fr\/wp-json\/wp\/v2\/types\/activitat"}],"author":[{"embeddable":true,"href":"https:\/\/poble-espanyol.com\/fr\/wp-json\/wp\/v2\/users\/4"}],"replies":[{"embeddable":true,"href":"https:\/\/poble-espanyol.com\/fr\/wp-json\/wp\/v2\/comments?post=245571"}],"version-history":[{"count":2,"href":"https:\/\/poble-espanyol.com\/fr\/wp-json\/wp\/v2\/activitat\/245571\/revisions"}],"predecessor-version":[{"id":245573,"href":"https:\/\/poble-espanyol.com\/fr\/wp-json\/wp\/v2\/activitat\/245571\/revisions\/245573"}],"wp:featuredmedia":[{"embeddable":true,"href":"https:\/\/poble-espanyol.com\/fr\/wp-json\/wp\/v2\/media\/245280"}],"wp:attachment":[{"href":"https:\/\/poble-espanyol.com\/fr\/wp-json\/wp\/v2\/media?parent=245571"}],"curies":[{"name":"wp","href":"https:\/\/api.w.org\/{rel}","templated":true}]}}

Un festival musical emblématique dans un nouvel espace à Barcelone

L'auteur-compositeur-interprète multi-platine LP a créé un son puissant et une communauté de fans dévoués. Elle est l'une des rares artistes américaines à pouvoir remplir les scènes de plus de 20 pays à travers le monde.

Avec son deuxième album, LP a brisé toutes les barrières avec le single 'Lost on you' : il est devenu une chanson avec une énorme portée mondiale, atteignant le numéro 1 dans 18 pays avant d'être certifié Diamant au Mexique et en France, 4X Platine en Italie, Platine en Pologne et Or en Belgique et en Suisse.

Les portes ouvrent à 19h30.

Début du concert à 21h30.

L'un des grands festivals d'été à Barcelone

ALMA Festival Jardins Pedralbes s'installe au Poble Espanyol en préservant ses valeurs incomparables et en consolidant son lien indiscutable avec Barcelone.

Le festival se déroulera du 10 au 27 juillet 2023 dans un grand espace extérieur et dans un cadre architectural unique.
