{"id":245595,"date":"2023-04-13T12:48:10","date_gmt":"2023-04-13T10:48:10","guid":{"rendered":"https:\/\/poble-espanyol.com\/?post_type=activitat&#038;p=245595"},"modified":"2023-04-14T14:08:41","modified_gmt":"2023-04-14T12:08:41","slug":"alma-festival-los-palmeras-chico-trujillo-guacamayo-tropical-djs","status":"publish","type":"activitat","link":"https:\/\/poble-espanyol.com\/fr\/activite\/alma-festival-los-palmeras-chico-trujillo-guacamayo-tropical-djs\/","title":{"rendered":"ALMA Festival &#8211; LOS PALMERAS + CHICO TRUJILLO + GUACAMAYO TROPICAL DJ\u2019S"},"content":{"rendered":"","protected":false},"excerpt":{"rendered":"","protected":false},"author":4,"featured_media":245384,"comment_status":"closed","ping_status":"closed","template":"","meta":{"_acf_changed":false,"footnotes":""},"class_list":["post-245595","activitat","type-activitat","status-publish","has-post-thumbnail","hentry"],"acf":{"activitat_destacada":false,"activitats_destacades":false,"activitats_destacades_agenda":false,"activitats_destacades_activitats_familiars":false,"activitats_destacades_activitats_concerts":false,"url_comprar_entrades":"https:\/\/www.ticketmaster.es\/event\/los-palmeras-chico-trujillo-guacamayo-tropical-dj-s-alma-fest-entradas\/35479","nom_activitat":"ALMA Festival Jardins Pedralbes","titol_previ_al_nom":"Un festival de musique embl\u00e9matique dans un nouvel espace \u00e0 Barcelone","text_introductori":"Los Palmeras est un groupe musical argentin qui se distingue apr\u00e8s ses ann\u00e9es par son style et ses caract\u00e9ristiques uniques dans le genre cumbia, un m\u00e9lange d'\u00e9l\u00e9ments de la musique traditionnelle argentine avec des rythmes tropicaux et carib\u00e9ens.\r\n\r\nChico Trujillo est l'un des orchestres les plus importants du Chili, ils sont \u00e0 l'origine de toutes les f\u00eates \u00e0 travers le pays. Leur m\u00e9lange de cumbia classique, de bol\u00e9ro, de musique latino-am\u00e9ricaine, balkanique et reggae leur a public de toutes les g\u00e9n\u00e9rations et de tous les horizons.\r\n\r\nGuacamayo Tropical DJ's est un duo colombien d\u00e9di\u00e9 \u00e0 la production sonore et visuelle. Sauvez et diffusez la tradition musicale de toute l'Am\u00e9rique latine. Les sessions int\u00e8grent des sons organiques avec des rythmes num\u00e9riques.","dates_activitat":[{"dia":"20230720","hora_inici":"21:30:00","hora_final":null}],"dies_i_horaris_visibles_a_fitxa":[{"dia_i_horari":"Les portes ouvrent \u00e0 19h30."},{"dia_i_horari":"D\u00e9but du concert \u00e0 21h30."}],"data_destacada":"<p> 20 JUILLET <\/p>","data_ordenacio":"20\/07\/2023 21:30","preu":[{"categoria_de_preu":"Piste","import_preu":"Des de 40\u20ac"}],"preu_destacat":"Depuis 40\u20ac","ubicacio":"Plaza Mayor","contingut_recomanat":"","categoria_slider":[],"text_previ_segona_explicacio":"","titular_segona_explicacio":"L'un des grands festivals d'\u00e9t\u00e9 \u00e0 Barcelone","text_posterior_segona_explicacio":"ALMA Festival Jardins Pedralbes s'installe au Poble Espanyol en pr\u00e9servant ses valeurs incomparables et en consolidant son lien indiscutable avec Barcelone.","text_detall_segona_explicacio":"Le festival se d\u00e9roulera du 10 au 27 juillet 2023 dans un grand espace ext\u00e9rieur et dans un cadre architectural unique.","seccions_activitat":null,"bloc_activitats":null,"titol_previ_programa":"","titol_programa":"","pdf_programa":null,"programa_activitat":null,"titol_colaboradors":"","colaboradors":null,"titol_video":"","video":null,"titol_galeria":"","galeria":null,"titol_previ_activitats":"","titol_activitats":"","activitats_relacionades":{"manual":""},"tipus_ae":[]},"_links":{"self":[{"href":"https:\/\/poble-espanyol.com\/fr\/wp-json\/wp\/v2\/activitat\/245595","targetHints":{"allow":["GET"]}}],"collection":[{"href":"https:\/\/poble-espanyol.com\/fr\/wp-json\/wp\/v2\/activitat"}],"about":[{"href":"https:\/\/poble-espanyol.com\/fr\/wp-json\/wp\/v2\/types\/activitat"}],"author":[{"embeddable":true,"href":"https:\/\/poble-espanyol.com\/fr\/wp-json\/wp\/v2\/users\/4"}],"replies":[{"embeddable":true,"href":"https:\/\/poble-espanyol.com\/fr\/wp-json\/wp\/v2\/comments?post=245595"}],"version-history":[{"count":3,"href":"https:\/\/poble-espanyol.com\/fr\/wp-json\/wp\/v2\/activitat\/245595\/revisions"}],"predecessor-version":[{"id":245678,"href":"https:\/\/poble-espanyol.com\/fr\/wp-json\/wp\/v2\/activitat\/245595\/revisions\/245678"}],"wp:featuredmedia":[{"embeddable":true,"href":"https:\/\/poble-espanyol.com\/fr\/wp-json\/wp\/v2\/media\/245384"}],"wp:attachment":[{"href":"https:\/\/poble-espanyol.com\/fr\/wp-json\/wp\/v2\/media?parent=245595"}],"curies":[{"name":"wp","href":"https:\/\/api.w.org\/{rel}","templated":true}]}}

Un festival de musique emblématique dans un nouvel espace à Barcelone

Los Palmeras est un groupe musical argentin qui se distingue après ses années par son style et ses caractéristiques uniques dans le genre cumbia, un mélange d'éléments de la musique traditionnelle argentine avec des rythmes tropicaux et caribéens.

Chico Trujillo est l'un des orchestres les plus importants du Chili, ils sont à l'origine de toutes les fêtes à travers le pays. Leur mélange de cumbia classique, de boléro, de musique latino-américaine, balkanique et reggae leur a public de toutes les générations et de tous les horizons.

Guacamayo Tropical DJ's est un duo colombien dédié à la production sonore et visuelle. Sauvez et diffusez la tradition musicale de toute l'Amérique latine. Les sessions intègrent des sons organiques avec des rythmes numériques.

Les portes ouvrent à 19h30.

Début du concert à 21h30.

L'un des grands festivals d'été à Barcelone

ALMA Festival Jardins Pedralbes s'installe au Poble Espanyol en préservant ses valeurs incomparables et en consolidant son lien indiscutable avec Barcelone.

Le festival se déroulera du 10 au 27 juillet 2023 dans un grand espace extérieur et dans un cadre architectural unique.
