{"id":245601,"date":"2023-04-13T12:57:42","date_gmt":"2023-04-13T10:57:42","guid":{"rendered":"https:\/\/poble-espanyol.com\/?post_type=activitat&#038;p=245601"},"modified":"2023-04-13T12:57:42","modified_gmt":"2023-04-13T10:57:42","slug":"alma-festival-toquinho","status":"publish","type":"activitat","link":"https:\/\/poble-espanyol.com\/fr\/activite\/alma-festival-toquinho\/","title":{"rendered":"ALMA Festival &#8211; TOQUINHO"},"content":{"rendered":"","protected":false},"excerpt":{"rendered":"","protected":false},"author":4,"featured_media":245329,"comment_status":"closed","ping_status":"closed","template":"","meta":{"_acf_changed":false,"footnotes":""},"class_list":["post-245601","activitat","type-activitat","status-publish","has-post-thumbnail","hentry"],"acf":{"activitat_destacada":false,"activitats_destacades":false,"activitats_destacades_agenda":false,"activitats_destacades_activitats_familiars":false,"activitats_destacades_activitats_concerts":false,"url_comprar_entrades":"https:\/\/www.ticketmaster.es\/event\/35501?_gl=1*cm2imy*_ga*ODYxMjg4MTI2LjE2ODA2OTM3MjY.*_ga_WF98S3BM32*MTY4MDcwNTY5My4zLjEuMTY4MDcwNzUxNi4wLjAuMA..","nom_activitat":"ALMA Festival Jardins Pedralbes","titol_previ_al_nom":"Un festival musical emblem\u00e1tico en un nuevo espacio de Barcelona ","text_introductori":"Toquinho, uno de los m\u00e1ximos exponentes de la m\u00fasica brasile\u00f1a, ha llegado a millones de corazones a lo largo de su gran trayectoria. \r\n\r\nEste verano lo podremos disfrutar en la Plaza Mayor del Poble Espanyol en dos formatos: en d\u00fao con Yamandu Costa (premio Latin Grammy 2021 al mejor \u00e1lbum instrumental) y en cuarteto, con la guitarra, voz, bajo y bater\u00eda.","dates_activitat":[{"dia":"20230725","hora_inici":"21:30:00","hora_final":null}],"dies_i_horaris_visibles_a_fitxa":[{"dia_i_horari":"Apertura puertas 19:30h"},{"dia_i_horari":"Inicio concierto 21:30h"}],"data_destacada":"<p> 25 JULIO <\/p>","data_ordenacio":"25\/07\/2023 21:30","preu":null,"preu_destacat":"desde 38,60\u20ac","ubicacio":"","contingut_recomanat":"","categoria_slider":[],"text_previ_segona_explicacio":"","titular_segona_explicacio":"Uno de los grandes festivales de verano en Barcelona","text_posterior_segona_explicacio":"ALMA Festival Jardins Pedralbes se instala en el Poble Espanyol conservando sus valores inconfundibles y consolidando su v\u00ednculo indiscutible con Barcelona.","text_detall_segona_explicacio":"El festival tendr\u00e1 lugar entre el 10 y el 27 de julio de 2023 en un gran espacio al aire libre y en un entorno arquitect\u00f3nico \u00fanico.","seccions_activitat":null,"bloc_activitats":null,"titol_previ_programa":"","titol_programa":"","pdf_programa":null,"programa_activitat":null,"titol_colaboradors":"","colaboradors":null,"titol_video":"","video":null,"titol_galeria":"","galeria":null,"titol_previ_activitats":"","titol_activitats":"","activitats_relacionades":{"manual":""},"tipus_ae":[]},"_links":{"self":[{"href":"https:\/\/poble-espanyol.com\/fr\/wp-json\/wp\/v2\/activitat\/245601","targetHints":{"allow":["GET"]}}],"collection":[{"href":"https:\/\/poble-espanyol.com\/fr\/wp-json\/wp\/v2\/activitat"}],"about":[{"href":"https:\/\/poble-espanyol.com\/fr\/wp-json\/wp\/v2\/types\/activitat"}],"author":[{"embeddable":true,"href":"https:\/\/poble-espanyol.com\/fr\/wp-json\/wp\/v2\/users\/4"}],"replies":[{"embeddable":true,"href":"https:\/\/poble-espanyol.com\/fr\/wp-json\/wp\/v2\/comments?post=245601"}],"version-history":[{"count":1,"href":"https:\/\/poble-espanyol.com\/fr\/wp-json\/wp\/v2\/activitat\/245601\/revisions"}],"predecessor-version":[{"id":245602,"href":"https:\/\/poble-espanyol.com\/fr\/wp-json\/wp\/v2\/activitat\/245601\/revisions\/245602"}],"wp:featuredmedia":[{"embeddable":true,"href":"https:\/\/poble-espanyol.com\/fr\/wp-json\/wp\/v2\/media\/245329"}],"wp:attachment":[{"href":"https:\/\/poble-espanyol.com\/fr\/wp-json\/wp\/v2\/media?parent=245601"}],"curies":[{"name":"wp","href":"https:\/\/api.w.org\/{rel}","templated":true}]}}

Un festival musical emblemático en un nuevo espacio de Barcelona

Toquinho, uno de los máximos exponentes de la música brasileña, ha llegado a millones de corazones a lo largo de su gran trayectoria. 

Este verano lo podremos disfrutar en la Plaza Mayor del Poble Espanyol en dos formatos: en dúo con Yamandu Costa (premio Latin Grammy 2021 al mejor álbum instrumental) y en cuarteto, con la guitarra, voz, bajo y batería.

ALMA Festival Jardins Pedralbes se instala en el Poble Espanyol conservando sus valores inconfundibles y consolidando su vínculo indiscutible con Barcelona.

El festival tendrá lugar entre el 10 y el 27 de julio de 2023 en un gran espacio al aire libre y en un entorno arquitectónico único.
