{"id":274416,"date":"2024-05-06T17:47:56","date_gmt":"2024-05-06T15:47:56","guid":{"rendered":"https:\/\/poble-espanyol.com\/actividad\/barts-festival-biffy-clyro-3\/"},"modified":"2026-03-10T17:50:56","modified_gmt":"2026-03-10T15:50:56","slug":"lp-judith-hill","status":"publish","type":"activitat","link":"https:\/\/poble-espanyol.com\/fr\/activite\/lp-judith-hill\/","title":{"rendered":"BARTS Festival &#8211; LP + Judith Hill"},"content":{"rendered":"","protected":false},"excerpt":{"rendered":"","protected":false},"author":4,"featured_media":274421,"comment_status":"closed","ping_status":"closed","template":"","meta":{"_acf_changed":false,"footnotes":""},"class_list":["post-274416","activitat","type-activitat","status-publish","has-post-thumbnail","hentry"],"acf":{"activitat_destacada":false,"activitats_destacades":false,"activitats_destacades_agenda":false,"activitats_destacades_activitats_familiars":false,"activitats_destacades_activitats_concerts":false,"url_comprar_entrades":"https:\/\/www.enterticket.es\/eventos\/judith-hill-lp-barts-festival-221798","nom_activitat":"BARTS Festival 2026","titol_previ_al_nom":"Une salle mythique transform\u00e9e en festival d'\u00e9t\u00e9","text_introductori":"D'une part, Laura Pergolizzi, connue mondialement sous le nom de LP, une force de la nature qui a acc\u00e9d\u00e9 \u00e0 la c\u00e9l\u00e9brit\u00e9 mondiale avec l'hymne Lost on You. Son style, m\u00e9lange d'indie-pop, de rock et de folk, se distingue par une tessiture vocale unique et une honn\u00eatet\u00e9 brutale.\r\n\r\nD'autre part, la m\u00eame soir\u00e9e accueillera la performance de Judith Hill, la prot\u00e9g\u00e9e de Prince et voix vedette du documentaire 20 Feet from Stardom. Forte d'un h\u00e9ritage soul, funk et R&B, Hill apporte une sophistication et une \u00e9nergie qui la confirment comme l'une des grandes divinit\u00e9s de la musique noire contemporaine.","dates_activitat":[{"dia":"20260721","hora_inici":"21:00:00","hora_final":null}],"dies_i_horaris_visibles_a_fitxa":[{"dia_i_horari":"21 juillet 2026"},{"dia_i_horari":"Heure du concert : 21h30"}],"data_destacada":"<p> 21 JUL <\/p>","data_ordenacio":"2026-07-21 21:00:00","preu":null,"preu_destacat":"\u00c0 partir de 49,50\u20ac","ubicacio":"","contingut_recomanat":"","categoria_slider":[],"text_previ_segona_explicacio":"","titular_segona_explicacio":"BARTS ENTAME UNE NOUVELLE \u00c9TAPE EN TANT QUE FESTIVAL D'\u00c9T\u00c9 AU POBLE ESPANYOL","text_posterior_segona_explicacio":"La salle mythique de Barcelone transf\u00e8re son esprit au Poble Espanyol pour c\u00e9l\u00e9brer un \u00e9t\u00e9 de concerts inoubliables, o\u00f9 les noms historiques dialoguent avec les r\u00e9f\u00e9rents les plus contemporains.","text_detall_segona_explicacio":"","seccions_activitat":null,"bloc_activitats":null,"titol_previ_programa":"","titol_programa":"","pdf_programa":null,"programa_activitat":null,"titol_colaboradors":"","colaboradors":null,"titol_video":"","video":"https:\/\/youtu.be\/wDjeBNv6ip0","titol_galeria":"","galeria":null,"titol_previ_activitats":"","titol_activitats":"Plus de BARTS Festival","activitats_relacionades":{"manual":""},"tipus_ae":[]},"_links":{"self":[{"href":"https:\/\/poble-espanyol.com\/fr\/wp-json\/wp\/v2\/activitat\/274416","targetHints":{"allow":["GET"]}}],"collection":[{"href":"https:\/\/poble-espanyol.com\/fr\/wp-json\/wp\/v2\/activitat"}],"about":[{"href":"https:\/\/poble-espanyol.com\/fr\/wp-json\/wp\/v2\/types\/activitat"}],"author":[{"embeddable":true,"href":"https:\/\/poble-espanyol.com\/fr\/wp-json\/wp\/v2\/users\/4"}],"replies":[{"embeddable":true,"href":"https:\/\/poble-espanyol.com\/fr\/wp-json\/wp\/v2\/comments?post=274416"}],"version-history":[{"count":1,"href":"https:\/\/poble-espanyol.com\/fr\/wp-json\/wp\/v2\/activitat\/274416\/revisions"}],"predecessor-version":[{"id":274428,"href":"https:\/\/poble-espanyol.com\/fr\/wp-json\/wp\/v2\/activitat\/274416\/revisions\/274428"}],"wp:featuredmedia":[{"embeddable":true,"href":"https:\/\/poble-espanyol.com\/fr\/wp-json\/wp\/v2\/media\/274421"}],"wp:attachment":[{"href":"https:\/\/poble-espanyol.com\/fr\/wp-json\/wp\/v2\/media?parent=274416"}],"curies":[{"name":"wp","href":"https:\/\/api.w.org\/{rel}","templated":true}]}}

Une salle mythique transformée en festival d'été

D'une part, Laura Pergolizzi, connue mondialement sous le nom de LP, une force de la nature qui a accédé à la célébrité mondiale avec l'hymne Lost on You. Son style, mélange d'indie-pop, de rock et de folk, se distingue par une tessiture vocale unique et une honnêteté brutale.

D'autre part, la même soirée accueillera la performance de Judith Hill, la protégée de Prince et voix vedette du documentaire 20 Feet from Stardom. Forte d'un héritage soul, funk et R&B, Hill apporte une sophistication et une énergie qui la confirment comme l'une des grandes divinités de la musique noire contemporaine.

À partir de 49,50€

BARTS ENTAME UNE NOUVELLE ÉTAPE EN TANT QUE FESTIVAL D'ÉTÉ AU POBLE ESPANYOL

La salle mythique de Barcelone transfère son esprit au Poble Espanyol pour célébrer un été de concerts inoubliables, où les noms historiques dialoguent avec les référents les plus contemporains.
