{"id":114659,"date":"2022-03-17T13:29:55","date_gmt":"2022-03-17T11:29:55","guid":{"rendered":"https:\/\/pe.efimatica.com\/?post_type=artesa&#038;p=114659"},"modified":"2025-07-03T16:30:51","modified_gmt":"2025-07-03T14:30:51","slug":"taller-antic","status":"publish","type":"artesa","link":"https:\/\/poble-espanyol.com\/fr\/artisan\/taller-antic\/","title":{"rendered":"Taller Antic"},"content":{"rendered":"","protected":false},"excerpt":{"rendered":"<p>Cet atelier familial a ouvert ses portes au Poble Espanyol en 1994. Ils poss\u00e8dent deux autres magasins semblables : l\u2019un dans le quartier du Born et l\u2019autre dans les vieux quartiers de Sitges. Vous pourrez trouver dans leurs boutiques toute sorte d&rsquo;objets d&rsquo;\u00e9poque. \t<\/p>\n","protected":false},"author":4,"featured_media":114657,"comment_status":"open","ping_status":"closed","template":"","meta":{"_acf_changed":false,"footnotes":""},"class_list":["post-114659","artesa","type-artesa","status-publish","has-post-thumbnail","hentry"],"acf":{"foto_artesa":104339,"nom_artesa":"Taller antic","nom_establiment":"Taller Antic ","carnet_artesa":"","serveis_artesa":[{"servei":" D\u00c9MONSTRATIONS DU COMMERCE"},{"servei":"ATELIERS ENFANTS"},{"servei":"PRODUITS FABRIQU\u00c9S EN POBLE ESPANYOL"}],"text_introductori":"Cet atelier familial a ouvert ses portes au Poble Espanyol en 1994. Ils poss\u00e8dent deux autres magasins semblables : l\u2019un dans le quartier du Born et l\u2019autre dans les vieux quartiers de Sitges. Vous pourrez trouver dans leurs boutiques toute sorte d'objets d'\u00e9poque. \t\r\n","telefon":"934 236 438","mail":"info@artesansdelpoble.cat","web":"https:\/\/www.tallerantic.com\/index.html","xarxes":{"facebook":{"icona":"fa-facebook-f","url":"https:\/\/www.facebook.com\/pages\/category\/Design---Fashion\/Taller-Antic-Barcelona-2069741196577670\/"},"twitter":{"icona":"fa-social-twitter","url":""},"instagram":{"icona":"fa-instagram","url":"https:\/\/www.instagram.com\/talleranticbarcelona\/"}},"ubicacio":"Maison 109","categoria_slider":[495],"titol_previ_tallers":"PARTICIPER \u00c0 SES ATELIERS","titol_tallers":"ATELIERS D'ARTISANAT","tallers_impartits":{"manual":[93630]},"ubicacio_mapa":{"address":"Av. Francesc Ferrer i Gu\u00e0rdia, 13, 08038 Barcelona, Espa\u00f1a","lat":41.369212480843544,"lng":2.147252338843777,"zoom":19,"place_id":"ChIJhUtWqHeipBIRZLDHKdts9LE","street_number":13,"street_name":"Avinguda Francesc Ferrer i Gu\u00e0rdia","street_name_short":"Av. Francesc Ferrer i Gu\u00e0rdia","city":"Barcelona","state":"Catalunya","state_short":"CT","post_code":8038,"country":"Espa\u00f1a","country_short":"ES"}},"_links":{"self":[{"href":"https:\/\/poble-espanyol.com\/fr\/wp-json\/wp\/v2\/artesa\/114659","targetHints":{"allow":["GET"]}}],"collection":[{"href":"https:\/\/poble-espanyol.com\/fr\/wp-json\/wp\/v2\/artesa"}],"about":[{"href":"https:\/\/poble-espanyol.com\/fr\/wp-json\/wp\/v2\/types\/artesa"}],"author":[{"embeddable":true,"href":"https:\/\/poble-espanyol.com\/fr\/wp-json\/wp\/v2\/users\/4"}],"replies":[{"embeddable":true,"href":"https:\/\/poble-espanyol.com\/fr\/wp-json\/wp\/v2\/comments?post=114659"}],"version-history":[{"count":1,"href":"https:\/\/poble-espanyol.com\/fr\/wp-json\/wp\/v2\/artesa\/114659\/revisions"}],"predecessor-version":[{"id":258688,"href":"https:\/\/poble-espanyol.com\/fr\/wp-json\/wp\/v2\/artesa\/114659\/revisions\/258688"}],"acf:term":[{"embeddable":true,"taxonomy":"categories-artesa-proces","href":"https:\/\/poble-espanyol.com\/fr\/wp-json\/wp\/v2\/categories-artesa-proces\/495"}],"wp:featuredmedia":[{"embeddable":true,"href":"https:\/\/poble-espanyol.com\/fr\/wp-json\/wp\/v2\/media\/114657"}],"wp:attachment":[{"href":"https:\/\/poble-espanyol.com\/fr\/wp-json\/wp\/v2\/media?parent=114659"}],"curies":[{"name":"wp","href":"https:\/\/api.w.org\/{rel}","templated":true}]}}

<p>Cet atelier familial a ouvert ses portes au Poble Espanyol en 1994. Ils possèdent deux autres magasins semblables : l’un dans le quartier du Born et l’autre dans les vieux quartiers de Sitges. Vous pourrez trouver dans leurs boutiques toute sorte d&rsquo;objets d&rsquo;époque. 	</p>

DÉMONSTRATIONS DU COMMERCE

PRODUITS FABRIQUÉS EN POBLE ESPANYOL

Cet atelier familial a ouvert ses portes au Poble Espanyol en 1994. Ils possèdent deux autres magasins semblables : l’un dans le quartier du Born et l’autre dans les vieux quartiers de Sitges. Vous pourrez trouver dans leurs boutiques toute sorte d'objets d'époque.

PARTICIPER À SES ATELIERS

Av. Francesc Ferrer i Guàrdia, 13, 08038 Barcelona, España

Avinguda Francesc Ferrer i Guàrdia

Av. Francesc Ferrer i Guàrdia

España
