{"id":112989,"date":"2022-03-14T18:03:22","date_gmt":"2022-03-14T16:03:22","guid":{"rendered":"https:\/\/pe.efimatica.com\/?post_type=edifici&#038;p=112989"},"modified":"2022-03-14T18:08:22","modified_gmt":"2022-03-14T16:08:22","slug":"casa-de-los-moreno","status":"publish","type":"edifici","link":"https:\/\/poble-espanyol.com\/fr\/batiment\/casa-de-los-moreno\/","title":{"rendered":"Casa de los Moreno"},"content":{"rendered":"","protected":false},"excerpt":{"rendered":"<p>La Casa de los Moreno est situ\u00e9e \u00e0 S\u00e9govie. Elle a \u00e9t\u00e9 con\u00e7ue par Daniel Zuolaga et t\u00e9moigne d&rsquo;un style n\u00e9o-plateresque.<br \/>\nS\u00e9govie est la capitale de la province de la R\u00e9gion autonome de Castille-et-Le\u00f3n. La totalit\u00e9 de la ville est un mus\u00e9e en plein air qui permet d\u2019appr\u00e9cier diverses techniques et diff\u00e9rents styles datant du XIIIe au XXIe si\u00e8cle.<\/p>\n","protected":false},"author":4,"featured_media":107638,"comment_status":"open","ping_status":"closed","template":"","meta":{"_acf_changed":false,"footnotes":""},"categories-edifici-poble":[2984],"class_list":["post-112989","edifici","type-edifici","status-publish","has-post-thumbnail","hentry","categories-edifici-poble-centre-fr"],"acf":{"nom_edifici":"Casa de los Moreno","titol_previ":"Casa de los Moreno (Segovia)","text_introductori":"La Casa de los Moreno est situ\u00e9e \u00e0 S\u00e9govie. Elle a \u00e9t\u00e9 con\u00e7ue par Daniel Zuolaga et t\u00e9moigne d'un style n\u00e9o-plateresque.\r\nS\u00e9govie est la capitale de la province de la R\u00e9gion autonome de Castille-et-Le\u00f3n. La totalit\u00e9 de la ville est un mus\u00e9e en plein air qui permet d\u2019appr\u00e9cier diverses techniques et diff\u00e9rents styles datant du XIIIe au XXIe si\u00e8cle.\r\n\r\n","fotos_adicionals":"","titular_segona_explicacio":"","text_posterior_segona_explicacio":"","text_previ_segona_explicacio":"","text_detall_segona_explicacio":"","seccions_edifici":null,"ubicacio":{"address":"Av. Francesc Ferrer i Gu\u00e0rdia, 13-27, 08038 Barcelona, Espa\u00f1a","lat":41.369005765861971,"lng":2.1473934354431012,"zoom":19,"place_id":"ChIJAWuOqXeipBIRZlw96ZGYjpQ","street_number":"13-27","street_name":"Avinguda Francesc Ferrer i Gu\u00e0rdia","street_name_short":"Av. Francesc Ferrer i Gu\u00e0rdia","city":"Barcelona","state":"Catalunya","state_short":"CT","post_code":8038,"country":"Espa\u00f1a","country_short":"ES"}},"_links":{"self":[{"href":"https:\/\/poble-espanyol.com\/fr\/wp-json\/wp\/v2\/edifici\/112989","targetHints":{"allow":["GET"]}}],"collection":[{"href":"https:\/\/poble-espanyol.com\/fr\/wp-json\/wp\/v2\/edifici"}],"about":[{"href":"https:\/\/poble-espanyol.com\/fr\/wp-json\/wp\/v2\/types\/edifici"}],"author":[{"embeddable":true,"href":"https:\/\/poble-espanyol.com\/fr\/wp-json\/wp\/v2\/users\/4"}],"replies":[{"embeddable":true,"href":"https:\/\/poble-espanyol.com\/fr\/wp-json\/wp\/v2\/comments?post=112989"}],"version-history":[{"count":0,"href":"https:\/\/poble-espanyol.com\/fr\/wp-json\/wp\/v2\/edifici\/112989\/revisions"}],"wp:featuredmedia":[{"embeddable":true,"href":"https:\/\/poble-espanyol.com\/fr\/wp-json\/wp\/v2\/media\/107638"}],"wp:attachment":[{"href":"https:\/\/poble-espanyol.com\/fr\/wp-json\/wp\/v2\/media?parent=112989"}],"wp:term":[{"taxonomy":"categories-edifici-poble","embeddable":true,"href":"https:\/\/poble-espanyol.com\/fr\/wp-json\/wp\/v2\/categories-edifici-poble?post=112989"}],"curies":[{"name":"wp","href":"https:\/\/api.w.org\/{rel}","templated":true}]}}

<p>La Casa de los Moreno est située à Ségovie. Elle a été conçue par Daniel Zuolaga et témoigne d&rsquo;un style néo-plateresque.<br />
Ségovie est la capitale de la province de la Région autonome de Castille-et-León. La totalité de la ville est un musée en plein air qui permet d’apprécier diverses techniques et différents styles datant du XIIIe au XXIe siècle.</p>

La Casa de los Moreno est située à Ségovie. Elle a été conçue par Daniel Zuolaga et témoigne d'un style néo-plateresque.
Ségovie est la capitale de la province de la Région autonome de Castille-et-León. La totalité de la ville est un musée en plein air qui permet d’apprécier diverses techniques et différents styles datant du XIIIe au XXIe siècle.

Av. Francesc Ferrer i Guàrdia, 13-27, 08038 Barcelona, España

Avinguda Francesc Ferrer i Guàrdia

Av. Francesc Ferrer i Guàrdia

España
