{"id":113465,"date":"2022-03-15T10:40:24","date_gmt":"2022-03-15T08:40:24","guid":{"rendered":"https:\/\/pe.efimatica.com\/?post_type=edifici&#038;p=113465"},"modified":"2022-03-15T10:43:48","modified_gmt":"2022-03-15T08:43:48","slug":"la-jana-3","status":"publish","type":"edifici","link":"https:\/\/poble-espanyol.com\/fr\/batiment\/la-jana-3\/","title":{"rendered":"La Jana"},"content":{"rendered":"","protected":false},"excerpt":{"rendered":"<p>La Jana est une commune de la province de Castell\u00f3n dans la R\u00e9gion autonome de Valence. Elle est situ\u00e9e sur les vestiges d&rsquo;une villa romaine, entre la Via Augusta et la Via Herculea. Cette ville a \u00e9t\u00e9 le t\u00e9moin de nombreuses civilisations. Il convient \u00e9galement de mentionner son patrimoine architectural unique.<br \/>\nSi vous vous promenez dans ses rues, vous pourrez contempler de majestueuses maisons avec des armoiries faisant r\u00e9f\u00e9rence \u00e0 des familles importantes, comme le Palau Borrull, le Palau dels Jovani et la Casa de Pere Pasqual.<\/p>\n","protected":false},"author":7,"featured_media":109340,"comment_status":"open","ping_status":"closed","template":"","meta":{"_acf_changed":false,"footnotes":""},"categories-edifici-poble":[2986],"class_list":["post-113465","edifici","type-edifici","status-publish","has-post-thumbnail","hentry","categories-edifici-poble-mediterranee"],"acf":{"nom_edifici":"La Jana","titol_previ":"La Jana (La Jana, Castell\u00f3n)","text_introductori":"La Jana est une commune de la province de Castell\u00f3n dans la R\u00e9gion autonome de Valence. Elle est situ\u00e9e sur les vestiges d'une villa romaine, entre la Via Augusta et la Via Herculea. Cette ville a \u00e9t\u00e9 le t\u00e9moin de nombreuses civilisations. Il convient \u00e9galement de mentionner son patrimoine architectural unique.\r\nSi vous vous promenez dans ses rues, vous pourrez contempler de majestueuses maisons avec des armoiries faisant r\u00e9f\u00e9rence \u00e0 des familles importantes, comme le Palau Borrull, le Palau dels Jovani et la Casa de Pere Pasqual.\r\n\r\n\r\n\r\n\r\n\r\n\r\n\r\n\r\n\r\n\r\n\r\n\r\n","fotos_adicionals":"","titular_segona_explicacio":"","text_posterior_segona_explicacio":"","text_previ_segona_explicacio":"","text_detall_segona_explicacio":"","seccions_edifici":null,"ubicacio":{"address":"Av. dels Montanyans, 23, 08038 Barcelona, Espa\u00f1a","lat":41.368889016751247,"lng":2.1492334308273175,"zoom":19,"place_id":"ChIJhRh61HaipBIR4kiVOh1uKWI","street_number":23,"street_name":"Avinguda dels Montanyans","street_name_short":"Av. dels Montanyans","city":"Barcelona","state":"Catalunya","state_short":"CT","post_code":8038,"country":"Espa\u00f1a","country_short":"ES"}},"_links":{"self":[{"href":"https:\/\/poble-espanyol.com\/fr\/wp-json\/wp\/v2\/edifici\/113465","targetHints":{"allow":["GET"]}}],"collection":[{"href":"https:\/\/poble-espanyol.com\/fr\/wp-json\/wp\/v2\/edifici"}],"about":[{"href":"https:\/\/poble-espanyol.com\/fr\/wp-json\/wp\/v2\/types\/edifici"}],"author":[{"embeddable":true,"href":"https:\/\/poble-espanyol.com\/fr\/wp-json\/wp\/v2\/users\/7"}],"replies":[{"embeddable":true,"href":"https:\/\/poble-espanyol.com\/fr\/wp-json\/wp\/v2\/comments?post=113465"}],"version-history":[{"count":0,"href":"https:\/\/poble-espanyol.com\/fr\/wp-json\/wp\/v2\/edifici\/113465\/revisions"}],"wp:featuredmedia":[{"embeddable":true,"href":"https:\/\/poble-espanyol.com\/fr\/wp-json\/wp\/v2\/media\/109340"}],"wp:attachment":[{"href":"https:\/\/poble-espanyol.com\/fr\/wp-json\/wp\/v2\/media?parent=113465"}],"wp:term":[{"taxonomy":"categories-edifici-poble","embeddable":true,"href":"https:\/\/poble-espanyol.com\/fr\/wp-json\/wp\/v2\/categories-edifici-poble?post=113465"}],"curies":[{"name":"wp","href":"https:\/\/api.w.org\/{rel}","templated":true}]}}

<p>La Jana est une commune de la province de Castellón dans la Région autonome de Valence. Elle est située sur les vestiges d&rsquo;une villa romaine, entre la Via Augusta et la Via Herculea. Cette ville a été le témoin de nombreuses civilisations. Il convient également de mentionner son patrimoine architectural unique.<br />
Si vous vous promenez dans ses rues, vous pourrez contempler de majestueuses maisons avec des armoiries faisant référence à des familles importantes, comme le Palau Borrull, le Palau dels Jovani et la Casa de Pere Pasqual.</p>

La Jana (La Jana, Castellón)

La Jana est une commune de la province de Castellón dans la Région autonome de Valence. Elle est située sur les vestiges d'une villa romaine, entre la Via Augusta et la Via Herculea. Cette ville a été le témoin de nombreuses civilisations. Il convient également de mentionner son patrimoine architectural unique.
Si vous vous promenez dans ses rues, vous pourrez contempler de majestueuses maisons avec des armoiries faisant référence à des familles importantes, comme le Palau Borrull, le Palau dels Jovani et la Casa de Pere Pasqual.

Av. dels Montanyans, 23, 08038 Barcelona, España

España
