{"id":113479,"date":"2022-03-15T10:46:19","date_gmt":"2022-03-15T08:46:19","guid":{"rendered":"https:\/\/pe.efimatica.com\/?post_type=edifici&#038;p=113479"},"modified":"2022-03-15T10:48:41","modified_gmt":"2022-03-15T08:48:41","slug":"casa-de-la-torre","status":"publish","type":"edifici","link":"https:\/\/poble-espanyol.com\/fr\/batiment\/casa-de-la-torre\/","title":{"rendered":"Casa de la Torre"},"content":{"rendered":"","protected":false},"excerpt":{"rendered":"<p>C&rsquo;est la plus ancienne maison noble d&rsquo;Ayll\u00f3n.<br \/>\nLa ville d&rsquo;Ayll\u00f3n est situ\u00e9e au nord-est de S\u00e9govie. Elle a \u00e9t\u00e9 d\u00e9clar\u00e9e site historique et artistique national, et se compose de b\u00e2timents majestueux et de maisons d&rsquo;architecture traditionnelle. La ville a \u00e9t\u00e9 r\u00e9compens\u00e9e par plusieurs prix : premier prix du Concours d\u2019embellissement des villages et premier prix national en 1974.<br \/>\nCette cit\u00e9 m\u00e9di\u00e9vale a vu d\u00e9filer de nombreux rois dans ses rues : Alfonso VI, Alfonso VII, Alfonso VIII, Fernando III&#8230;<\/p>\n","protected":false},"author":4,"featured_media":108974,"comment_status":"open","ping_status":"closed","template":"","meta":{"_acf_changed":false,"footnotes":""},"categories-edifici-poble":[2984],"class_list":["post-113479","edifici","type-edifici","status-publish","has-post-thumbnail","hentry","categories-edifici-poble-centre-fr"],"acf":{"nom_edifici":"Casa de la Torre","titol_previ":"Casa de la Torre (Ayll\u00f3n, Segovia)","text_introductori":"C'est la plus ancienne maison noble d'Ayll\u00f3n.\r\nLa ville d'Ayll\u00f3n est situ\u00e9e au nord-est de S\u00e9govie. Elle a \u00e9t\u00e9 d\u00e9clar\u00e9e site historique et artistique national, et se compose de b\u00e2timents majestueux et de maisons d'architecture traditionnelle. La ville a \u00e9t\u00e9 r\u00e9compens\u00e9e par plusieurs prix : premier prix du Concours d\u2019embellissement des villages et premier prix national en 1974.\r\nCette cit\u00e9 m\u00e9di\u00e9vale a vu d\u00e9filer de nombreux rois dans ses rues : Alfonso VI, Alfonso VII, Alfonso VIII, Fernando III...\r\n","fotos_adicionals":"","titular_segona_explicacio":"","text_posterior_segona_explicacio":"","text_previ_segona_explicacio":"","text_detall_segona_explicacio":"","seccions_edifici":null,"ubicacio":{"address":"Av. Francesc Ferrer i Gu\u00e0rdia, 13, 08038 Barcelona, Espa\u00f1a","lat":41.369159960641944,"lng":2.1470546722412109,"zoom":19,"place_id":"ChIJ1UrgrneipBIRJNIRH7aerco","street_number":13,"street_name":"Avinguda Francesc Ferrer i Gu\u00e0rdia","street_name_short":"Av. Francesc Ferrer i Gu\u00e0rdia","city":"Barcelona","state":"Catalunya","state_short":"CT","post_code":8038,"country":"Espa\u00f1a","country_short":"ES"}},"_links":{"self":[{"href":"https:\/\/poble-espanyol.com\/fr\/wp-json\/wp\/v2\/edifici\/113479","targetHints":{"allow":["GET"]}}],"collection":[{"href":"https:\/\/poble-espanyol.com\/fr\/wp-json\/wp\/v2\/edifici"}],"about":[{"href":"https:\/\/poble-espanyol.com\/fr\/wp-json\/wp\/v2\/types\/edifici"}],"author":[{"embeddable":true,"href":"https:\/\/poble-espanyol.com\/fr\/wp-json\/wp\/v2\/users\/4"}],"replies":[{"embeddable":true,"href":"https:\/\/poble-espanyol.com\/fr\/wp-json\/wp\/v2\/comments?post=113479"}],"version-history":[{"count":0,"href":"https:\/\/poble-espanyol.com\/fr\/wp-json\/wp\/v2\/edifici\/113479\/revisions"}],"wp:featuredmedia":[{"embeddable":true,"href":"https:\/\/poble-espanyol.com\/fr\/wp-json\/wp\/v2\/media\/108974"}],"wp:attachment":[{"href":"https:\/\/poble-espanyol.com\/fr\/wp-json\/wp\/v2\/media?parent=113479"}],"wp:term":[{"taxonomy":"categories-edifici-poble","embeddable":true,"href":"https:\/\/poble-espanyol.com\/fr\/wp-json\/wp\/v2\/categories-edifici-poble?post=113479"}],"curies":[{"name":"wp","href":"https:\/\/api.w.org\/{rel}","templated":true}]}}

<p>C&rsquo;est la plus ancienne maison noble d&rsquo;Ayllón.<br />
La ville d&rsquo;Ayllón est située au nord-est de Ségovie. Elle a été déclarée site historique et artistique national, et se compose de bâtiments majestueux et de maisons d&rsquo;architecture traditionnelle. La ville a été récompensée par plusieurs prix : premier prix du Concours d’embellissement des villages et premier prix national en 1974.<br />
Cette cité médiévale a vu défiler de nombreux rois dans ses rues : Alfonso VI, Alfonso VII, Alfonso VIII, Fernando III&#8230;</p>

Casa de la Torre (Ayllón, Segovia)

C'est la plus ancienne maison noble d'Ayllón.
La ville d'Ayllón est située au nord-est de Ségovie. Elle a été déclarée site historique et artistique national, et se compose de bâtiments majestueux et de maisons d'architecture traditionnelle. La ville a été récompensée par plusieurs prix : premier prix du Concours d’embellissement des villages et premier prix national en 1974.
Cette cité médiévale a vu défiler de nombreux rois dans ses rues : Alfonso VI, Alfonso VII, Alfonso VIII, Fernando III...

Av. Francesc Ferrer i Guàrdia, 13, 08038 Barcelona, España

Avinguda Francesc Ferrer i Guàrdia

Av. Francesc Ferrer i Guàrdia

España
