{"id":113520,"date":"2022-03-15T10:58:37","date_gmt":"2022-03-15T08:58:37","guid":{"rendered":"https:\/\/pe.efimatica.com\/?post_type=edifici&#038;p=113520"},"modified":"2022-03-15T11:03:05","modified_gmt":"2022-03-15T09:03:05","slug":"iglesia-de-las-carmelitas","status":"publish","type":"edifici","link":"https:\/\/poble-espanyol.com\/fr\/batiment\/iglesia-de-las-carmelitas\/","title":{"rendered":"Iglesia de las Carmelitas"},"content":{"rendered":"","protected":false},"excerpt":{"rendered":"<p>L&rsquo;\u00e9glise du Saint-Ange se dresse sur la c\u00e9l\u00e8bre place Capuchinos. Elle a \u00e9t\u00e9 fond\u00e9e par les P\u00e8res Capucins en 1629, sur quelques maisons achet\u00e9es au marquis d\u2019Almunia. La construction de l&rsquo;\u00e9glise a d\u00e9but\u00e9 en 1838.<br \/>\nPar la suite, le couvent a \u00e9t\u00e9 vendu et en grande partie d\u00e9moli. Les seules parties qui subsistent aujourd&rsquo;hui sont le clo\u00eetre, le jardin et l&rsquo;\u00e9glise.<\/p>\n","protected":false},"author":7,"featured_media":108189,"comment_status":"open","ping_status":"closed","template":"","meta":{"_acf_changed":false,"footnotes":""},"categories-edifici-poble":[2988],"class_list":["post-113520","edifici","type-edifici","status-publish","has-post-thumbnail","hentry","categories-edifici-poble-nord-fr"],"acf":{"nom_edifici":"Iglesia de las Carmelitas","titol_previ":"Iglesia de las Carmelitas (Alca\u00f1iz, Teruel)","text_introductori":"L'\u00e9glise du Saint-Ange se dresse sur la c\u00e9l\u00e8bre place Capuchinos. Elle a \u00e9t\u00e9 fond\u00e9e par les P\u00e8res Capucins en 1629, sur quelques maisons achet\u00e9es au marquis d\u2019Almunia. La construction de l'\u00e9glise a d\u00e9but\u00e9 en 1838.\r\nPar la suite, le couvent a \u00e9t\u00e9 vendu et en grande partie d\u00e9moli. Les seules parties qui subsistent aujourd'hui sont le clo\u00eetre, le jardin et l'\u00e9glise.\r\n\r\n\r\n\r\n\r\n\r\n\r\n\r\n","fotos_adicionals":"","titular_segona_explicacio":"","text_posterior_segona_explicacio":"","text_previ_segona_explicacio":"","text_detall_segona_explicacio":"","seccions_edifici":null,"ubicacio":{"address":"Av. Francesc Ferrer i Gu\u00e0rdia, 13, 08038 Barcelona, Espa\u00f1a","lat":41.368740060684303,"lng":2.1481820048934797,"zoom":19,"place_id":"ChIJH-iNAXeipBIRGfU6WaramYk","street_number":13,"street_name":"Avinguda Francesc Ferrer i Gu\u00e0rdia","street_name_short":"Av. Francesc Ferrer i Gu\u00e0rdia","city":"Barcelona","state":"Catalunya","state_short":"CT","post_code":8038,"country":"Espa\u00f1a","country_short":"ES"}},"_links":{"self":[{"href":"https:\/\/poble-espanyol.com\/fr\/wp-json\/wp\/v2\/edifici\/113520","targetHints":{"allow":["GET"]}}],"collection":[{"href":"https:\/\/poble-espanyol.com\/fr\/wp-json\/wp\/v2\/edifici"}],"about":[{"href":"https:\/\/poble-espanyol.com\/fr\/wp-json\/wp\/v2\/types\/edifici"}],"author":[{"embeddable":true,"href":"https:\/\/poble-espanyol.com\/fr\/wp-json\/wp\/v2\/users\/7"}],"replies":[{"embeddable":true,"href":"https:\/\/poble-espanyol.com\/fr\/wp-json\/wp\/v2\/comments?post=113520"}],"version-history":[{"count":0,"href":"https:\/\/poble-espanyol.com\/fr\/wp-json\/wp\/v2\/edifici\/113520\/revisions"}],"wp:featuredmedia":[{"embeddable":true,"href":"https:\/\/poble-espanyol.com\/fr\/wp-json\/wp\/v2\/media\/108189"}],"wp:attachment":[{"href":"https:\/\/poble-espanyol.com\/fr\/wp-json\/wp\/v2\/media?parent=113520"}],"wp:term":[{"taxonomy":"categories-edifici-poble","embeddable":true,"href":"https:\/\/poble-espanyol.com\/fr\/wp-json\/wp\/v2\/categories-edifici-poble?post=113520"}],"curies":[{"name":"wp","href":"https:\/\/api.w.org\/{rel}","templated":true}]}}

<p>L&rsquo;église du Saint-Ange se dresse sur la célèbre place Capuchinos. Elle a été fondée par les Pères Capucins en 1629, sur quelques maisons achetées au marquis d’Almunia. La construction de l&rsquo;église a débuté en 1838.<br />
Par la suite, le couvent a été vendu et en grande partie démoli. Les seules parties qui subsistent aujourd&rsquo;hui sont le cloître, le jardin et l&rsquo;église.</p>

Iglesia de las Carmelitas (Alcañiz, Teruel)

L'église du Saint-Ange se dresse sur la célèbre place Capuchinos. Elle a été fondée par les Pères Capucins en 1629, sur quelques maisons achetées au marquis d’Almunia. La construction de l'église a débuté en 1838.
Par la suite, le couvent a été vendu et en grande partie démoli. Les seules parties qui subsistent aujourd'hui sont le cloître, le jardin et l'église.

Av. Francesc Ferrer i Guàrdia, 13, 08038 Barcelona, España

Avinguda Francesc Ferrer i Guàrdia

Av. Francesc Ferrer i Guàrdia

España
