{"id":113928,"date":"2022-03-15T15:03:08","date_gmt":"2022-03-15T13:03:08","guid":{"rendered":"https:\/\/pe.efimatica.com\/?post_type=edifici&#038;p=113928"},"modified":"2022-03-15T15:05:47","modified_gmt":"2022-03-15T13:05:47","slug":"casa-del-siglo-xv","status":"publish","type":"edifici","link":"https:\/\/poble-espanyol.com\/fr\/batiment\/casa-del-siglo-xv\/","title":{"rendered":"Casa del Siglo XV"},"content":{"rendered":"","protected":false},"excerpt":{"rendered":"<p>La Casa del siglo XV est une demeure d&rsquo;architecture Renaissance. Elle est plus connue sous le nom de maison de Juan Bravo, et se situe en face de l&rsquo;\u00e9glise de San Mart\u00edn et \u00e0 proximit\u00e9 de la grand-place. Les arcs de sa galerie sup\u00e9rieure lui conf\u00e8rent une touche d&rsquo;\u00e9l\u00e9gance.<\/p>\n","protected":false},"author":4,"featured_media":109295,"comment_status":"open","ping_status":"closed","template":"","meta":{"_acf_changed":false,"footnotes":""},"categories-edifici-poble":[2984],"class_list":["post-113928","edifici","type-edifici","status-publish","has-post-thumbnail","hentry","categories-edifici-poble-centre-fr"],"acf":{"nom_edifici":"Casa del Siglo XV","titol_previ":"Casa del Siglo XV (Segovia, Segovia)","text_introductori":"La Casa del siglo XV est une demeure d'architecture Renaissance. Elle est plus connue sous le nom de maison de Juan Bravo, et se situe en face de l'\u00e9glise de San Mart\u00edn et \u00e0 proximit\u00e9 de la grand-place. Les arcs de sa galerie sup\u00e9rieure lui conf\u00e8rent une touche d'\u00e9l\u00e9gance.\r\n","fotos_adicionals":"","titular_segona_explicacio":"","text_posterior_segona_explicacio":"","text_previ_segona_explicacio":"","text_detall_segona_explicacio":"","seccions_edifici":null,"ubicacio":{"address":"Av. Francesc Ferrer i Gu\u00e0rdia, 13, 08038 Barcelona, Espa\u00f1a","lat":41.369180889136089,"lng":2.1471574010497907,"zoom":19,"place_id":"ChIJ1UrgrneipBIRJNIRH7aerco","street_number":13,"street_name":"Avinguda Francesc Ferrer i Gu\u00e0rdia","street_name_short":"Av. Francesc Ferrer i Gu\u00e0rdia","city":"Barcelona","state":"Catalunya","state_short":"CT","post_code":8038,"country":"Espa\u00f1a","country_short":"ES"}},"_links":{"self":[{"href":"https:\/\/poble-espanyol.com\/fr\/wp-json\/wp\/v2\/edifici\/113928","targetHints":{"allow":["GET"]}}],"collection":[{"href":"https:\/\/poble-espanyol.com\/fr\/wp-json\/wp\/v2\/edifici"}],"about":[{"href":"https:\/\/poble-espanyol.com\/fr\/wp-json\/wp\/v2\/types\/edifici"}],"author":[{"embeddable":true,"href":"https:\/\/poble-espanyol.com\/fr\/wp-json\/wp\/v2\/users\/4"}],"replies":[{"embeddable":true,"href":"https:\/\/poble-espanyol.com\/fr\/wp-json\/wp\/v2\/comments?post=113928"}],"version-history":[{"count":0,"href":"https:\/\/poble-espanyol.com\/fr\/wp-json\/wp\/v2\/edifici\/113928\/revisions"}],"wp:featuredmedia":[{"embeddable":true,"href":"https:\/\/poble-espanyol.com\/fr\/wp-json\/wp\/v2\/media\/109295"}],"wp:attachment":[{"href":"https:\/\/poble-espanyol.com\/fr\/wp-json\/wp\/v2\/media?parent=113928"}],"wp:term":[{"taxonomy":"categories-edifici-poble","embeddable":true,"href":"https:\/\/poble-espanyol.com\/fr\/wp-json\/wp\/v2\/categories-edifici-poble?post=113928"}],"curies":[{"name":"wp","href":"https:\/\/api.w.org\/{rel}","templated":true}]}}

<p>La Casa del siglo XV est une demeure d&rsquo;architecture Renaissance. Elle est plus connue sous le nom de maison de Juan Bravo, et se situe en face de l&rsquo;église de San Martín et à proximité de la grand-place. Les arcs de sa galerie supérieure lui confèrent une touche d&rsquo;élégance.</p>

La Casa del siglo XV est une demeure d'architecture Renaissance. Elle est plus connue sous le nom de maison de Juan Bravo, et se situe en face de l'église de San Martín et à proximité de la grand-place. Les arcs de sa galerie supérieure lui confèrent une touche d'élégance.

Av. Francesc Ferrer i Guàrdia, 13, 08038 Barcelona, España

Avinguda Francesc Ferrer i Guàrdia

Av. Francesc Ferrer i Guàrdia

España
