{"id":111771,"date":"2022-03-08T13:26:28","date_gmt":"2022-03-08T11:26:28","guid":{"rendered":"https:\/\/pe.efimatica.com\/?post_type=establiment&#038;p=111771"},"modified":"2025-07-18T09:11:13","modified_gmt":"2025-07-18T07:11:13","slug":"torrons-vicens","status":"publish","type":"establiment","link":"https:\/\/poble-espanyol.com\/fr\/etablissement\/torrons-vicens\/","title":{"rendered":"Torrons Vicens"},"content":{"rendered":"","protected":false},"excerpt":{"rendered":"<p>Chez Torrons Vicens, vous trouverez une grande vari\u00e9t\u00e9 de nougats et de chocolats de fabrication artisanale, mais auxquels la marque a ajout\u00e9 un haut degr\u00e9 d&rsquo;innovation dans l\u2019association audacieuse des ingr\u00e9dients, ainsi que dans la pr\u00e9sentation des produits.<\/p>\n","protected":false},"author":7,"featured_media":106619,"comment_status":"open","ping_status":"closed","template":"","meta":{"_acf_changed":false,"footnotes":""},"categories-establiment-tipus":[5466],"class_list":["post-111771","establiment","type-establiment","status-publish","has-post-thumbnail","hentry","categories-establiment-tipus-boutique-de-gastronomie"],"acf":{"nom_establiment":"Torrons Vicens","text_introductori":"Chez Torrons Vicens, vous trouverez une grande vari\u00e9t\u00e9 de nougats et de chocolats de fabrication artisanale, mais auxquels la marque a ajout\u00e9 un haut degr\u00e9 d'innovation dans l\u2019association audacieuse des ingr\u00e9dients, ainsi que dans la pr\u00e9sentation des produits.","telefon":"(+34) 933 257 495","mail":"poblespanyol@vicens.com","web":"https:\/\/www.vicens.com\/es\/","xarxes":{"facebook":{"icona":"fa-facebook-f","url":"https:\/\/www.facebook.com\/torronsartesans"},"twitter":{"icona":"fa fa-tumblr","url":"https:\/\/twitter.com\/torronsvicens\/"},"instagram":{"icona":"fa-instagram","url":"https:\/\/www.instagram.com\/torronsvicens\/"}},"ubicacio_text":"Maison 106","galeria":null,"ubicacio":{"address":"Av. Francesc Ferrer i Gu\u00e0rdia, 13-27, 08038 Barcelona, Espa\u00f1a","lat":41.369110437300733,"lng":2.1473773421890119,"zoom":18,"place_id":"ChIJAWuOqXeipBIRZlw96ZGYjpQ","street_number":"13-27","street_name":"Avinguda Francesc Ferrer i Gu\u00e0rdia","street_name_short":"Av. Francesc Ferrer i Gu\u00e0rdia","city":"Barcelona","state":"Catalunya","state_short":"CT","post_code":8038,"country":"Espa\u00f1a","country_short":"ES"},"url_reserva":""},"_links":{"self":[{"href":"https:\/\/poble-espanyol.com\/fr\/wp-json\/wp\/v2\/establiment\/111771","targetHints":{"allow":["GET"]}}],"collection":[{"href":"https:\/\/poble-espanyol.com\/fr\/wp-json\/wp\/v2\/establiment"}],"about":[{"href":"https:\/\/poble-espanyol.com\/fr\/wp-json\/wp\/v2\/types\/establiment"}],"author":[{"embeddable":true,"href":"https:\/\/poble-espanyol.com\/fr\/wp-json\/wp\/v2\/users\/7"}],"replies":[{"embeddable":true,"href":"https:\/\/poble-espanyol.com\/fr\/wp-json\/wp\/v2\/comments?post=111771"}],"version-history":[{"count":1,"href":"https:\/\/poble-espanyol.com\/fr\/wp-json\/wp\/v2\/establiment\/111771\/revisions"}],"predecessor-version":[{"id":267067,"href":"https:\/\/poble-espanyol.com\/fr\/wp-json\/wp\/v2\/establiment\/111771\/revisions\/267067"}],"wp:featuredmedia":[{"embeddable":true,"href":"https:\/\/poble-espanyol.com\/fr\/wp-json\/wp\/v2\/media\/106619"}],"wp:attachment":[{"href":"https:\/\/poble-espanyol.com\/fr\/wp-json\/wp\/v2\/media?parent=111771"}],"wp:term":[{"taxonomy":"categories-establiment-tipus","embeddable":true,"href":"https:\/\/poble-espanyol.com\/fr\/wp-json\/wp\/v2\/categories-establiment-tipus?post=111771"}],"curies":[{"name":"wp","href":"https:\/\/api.w.org\/{rel}","templated":true}]}}

<p>Chez Torrons Vicens, vous trouverez une grande variété de nougats et de chocolats de fabrication artisanale, mais auxquels la marque a ajouté un haut degré d&rsquo;innovation dans l’association audacieuse des ingrédients, ainsi que dans la présentation des produits.</p>

Chez Torrons Vicens, vous trouverez une grande variété de nougats et de chocolats de fabrication artisanale, mais auxquels la marque a ajouté un haut degré d'innovation dans l’association audacieuse des ingrédients, ainsi que dans la présentation des produits.

Av. Francesc Ferrer i Guàrdia, 13-27, 08038 Barcelona, España

Avinguda Francesc Ferrer i Guàrdia

Av. Francesc Ferrer i Guàrdia

España
