{"id":271995,"date":"2024-05-06T17:47:56","date_gmt":"2024-05-06T15:47:56","guid":{"rendered":"https:\/\/poble-espanyol.com\/actividad\/barts-festival-antonito-molina-2\/"},"modified":"2026-01-08T19:02:16","modified_gmt":"2026-01-08T17:02:16","slug":"barts-festival-laxnbusto","status":"publish","type":"activitat","link":"https:\/\/poble-espanyol.com\/it\/actividad\/barts-festival-laxnbusto\/","title":{"rendered":"BARTS Festival &#8211; Lax&#8217;n&#8217;Busto"},"content":{"rendered":"","protected":false},"excerpt":{"rendered":"","protected":false},"author":4,"featured_media":271756,"comment_status":"closed","ping_status":"closed","template":"","meta":{"_acf_changed":false,"footnotes":""},"class_list":["post-271995","activitat","type-activitat","status-publish","has-post-thumbnail","hentry"],"acf":{"activitat_destacada":false,"activitats_destacades":false,"activitats_destacades_agenda":false,"activitats_destacades_activitats_familiars":false,"activitats_destacades_activitats_concerts":false,"url_comprar_entrades":"https:\/\/www.enterticket.es\/eventos\/laxnbusto-poble-espanyol-655425","nom_activitat":"BARTS Festival 2026","titol_previ_al_nom":"Una sala mitica trasformata in festival estivo","text_introductori":"La formazione storica dei Lax\u2019n\u2019Busto, composta da Pemi Fortuny, Jimmy Pi\u00f1ol, Pemi Rovirosa, Jes\u00fas Rovira, Cristian Gomez Montenegro ed Eduard Font, torner\u00e0 sui palchi nel 2026 con un tour celebrativo del loro primo concerto, che si tenne il 30 agosto 1986.\r\n\r\nIl repertorio dei Lax\u2019n\u2019Busto \u00e8 composto da veri e propri inni che fanno gi\u00e0 parte dell\u2019immaginario collettivo dei loro fan. Ogni canzone \u00e8 in grado di risvegliare ricordi ed emozioni, trasportandoci a quei dolci momenti dell\u2019adolescenza che tutti custodiamo con affetto. Vi invitiamo a rivivere queste canzoni dal vivo, a cantarle e sentirle come la prima volta, lasciandovi trasportare dalla magia di una band che ha segnato un\u2019intera generazione.","dates_activitat":[{"dia":"20260715","hora_inici":"21:00:00","hora_final":null}],"dies_i_horaris_visibles_a_fitxa":[{"dia_i_horari":"15 giugno 2026"},{"dia_i_horari":"Ora del concerto: 21:30"}],"data_destacada":"<p> 15 GIUGNO <\/p>","data_ordenacio":"2026-07-15 21:00:00","preu":null,"preu_destacat":"Da 44,00\u20ac","ubicacio":"","contingut_recomanat":"","categoria_slider":[],"text_previ_segona_explicacio":"","titular_segona_explicacio":"BARTS INIZIA UNA NUOVA TAPPA COME FESTIVAL ESTIVO AL POBLE ESPANYOL","text_posterior_segona_explicacio":"La mitica sala barcellonese trasferisce il suo spirito al Poble Espanyol per celebrare un'estate di concerti indimenticabili, dove i nomi storici dialogano con i referenti pi\u00f9 contemporanei.","text_detall_segona_explicacio":"","seccions_activitat":null,"bloc_activitats":null,"titol_previ_programa":"","titol_programa":"","pdf_programa":null,"programa_activitat":null,"titol_colaboradors":"","colaboradors":null,"titol_video":"","video":"https:\/\/youtu.be\/C4efn50oaVM","titol_galeria":"","galeria":null,"titol_previ_activitats":"","titol_activitats":"Altro dal BARTS Festival","activitats_relacionades":{"manual":""},"tipus_ae":[]},"_links":{"self":[{"href":"https:\/\/poble-espanyol.com\/it\/wp-json\/wp\/v2\/activitat\/271995","targetHints":{"allow":["GET"]}}],"collection":[{"href":"https:\/\/poble-espanyol.com\/it\/wp-json\/wp\/v2\/activitat"}],"about":[{"href":"https:\/\/poble-espanyol.com\/it\/wp-json\/wp\/v2\/types\/activitat"}],"author":[{"embeddable":true,"href":"https:\/\/poble-espanyol.com\/it\/wp-json\/wp\/v2\/users\/4"}],"replies":[{"embeddable":true,"href":"https:\/\/poble-espanyol.com\/it\/wp-json\/wp\/v2\/comments?post=271995"}],"version-history":[{"count":2,"href":"https:\/\/poble-espanyol.com\/it\/wp-json\/wp\/v2\/activitat\/271995\/revisions"}],"predecessor-version":[{"id":272002,"href":"https:\/\/poble-espanyol.com\/it\/wp-json\/wp\/v2\/activitat\/271995\/revisions\/272002"}],"wp:featuredmedia":[{"embeddable":true,"href":"https:\/\/poble-espanyol.com\/it\/wp-json\/wp\/v2\/media\/271756"}],"wp:attachment":[{"href":"https:\/\/poble-espanyol.com\/it\/wp-json\/wp\/v2\/media?parent=271995"}],"curies":[{"name":"wp","href":"https:\/\/api.w.org\/{rel}","templated":true}]}}

La formazione storica dei Lax’n’Busto, composta da Pemi Fortuny, Jimmy Piñol, Pemi Rovirosa, Jesús Rovira, Cristian Gomez Montenegro ed Eduard Font, tornerà sui palchi nel 2026 con un tour celebrativo del loro primo concerto, che si tenne il 30 agosto 1986.

Il repertorio dei Lax’n’Busto è composto da veri e propri inni che fanno già parte dell’immaginario collettivo dei loro fan. Ogni canzone è in grado di risvegliare ricordi ed emozioni, trasportandoci a quei dolci momenti dell’adolescenza che tutti custodiamo con affetto. Vi invitiamo a rivivere queste canzoni dal vivo, a cantarle e sentirle come la prima volta, lasciandovi trasportare dalla magia di una band che ha segnato un’intera generazione.

La mitica sala barcellonese trasferisce il suo spirito al Poble Espanyol per celebrare un'estate di concerti indimenticabili, dove i nomi storici dialogano con i referenti più contemporanei.
