{"id":272011,"date":"2024-05-06T17:47:56","date_gmt":"2024-05-06T15:47:56","guid":{"rendered":"https:\/\/poble-espanyol.com\/actividad\/barts-festival-belle-sebastian-2\/"},"modified":"2026-01-08T19:09:17","modified_gmt":"2026-01-08T17:09:17","slug":"barts-festival-ojete-calor","status":"publish","type":"activitat","link":"https:\/\/poble-espanyol.com\/it\/actividad\/barts-festival-ojete-calor\/","title":{"rendered":"BARTS Festival &#8211; Ojete Calor"},"content":{"rendered":"","protected":false},"excerpt":{"rendered":"","protected":false},"author":4,"featured_media":271702,"comment_status":"closed","ping_status":"closed","template":"","meta":{"_acf_changed":false,"footnotes":""},"class_list":["post-272011","activitat","type-activitat","status-publish","has-post-thumbnail","hentry"],"acf":{"activitat_destacada":false,"activitats_destacades":false,"activitats_destacades_agenda":false,"activitats_destacades_activitats_familiars":false,"activitats_destacades_activitats_concerts":false,"url_comprar_entrades":"https:\/\/www.enterticket.es\/eventos\/ojete-calor-poble-espanyol-483134","nom_activitat":"BARTS Festival 2026","titol_previ_al_nom":"Una sala mitica trasformata in festival estivo","text_introductori":"Ojete Calor torna. Un ritorno speciale, visto che non se ne sono mai andati. Anche se il loro nuovo tour fa pensare: Pu\u00f2 darsi che sia il nostro ultimo tour o forse un trucco per vendere pi\u00f9 biglietti \u2013 World Tour 2026.\r\n\r\nPrenditi una pausa, perch\u00e9 i re del Subnopop potrebbero essere pronti a fare un Andy e Look Us.\r\n\r\nSarebbe la tua ultima occasione per ascoltare dal vivo i loro gi\u00e0 mitici Mocatriz, Morreo, Agapim\u00fa, Tonta Gilip\u00f3 e altri grandi successi.","dates_activitat":[{"dia":"20260718","hora_inici":"21:00:00","hora_final":null}],"dies_i_horaris_visibles_a_fitxa":[{"dia_i_horari":"18 giugno 2026"},{"dia_i_horari":"Ora del concerto: 21:30"}],"data_destacada":"<p> 18 GIUGNO <\/p>","data_ordenacio":"2026-07-18 21:00:00","preu":null,"preu_destacat":"Da 41,80\u20ac","ubicacio":"","contingut_recomanat":"","categoria_slider":[],"text_previ_segona_explicacio":"","titular_segona_explicacio":"BARTS INIZIA UNA NUOVA TAPPA COME FESTIVAL ESTIVO AL POBLE ESPANYOL","text_posterior_segona_explicacio":"La mitica sala barcellonese trasferisce il suo spirito al Poble Espanyol per celebrare un'estate di concerti indimenticabili, dove i nomi storici dialogano con i referenti pi\u00f9 contemporanei.","text_detall_segona_explicacio":"","seccions_activitat":null,"bloc_activitats":null,"titol_previ_programa":"","titol_programa":"","pdf_programa":null,"programa_activitat":null,"titol_colaboradors":"","colaboradors":null,"titol_video":"","video":"https:\/\/youtu.be\/gpvAAFp_dfg","titol_galeria":"","galeria":null,"titol_previ_activitats":"","titol_activitats":"Altro dal BARTS Festival","activitats_relacionades":{"manual":""},"tipus_ae":[]},"_links":{"self":[{"href":"https:\/\/poble-espanyol.com\/it\/wp-json\/wp\/v2\/activitat\/272011","targetHints":{"allow":["GET"]}}],"collection":[{"href":"https:\/\/poble-espanyol.com\/it\/wp-json\/wp\/v2\/activitat"}],"about":[{"href":"https:\/\/poble-espanyol.com\/it\/wp-json\/wp\/v2\/types\/activitat"}],"author":[{"embeddable":true,"href":"https:\/\/poble-espanyol.com\/it\/wp-json\/wp\/v2\/users\/4"}],"replies":[{"embeddable":true,"href":"https:\/\/poble-espanyol.com\/it\/wp-json\/wp\/v2\/comments?post=272011"}],"version-history":[{"count":1,"href":"https:\/\/poble-espanyol.com\/it\/wp-json\/wp\/v2\/activitat\/272011\/revisions"}],"predecessor-version":[{"id":272017,"href":"https:\/\/poble-espanyol.com\/it\/wp-json\/wp\/v2\/activitat\/272011\/revisions\/272017"}],"wp:featuredmedia":[{"embeddable":true,"href":"https:\/\/poble-espanyol.com\/it\/wp-json\/wp\/v2\/media\/271702"}],"wp:attachment":[{"href":"https:\/\/poble-espanyol.com\/it\/wp-json\/wp\/v2\/media?parent=272011"}],"curies":[{"name":"wp","href":"https:\/\/api.w.org\/{rel}","templated":true}]}}

Ojete Calor torna. Un ritorno speciale, visto che non se ne sono mai andati. Anche se il loro nuovo tour fa pensare: Può darsi che sia il nostro ultimo tour o forse un trucco per vendere più biglietti – World Tour 2026.

Prenditi una pausa, perché i re del Subnopop potrebbero essere pronti a fare un Andy e Look Us.

Sarebbe la tua ultima occasione per ascoltare dal vivo i loro già mitici Mocatriz, Morreo, Agapimú, Tonta Gilipó e altri grandi successi.

La mitica sala barcellonese trasferisce il suo spirito al Poble Espanyol per celebrare un'estate di concerti indimenticabili, dove i nomi storici dialogano con i referenti più contemporanei.
