{"id":272450,"date":"2024-05-06T17:47:56","date_gmt":"2024-05-06T15:47:56","guid":{"rendered":"https:\/\/poble-espanyol.com\/actividad\/barts-festival-biffy-clyro-2\/"},"modified":"2026-01-16T14:40:29","modified_gmt":"2026-01-16T12:40:29","slug":"barts-festival-charlie-puth","status":"publish","type":"activitat","link":"https:\/\/poble-espanyol.com\/it\/actividad\/barts-festival-charlie-puth\/","title":{"rendered":"BARTS Festival &#8211; Charlie Puth"},"content":{"rendered":"","protected":false},"excerpt":{"rendered":"","protected":false},"author":4,"featured_media":272440,"comment_status":"closed","ping_status":"closed","template":"","meta":{"_acf_changed":false,"footnotes":""},"class_list":["post-272450","activitat","type-activitat","status-publish","has-post-thumbnail","hentry"],"acf":{"activitat_destacada":false,"activitats_destacades":false,"activitats_destacades_agenda":false,"activitats_destacades_activitats_familiars":false,"activitats_destacades_activitats_concerts":false,"url_comprar_entrades":"https:\/\/www.enterticket.es\/eventos\/charlie-puth-poble-espanyol-189814","nom_activitat":"BARTS Festival 2026","titol_previ_al_nom":"Una sala mitica trasformata in festival estivo","text_introductori":"Cantante, musicista, produttore e compositore, Charlie Puth ha conquistato fan in tutto il mondo non solo con la sua musica irresistibile, ma anche attraverso i suoi social media, dove i suoi video che mostrano il processo creativo dietro i suoi brani hanno attirato quasi 20 milioni di follower.\r\n\r\nOra, alla vigilia dell\u2019uscita del suo quarto album in studio, l\u2019artista multiplatino annuncia il tour pi\u00f9 ambizioso della sua carriera. Accompagnato da una band di altissimo livello, Charlie Puth porter\u00e0 sul palco del BARTS Festival i suoi pi\u00f9 grandi successi come Attention, We Don\u2019t Talk Anymore, See You Again e molti altri, in uno spettacolo dal vivo che sar\u00e0 sicuramente un\u2019esperienza davvero indimenticabile.\r\n\r\nNon perdere la tappa di Barcellona di una delle pi\u00f9 grandi star del momento!","dates_activitat":[{"dia":"20260708","hora_inici":"21:00:00","hora_final":null}],"dies_i_horaris_visibles_a_fitxa":[{"dia_i_horari":"8 giugno 2026"},{"dia_i_horari":"Ora del concerto: 21:30"}],"data_destacada":"<p> 8 GIUGNO <\/p>","data_ordenacio":"2026-07-08 21:00:00","preu":null,"preu_destacat":"Da 59,40\u20ac","ubicacio":"","contingut_recomanat":"","categoria_slider":[],"text_previ_segona_explicacio":"","titular_segona_explicacio":"BARTS INIZIA UNA NUOVA TAPPA COME FESTIVAL ESTIVO AL POBLE ESPANYOL","text_posterior_segona_explicacio":"La mitica sala barcellonese trasferisce il suo spirito al Poble Espanyol per celebrare un'estate di concerti indimenticabili, dove i nomi storici dialogano con i referenti pi\u00f9 contemporanei.","text_detall_segona_explicacio":"","seccions_activitat":null,"bloc_activitats":null,"titol_previ_programa":"","titol_programa":"","pdf_programa":null,"programa_activitat":null,"titol_colaboradors":"","colaboradors":null,"titol_video":"","video":"https:\/\/youtu.be\/NvHXKIrBiR8?si=AlAMMqvTMj-5YoWn","titol_galeria":"","galeria":null,"titol_previ_activitats":"","titol_activitats":"Altro dal BARTS Festival","activitats_relacionades":{"manual":""},"tipus_ae":[]},"_links":{"self":[{"href":"https:\/\/poble-espanyol.com\/it\/wp-json\/wp\/v2\/activitat\/272450","targetHints":{"allow":["GET"]}}],"collection":[{"href":"https:\/\/poble-espanyol.com\/it\/wp-json\/wp\/v2\/activitat"}],"about":[{"href":"https:\/\/poble-espanyol.com\/it\/wp-json\/wp\/v2\/types\/activitat"}],"author":[{"embeddable":true,"href":"https:\/\/poble-espanyol.com\/it\/wp-json\/wp\/v2\/users\/4"}],"replies":[{"embeddable":true,"href":"https:\/\/poble-espanyol.com\/it\/wp-json\/wp\/v2\/comments?post=272450"}],"version-history":[{"count":1,"href":"https:\/\/poble-espanyol.com\/it\/wp-json\/wp\/v2\/activitat\/272450\/revisions"}],"predecessor-version":[{"id":272456,"href":"https:\/\/poble-espanyol.com\/it\/wp-json\/wp\/v2\/activitat\/272450\/revisions\/272456"}],"wp:featuredmedia":[{"embeddable":true,"href":"https:\/\/poble-espanyol.com\/it\/wp-json\/wp\/v2\/media\/272440"}],"wp:attachment":[{"href":"https:\/\/poble-espanyol.com\/it\/wp-json\/wp\/v2\/media?parent=272450"}],"curies":[{"name":"wp","href":"https:\/\/api.w.org\/{rel}","templated":true}]}}

Cantante, musicista, produttore e compositore, Charlie Puth ha conquistato fan in tutto il mondo non solo con la sua musica irresistibile, ma anche attraverso i suoi social media, dove i suoi video che mostrano il processo creativo dietro i suoi brani hanno attirato quasi 20 milioni di follower.

Ora, alla vigilia dell’uscita del suo quarto album in studio, l’artista multiplatino annuncia il tour più ambizioso della sua carriera. Accompagnato da una band di altissimo livello, Charlie Puth porterà sul palco del BARTS Festival i suoi più grandi successi come Attention, We Don’t Talk Anymore, See You Again e molti altri, in uno spettacolo dal vivo che sarà sicuramente un’esperienza davvero indimenticabile.

Non perdere la tappa di Barcellona di una delle più grandi star del momento!

La mitica sala barcellonese trasferisce il suo spirito al Poble Espanyol per celebrare un'estate di concerti indimenticabili, dove i nomi storici dialogano con i referenti più contemporanei.
