{"id":273462,"date":"2024-05-06T17:47:56","date_gmt":"2024-05-06T15:47:56","guid":{"rendered":"https:\/\/poble-espanyol.com\/actividad\/barts-festival-maria-becerra-2\/"},"modified":"2026-02-17T14:13:33","modified_gmt":"2026-02-17T12:13:33","slug":"barts-festival-silvestre-dangond","status":"publish","type":"activitat","link":"https:\/\/poble-espanyol.com\/it\/actividad\/barts-festival-silvestre-dangond\/","title":{"rendered":"BARTS Festival &#8211; Silvestre Dangond"},"content":{"rendered":"","protected":false},"excerpt":{"rendered":"","protected":false},"author":4,"featured_media":273454,"comment_status":"closed","ping_status":"closed","template":"","meta":{"_acf_changed":false,"footnotes":""},"class_list":["post-273462","activitat","type-activitat","status-publish","has-post-thumbnail","hentry"],"acf":{"activitat_destacada":false,"activitats_destacades":false,"activitats_destacades_agenda":false,"activitats_destacades_activitats_familiars":false,"activitats_destacades_activitats_concerts":false,"url_comprar_entrades":"https:\/\/www.enterticket.es\/eventos\/silvestre-dangond-poble-espanyol-936913","nom_activitat":"BARTS Festival 2026","titol_previ_al_nom":"Una sala mitica trasformata in festival estivo","text_introductori":"Silvestre Dangond, una delle figure pi\u00f9 influenti e riconosciute della musica latina, conferma il suo atteso ritorno in Spagna con El baile de todos, un tour che promette di diventare uno dei grandi eventi musicali dell\u2019estate.\r\n\r\nL\u2019artista colombiano ritrova il suo pubblico dopo il successo delle precedenti visite, riaffermando il forte legame con la Spagna, uno dei territori europei dove la sua musica vanta una base di fan sempre pi\u00f9 ampia e fedele.\r\n\r\nIl tour accompagna l\u2019album omonimo, un progetto che segna una delle fasi pi\u00f9 riuscite della sua carriera. L\u2019artista ha recentemente ottenuto un Latin GRAMMY e quattro nomination ai Premio Lo Nuestro 2026, riaffermando la sua rilevanza e leadership nella musica latina contemporanea.\r\n\r\nNel corso della sua carriera, ha consolidato una solida carriera internazionale, con una discografia ricca di successi e collaborazioni con artisti come Sebasti\u00e1n Yatra, Car\u00edn Le\u00f3n, Fonseca e Emilia Mernes, dimostrando la sua versatilit\u00e0 artistica e la capacit\u00e0 di connettersi con diverse generazioni.","dates_activitat":[{"dia":"20260724","hora_inici":"21:00:00","hora_final":null}],"dies_i_horaris_visibles_a_fitxa":[{"dia_i_horari":"24 luglio 2026"},{"dia_i_horari":"Ora del concerto: 21:30"}],"data_destacada":"<p> 24 LUGLIO <\/p>","data_ordenacio":"2026-07-24 21:00:00","preu":null,"preu_destacat":"Da 55,00\u20ac","ubicacio":"","contingut_recomanat":"","categoria_slider":[],"text_previ_segona_explicacio":"","titular_segona_explicacio":"BARTS INIZIA UNA NUOVA TAPPA COME FESTIVAL ESTIVO AL POBLE ESPANYOL","text_posterior_segona_explicacio":"La mitica sala barcellonese trasferisce il suo spirito al Poble Espanyol per celebrare un'estate di concerti indimenticabili, dove i nomi storici dialogano con i referenti pi\u00f9 contemporanei.","text_detall_segona_explicacio":"","seccions_activitat":null,"bloc_activitats":null,"titol_previ_programa":"","titol_programa":"","pdf_programa":null,"programa_activitat":null,"titol_colaboradors":"","colaboradors":null,"titol_video":"","video":"https:\/\/youtu.be\/7qix3jy5QdA","titol_galeria":"","galeria":null,"titol_previ_activitats":"","titol_activitats":"Altro dal BARTS Festival","activitats_relacionades":{"manual":""},"tipus_ae":[]},"_links":{"self":[{"href":"https:\/\/poble-espanyol.com\/it\/wp-json\/wp\/v2\/activitat\/273462","targetHints":{"allow":["GET"]}}],"collection":[{"href":"https:\/\/poble-espanyol.com\/it\/wp-json\/wp\/v2\/activitat"}],"about":[{"href":"https:\/\/poble-espanyol.com\/it\/wp-json\/wp\/v2\/types\/activitat"}],"author":[{"embeddable":true,"href":"https:\/\/poble-espanyol.com\/it\/wp-json\/wp\/v2\/users\/4"}],"replies":[{"embeddable":true,"href":"https:\/\/poble-espanyol.com\/it\/wp-json\/wp\/v2\/comments?post=273462"}],"version-history":[{"count":1,"href":"https:\/\/poble-espanyol.com\/it\/wp-json\/wp\/v2\/activitat\/273462\/revisions"}],"predecessor-version":[{"id":273463,"href":"https:\/\/poble-espanyol.com\/it\/wp-json\/wp\/v2\/activitat\/273462\/revisions\/273463"}],"wp:featuredmedia":[{"embeddable":true,"href":"https:\/\/poble-espanyol.com\/it\/wp-json\/wp\/v2\/media\/273454"}],"wp:attachment":[{"href":"https:\/\/poble-espanyol.com\/it\/wp-json\/wp\/v2\/media?parent=273462"}],"curies":[{"name":"wp","href":"https:\/\/api.w.org\/{rel}","templated":true}]}}

Silvestre Dangond, una delle figure più influenti e riconosciute della musica latina, conferma il suo atteso ritorno in Spagna con El baile de todos, un tour che promette di diventare uno dei grandi eventi musicali dell’estate.

L’artista colombiano ritrova il suo pubblico dopo il successo delle precedenti visite, riaffermando il forte legame con la Spagna, uno dei territori europei dove la sua musica vanta una base di fan sempre più ampia e fedele.

Il tour accompagna l’album omonimo, un progetto che segna una delle fasi più riuscite della sua carriera. L’artista ha recentemente ottenuto un Latin GRAMMY e quattro nomination ai Premio Lo Nuestro 2026, riaffermando la sua rilevanza e leadership nella musica latina contemporanea.

Nel corso della sua carriera, ha consolidato una solida carriera internazionale, con una discografia ricca di successi e collaborazioni con artisti come Sebastián Yatra, Carín León, Fonseca e Emilia Mernes, dimostrando la sua versatilità artistica e la capacità di connettersi con diverse generazioni.

La mitica sala barcellonese trasferisce il suo spirito al Poble Espanyol per celebrare un'estate di concerti indimenticabili, dove i nomi storici dialogano con i referenti più contemporanei.
