{"id":257900,"date":"2025-06-30T15:57:10","date_gmt":"2025-06-30T13:57:10","guid":{"rendered":"https:\/\/poble-espanyol.com\/edificio\/can-banus\/"},"modified":"2025-07-02T14:29:54","modified_gmt":"2025-07-02T12:29:54","slug":"can-banus","status":"publish","type":"edifici","link":"https:\/\/poble-espanyol.com\/it\/edificio\/can-banus\/","title":{"rendered":"Can Ban\u00fas"},"content":{"rendered":"","protected":false},"excerpt":{"rendered":"<p>Can Ban\u00fas \u00e8 una casa inclusa nell&#8217;Inventario del Patrimonio Architettonico della Catalogna e si trova nel villaggio di Rupit i Pruit.<br \/>\nL&#8217;edificio \u00e8 costruito in pietra e presenta elementi in rilievo in pietra vaiolata. Si trova tra muri divisori e poggia sulle irregolarit\u00e0 della roccia.<br \/>\nL&#8217;importanza di questa casa risiede nella sua bellezza architettonica e nell&#8217;unit\u00e0 degli edifici che la compongono. <\/p>\n","protected":false},"author":7,"featured_media":107983,"comment_status":"open","ping_status":"closed","template":"","meta":{"_acf_changed":false,"footnotes":""},"categories-edifici-poble":[15513],"class_list":["post-257900","edifici","type-edifici","status-publish","has-post-thumbnail","hentry","categories-edifici-poble-mediterraneo-it"],"acf":{"nom_edifici":"Can Ban\u00fas","titol_previ":"Can Ban\u00fas (Rupit, Barcellona)","text_introductori":"Can Ban\u00fas \u00e8 una casa inclusa nell'Inventario del Patrimonio Architettonico della Catalogna e si trova nel villaggio di Rupit i Pruit.\r\nL'edificio \u00e8 costruito in pietra e presenta elementi in rilievo in pietra vaiolata. Si trova tra muri divisori e poggia sulle irregolarit\u00e0 della roccia.\r\nL'importanza di questa casa risiede nella sua bellezza architettonica e nell'unit\u00e0 degli edifici che la compongono.","fotos_adicionals":"","titular_segona_explicacio":"","text_posterior_segona_explicacio":"","text_previ_segona_explicacio":"","text_detall_segona_explicacio":"","seccions_edifici":null,"ubicacio":{"address":"Av. Francesc Ferrer i Gu\u00e0rdia, 13, 08038 Barcelona, Espa\u00f1a","lat":41.368693763458324,"lng":2.1486326160079816,"zoom":19,"place_id":"ChIJCzqCsneipBIRYX7hn48xvoM","street_number":13,"street_name":"Avinguda Francesc Ferrer i Gu\u00e0rdia","street_name_short":"Av. Francesc Ferrer i Gu\u00e0rdia","city":"Barcelona","state":"Catalunya","state_short":"CT","post_code":8038,"country":"Espa\u00f1a","country_short":"ES"}},"_links":{"self":[{"href":"https:\/\/poble-espanyol.com\/it\/wp-json\/wp\/v2\/edifici\/257900","targetHints":{"allow":["GET"]}}],"collection":[{"href":"https:\/\/poble-espanyol.com\/it\/wp-json\/wp\/v2\/edifici"}],"about":[{"href":"https:\/\/poble-espanyol.com\/it\/wp-json\/wp\/v2\/types\/edifici"}],"author":[{"embeddable":true,"href":"https:\/\/poble-espanyol.com\/it\/wp-json\/wp\/v2\/users\/7"}],"replies":[{"embeddable":true,"href":"https:\/\/poble-espanyol.com\/it\/wp-json\/wp\/v2\/comments?post=257900"}],"version-history":[{"count":2,"href":"https:\/\/poble-espanyol.com\/it\/wp-json\/wp\/v2\/edifici\/257900\/revisions"}],"predecessor-version":[{"id":258446,"href":"https:\/\/poble-espanyol.com\/it\/wp-json\/wp\/v2\/edifici\/257900\/revisions\/258446"}],"wp:featuredmedia":[{"embeddable":true,"href":"https:\/\/poble-espanyol.com\/it\/wp-json\/wp\/v2\/media\/107983"}],"wp:attachment":[{"href":"https:\/\/poble-espanyol.com\/it\/wp-json\/wp\/v2\/media?parent=257900"}],"wp:term":[{"taxonomy":"categories-edifici-poble","embeddable":true,"href":"https:\/\/poble-espanyol.com\/it\/wp-json\/wp\/v2\/categories-edifici-poble?post=257900"}],"curies":[{"name":"wp","href":"https:\/\/api.w.org\/{rel}","templated":true}]}}

Can Banús

<p>Can Banús è una casa inclusa nell&#8217;Inventario del Patrimonio Architettonico della Catalogna e si trova nel villaggio di Rupit i Pruit.<br />
L&#8217;edificio è costruito in pietra e presenta elementi in rilievo in pietra vaiolata. Si trova tra muri divisori e poggia sulle irregolarità della roccia.<br />
L&#8217;importanza di questa casa risiede nella sua bellezza architettonica e nell&#8217;unità degli edifici che la compongono. </p>

Can Banús (Rupit, Barcellona)

Can Banús è una casa inclusa nell'Inventario del Patrimonio Architettonico della Catalogna e si trova nel villaggio di Rupit i Pruit.
L'edificio è costruito in pietra e presenta elementi in rilievo in pietra vaiolata. Si trova tra muri divisori e poggia sulle irregolarità della roccia.
L'importanza di questa casa risiede nella sua bellezza architettonica e nell'unità degli edifici che la compongono.

Av. Francesc Ferrer i Guàrdia, 13, 08038 Barcelona, España

Avinguda Francesc Ferrer i Guàrdia

Av. Francesc Ferrer i Guàrdia

España
