{"id":257906,"date":"2025-07-01T08:33:59","date_gmt":"2025-07-01T06:33:59","guid":{"rendered":"https:\/\/poble-espanyol.com\/edificio\/can-lo\/"},"modified":"2025-07-02T15:33:23","modified_gmt":"2025-07-02T13:33:23","slug":"can-lo","status":"publish","type":"edifici","link":"https:\/\/poble-espanyol.com\/it\/edificio\/can-lo\/","title":{"rendered":"Can Lo"},"content":{"rendered":"","protected":false},"excerpt":{"rendered":"<p>Rupit i Pruit si trova nella regione di Osona ed \u00e8 considerato uno dei villaggi pi\u00f9 belli della Spagna.<br \/>\n\u00c8 costituito da piccole strade acciottolate situate su una scogliera e circondate da una parete naturale grazie al torrente Rupit. Il villaggio ha case in pietra costruite tra il XVI e il XVIII secolo e molte di esse sono state trasformate in case rurali, ristoranti, negozi&#8230; <\/p>\n","protected":false},"author":7,"featured_media":107952,"comment_status":"open","ping_status":"closed","template":"","meta":{"_acf_changed":false,"footnotes":""},"categories-edifici-poble":[15513],"class_list":["post-257906","edifici","type-edifici","status-publish","has-post-thumbnail","hentry","categories-edifici-poble-mediterraneo-it"],"acf":{"nom_edifici":"Can Lo","titol_previ":"Can Lo (Rupit, Barcellona)","text_introductori":"Rupit i Pruit si trova nella regione di Osona ed \u00e8 considerato uno dei villaggi pi\u00f9 belli della Spagna.\r\n\u00c8 costituito da piccole strade acciottolate situate su una scogliera e circondate da una parete naturale grazie al torrente Rupit. Il villaggio ha case in pietra costruite tra il XVI e il XVIII secolo e molte di esse sono state trasformate in case rurali, ristoranti, negozi...","fotos_adicionals":"","titular_segona_explicacio":"","text_posterior_segona_explicacio":"","text_previ_segona_explicacio":"","text_detall_segona_explicacio":"","seccions_edifici":null,"ubicacio":{"address":"Av. Francesc Ferrer i Gu\u00e0rdia, 13, 08038 Barcelona, Espa\u00f1a","lat":41.369096346924557,"lng":2.1487694086677411,"zoom":19,"place_id":"ChIJ33lIIneipBIRFaKLFbYb9jc","street_number":13,"street_name":"Avinguda Francesc Ferrer i Gu\u00e0rdia","street_name_short":"Av. Francesc Ferrer i Gu\u00e0rdia","city":"Barcelona","state":"Catalunya","state_short":"CT","post_code":8038,"country":"Espa\u00f1a","country_short":"ES"}},"_links":{"self":[{"href":"https:\/\/poble-espanyol.com\/it\/wp-json\/wp\/v2\/edifici\/257906","targetHints":{"allow":["GET"]}}],"collection":[{"href":"https:\/\/poble-espanyol.com\/it\/wp-json\/wp\/v2\/edifici"}],"about":[{"href":"https:\/\/poble-espanyol.com\/it\/wp-json\/wp\/v2\/types\/edifici"}],"author":[{"embeddable":true,"href":"https:\/\/poble-espanyol.com\/it\/wp-json\/wp\/v2\/users\/7"}],"replies":[{"embeddable":true,"href":"https:\/\/poble-espanyol.com\/it\/wp-json\/wp\/v2\/comments?post=257906"}],"version-history":[{"count":2,"href":"https:\/\/poble-espanyol.com\/it\/wp-json\/wp\/v2\/edifici\/257906\/revisions"}],"predecessor-version":[{"id":258448,"href":"https:\/\/poble-espanyol.com\/it\/wp-json\/wp\/v2\/edifici\/257906\/revisions\/258448"}],"wp:featuredmedia":[{"embeddable":true,"href":"https:\/\/poble-espanyol.com\/it\/wp-json\/wp\/v2\/media\/107952"}],"wp:attachment":[{"href":"https:\/\/poble-espanyol.com\/it\/wp-json\/wp\/v2\/media?parent=257906"}],"wp:term":[{"taxonomy":"categories-edifici-poble","embeddable":true,"href":"https:\/\/poble-espanyol.com\/it\/wp-json\/wp\/v2\/categories-edifici-poble?post=257906"}],"curies":[{"name":"wp","href":"https:\/\/api.w.org\/{rel}","templated":true}]}}

<p>Rupit i Pruit si trova nella regione di Osona ed è considerato uno dei villaggi più belli della Spagna.<br />
È costituito da piccole strade acciottolate situate su una scogliera e circondate da una parete naturale grazie al torrente Rupit. Il villaggio ha case in pietra costruite tra il XVI e il XVIII secolo e molte di esse sono state trasformate in case rurali, ristoranti, negozi&#8230; </p>

Rupit i Pruit si trova nella regione di Osona ed è considerato uno dei villaggi più belli della Spagna.
È costituito da piccole strade acciottolate situate su una scogliera e circondate da una parete naturale grazie al torrente Rupit. Il villaggio ha case in pietra costruite tra il XVI e il XVIII secolo e molte di esse sono state trasformate in case rurali, ristoranti, negozi...

Av. Francesc Ferrer i Guàrdia, 13, 08038 Barcelona, España

Avinguda Francesc Ferrer i Guàrdia

Av. Francesc Ferrer i Guàrdia

España
