{"id":257909,"date":"2025-07-01T08:35:16","date_gmt":"2025-07-01T06:35:16","guid":{"rendered":"https:\/\/poble-espanyol.com\/edificio\/can-rovira\/"},"modified":"2025-07-02T15:34:27","modified_gmt":"2025-07-02T13:34:27","slug":"can-rovira","status":"publish","type":"edifici","link":"https:\/\/poble-espanyol.com\/it\/edificio\/can-rovira\/","title":{"rendered":"Can Rovira"},"content":{"rendered":"","protected":false},"excerpt":{"rendered":"<p>Rupit i Pruit si trova nella regione di Osona ed \u00e8 considerato uno dei villaggi pi\u00f9 belli della Spagna.<br \/>\n\u00c8 costituito da piccole strade acciottolate situate su una scogliera e circondate da una parete naturale grazie al torrente Rupit. Il villaggio ha case in pietra costruite tra il XVI e il XVIII secolo e molte di esse sono state trasformate in case rurali, ristoranti, negozi&#8230; <\/p>\n","protected":false},"author":7,"featured_media":107961,"comment_status":"open","ping_status":"closed","template":"","meta":{"_acf_changed":false,"footnotes":""},"categories-edifici-poble":[15513],"class_list":["post-257909","edifici","type-edifici","status-publish","has-post-thumbnail","hentry","categories-edifici-poble-mediterraneo-it"],"acf":{"nom_edifici":"Can Rovira","titol_previ":"Can Rovira (Rupit, Barcellona)","text_introductori":"Rupit i Pruit si trova nella regione di Osona ed \u00e8 considerato uno dei villaggi pi\u00f9 belli della Spagna.\r\n\u00c8 costituito da piccole strade acciottolate situate su una scogliera e circondate da una parete naturale grazie al torrente Rupit. Il villaggio ha case in pietra costruite tra il XVI e il XVIII secolo e molte di esse sono state trasformate in case rurali, ristoranti, negozi...","fotos_adicionals":"","titular_segona_explicacio":"","text_posterior_segona_explicacio":"","text_previ_segona_explicacio":"","text_detall_segona_explicacio":"","seccions_edifici":null,"ubicacio":{"address":"Av. Francesc Ferrer i Gu\u00e0rdia, 13, 08038 Barcelona, Espa\u00f1a","lat":41.368985636719671,"lng":2.1490671338683942,"zoom":20,"place_id":"ChIJ6S8pIHeipBIRry9X58Mz-8E","street_number":13,"street_name":"Avinguda Francesc Ferrer i Gu\u00e0rdia","street_name_short":"Av. Francesc Ferrer i Gu\u00e0rdia","city":"Barcelona","state":"Catalunya","state_short":"CT","post_code":8038,"country":"Espa\u00f1a","country_short":"ES"}},"_links":{"self":[{"href":"https:\/\/poble-espanyol.com\/it\/wp-json\/wp\/v2\/edifici\/257909","targetHints":{"allow":["GET"]}}],"collection":[{"href":"https:\/\/poble-espanyol.com\/it\/wp-json\/wp\/v2\/edifici"}],"about":[{"href":"https:\/\/poble-espanyol.com\/it\/wp-json\/wp\/v2\/types\/edifici"}],"author":[{"embeddable":true,"href":"https:\/\/poble-espanyol.com\/it\/wp-json\/wp\/v2\/users\/7"}],"replies":[{"embeddable":true,"href":"https:\/\/poble-espanyol.com\/it\/wp-json\/wp\/v2\/comments?post=257909"}],"version-history":[{"count":2,"href":"https:\/\/poble-espanyol.com\/it\/wp-json\/wp\/v2\/edifici\/257909\/revisions"}],"predecessor-version":[{"id":258449,"href":"https:\/\/poble-espanyol.com\/it\/wp-json\/wp\/v2\/edifici\/257909\/revisions\/258449"}],"wp:featuredmedia":[{"embeddable":true,"href":"https:\/\/poble-espanyol.com\/it\/wp-json\/wp\/v2\/media\/107961"}],"wp:attachment":[{"href":"https:\/\/poble-espanyol.com\/it\/wp-json\/wp\/v2\/media?parent=257909"}],"wp:term":[{"taxonomy":"categories-edifici-poble","embeddable":true,"href":"https:\/\/poble-espanyol.com\/it\/wp-json\/wp\/v2\/categories-edifici-poble?post=257909"}],"curies":[{"name":"wp","href":"https:\/\/api.w.org\/{rel}","templated":true}]}}

<p>Rupit i Pruit si trova nella regione di Osona ed è considerato uno dei villaggi più belli della Spagna.<br />
È costituito da piccole strade acciottolate situate su una scogliera e circondate da una parete naturale grazie al torrente Rupit. Il villaggio ha case in pietra costruite tra il XVI e il XVIII secolo e molte di esse sono state trasformate in case rurali, ristoranti, negozi&#8230; </p>

Rupit i Pruit si trova nella regione di Osona ed è considerato uno dei villaggi più belli della Spagna.
È costituito da piccole strade acciottolate situate su una scogliera e circondate da una parete naturale grazie al torrente Rupit. Il villaggio ha case in pietra costruite tra il XVI e il XVIII secolo e molte di esse sono state trasformate in case rurali, ristoranti, negozi...

Av. Francesc Ferrer i Guàrdia, 13, 08038 Barcelona, España

Avinguda Francesc Ferrer i Guàrdia

Av. Francesc Ferrer i Guàrdia

España
