{"id":257931,"date":"2025-07-01T08:45:50","date_gmt":"2025-07-01T06:45:50","guid":{"rendered":"https:\/\/poble-espanyol.com\/edificio\/palazzo-comunale\/"},"modified":"2025-07-03T09:09:19","modified_gmt":"2025-07-03T07:09:19","slug":"palazzo-comunale","status":"publish","type":"edifici","link":"https:\/\/poble-espanyol.com\/it\/edificio\/palazzo-comunale\/","title":{"rendered":"Palazzo Comunale"},"content":{"rendered":"","protected":false},"excerpt":{"rendered":"<p>L&#8217;edificio del Municipio di La Fresneda \u00e8 un ottimo esempio di palazzo comunale tipico della Bassa Aragona, costruito alla fine del XVI secolo e composto da elementi gotici e rinascimentali. Nel 2002 \u00e8 stato dichiarato Bene di interesse culturale.<br \/>\nIl palazzo si sviluppa su tre piani con tre facciate diverse. La facciata principale \u00e8 rinascimentale, quella laterale tardogotica.  <\/p>\n","protected":false},"author":7,"featured_media":108898,"comment_status":"open","ping_status":"closed","template":"","meta":{"_acf_changed":false,"footnotes":""},"categories-edifici-poble":[15505],"class_list":["post-257931","edifici","type-edifici","status-publish","has-post-thumbnail","hentry","categories-edifici-poble-centro-it"],"acf":{"nom_edifici":"Casa Consistorial de La Fresneda","titol_previ":"Palazzo Comunale (La Fresneda, Teruel)","text_introductori":"L'edificio del Municipio di La Fresneda \u00e8 un ottimo esempio di palazzo comunale tipico della Bassa Aragona, costruito alla fine del XVI secolo e composto da elementi gotici e rinascimentali. Nel 2002 \u00e8 stato dichiarato Bene di interesse culturale.\r\nIl palazzo si sviluppa su tre piani con tre facciate diverse. La facciata principale \u00e8 rinascimentale, quella laterale tardogotica.","fotos_adicionals":"","titular_segona_explicacio":"","text_posterior_segona_explicacio":"","text_previ_segona_explicacio":"","text_detall_segona_explicacio":"","seccions_edifici":null,"ubicacio":{"address":"Av. Francesc Ferrer i Gu\u00e0rdia, 13, 08038 Barcelona, Espa\u00f1a","lat":41.36884875838772,"lng":2.146551221812425,"zoom":19,"place_id":"ChIJGRRzs3eipBIR0KMCZO3SDxQ","street_number":13,"street_name":"Avinguda Francesc Ferrer i Gu\u00e0rdia","street_name_short":"Av. Francesc Ferrer i Gu\u00e0rdia","city":"Barcelona","state":"Catalunya","state_short":"CT","post_code":8038,"country":"Espa\u00f1a","country_short":"ES"}},"_links":{"self":[{"href":"https:\/\/poble-espanyol.com\/it\/wp-json\/wp\/v2\/edifici\/257931","targetHints":{"allow":["GET"]}}],"collection":[{"href":"https:\/\/poble-espanyol.com\/it\/wp-json\/wp\/v2\/edifici"}],"about":[{"href":"https:\/\/poble-espanyol.com\/it\/wp-json\/wp\/v2\/types\/edifici"}],"author":[{"embeddable":true,"href":"https:\/\/poble-espanyol.com\/it\/wp-json\/wp\/v2\/users\/7"}],"replies":[{"embeddable":true,"href":"https:\/\/poble-espanyol.com\/it\/wp-json\/wp\/v2\/comments?post=257931"}],"version-history":[{"count":2,"href":"https:\/\/poble-espanyol.com\/it\/wp-json\/wp\/v2\/edifici\/257931\/revisions"}],"predecessor-version":[{"id":258523,"href":"https:\/\/poble-espanyol.com\/it\/wp-json\/wp\/v2\/edifici\/257931\/revisions\/258523"}],"wp:featuredmedia":[{"embeddable":true,"href":"https:\/\/poble-espanyol.com\/it\/wp-json\/wp\/v2\/media\/108898"}],"wp:attachment":[{"href":"https:\/\/poble-espanyol.com\/it\/wp-json\/wp\/v2\/media?parent=257931"}],"wp:term":[{"taxonomy":"categories-edifici-poble","embeddable":true,"href":"https:\/\/poble-espanyol.com\/it\/wp-json\/wp\/v2\/categories-edifici-poble?post=257931"}],"curies":[{"name":"wp","href":"https:\/\/api.w.org\/{rel}","templated":true}]}}

<p>L&#8217;edificio del Municipio di La Fresneda è un ottimo esempio di palazzo comunale tipico della Bassa Aragona, costruito alla fine del XVI secolo e composto da elementi gotici e rinascimentali. Nel 2002 è stato dichiarato Bene di interesse culturale.<br />
Il palazzo si sviluppa su tre piani con tre facciate diverse. La facciata principale è rinascimentale, quella laterale tardogotica.  </p>

L'edificio del Municipio di La Fresneda è un ottimo esempio di palazzo comunale tipico della Bassa Aragona, costruito alla fine del XVI secolo e composto da elementi gotici e rinascimentali. Nel 2002 è stato dichiarato Bene di interesse culturale.
Il palazzo si sviluppa su tre piani con tre facciate diverse. La facciata principale è rinascimentale, quella laterale tardogotica.

Av. Francesc Ferrer i Guàrdia, 13, 08038 Barcelona, España

Avinguda Francesc Ferrer i Guàrdia

Av. Francesc Ferrer i Guàrdia

España
