{"id":257947,"date":"2025-07-01T08:51:23","date_gmt":"2025-07-01T06:51:23","guid":{"rendered":"https:\/\/poble-espanyol.com\/edificio\/casa-de-garcia-de-veas\/"},"modified":"2025-07-02T15:41:29","modified_gmt":"2025-07-02T13:41:29","slug":"casa-de-garcia-de-veas","status":"publish","type":"edifici","link":"https:\/\/poble-espanyol.com\/it\/edificio\/casa-de-garcia-de-veas\/","title":{"rendered":"Casa de Garc\u00eda de Veas"},"content":{"rendered":"","protected":false},"excerpt":{"rendered":"<p>La Casa-Palazzo Garc\u00eda de Veas si trova nel Barrio Bajo, in Plaza Modesto G\u00f3mez.<br \/>\nLa facciata dell&#8217;edificio rappresenta i cognomi Garc\u00eda, Veas, G\u00f3mez, Guerra, Sevillano, Lara e Ayll\u00f3n. All&#8217;interno, lo spazio \u00e8 distribuito attorno a un patio centrale.<br \/>\nNel Poble Espanyol sono stati riprodotti la facciata e i suoi tre balconi, i due laterali con l\u2019inferriata e quello centrale con ringhiera in ferro battuto. <\/p>\n","protected":false},"author":2,"featured_media":106691,"comment_status":"open","ping_status":"closed","template":"","meta":{"_acf_changed":false,"footnotes":""},"categories-edifici-poble":[15529],"class_list":["post-257947","edifici","type-edifici","status-publish","has-post-thumbnail","hentry","categories-edifici-poble-sud-it"],"acf":{"nom_edifici":"Casa de Garc\u00eda de Veas","titol_previ":"Casa de Garc\u00eda de Veas (Arcos de la Frontera, Cadice)","text_introductori":"La Casa-Palazzo Garc\u00eda de Veas si trova nel Barrio Bajo, in Plaza Modesto G\u00f3mez.\r\nLa facciata dell'edificio rappresenta i cognomi Garc\u00eda, Veas, G\u00f3mez, Guerra, Sevillano, Lara e Ayll\u00f3n. All'interno, lo spazio \u00e8 distribuito attorno a un patio centrale.\r\nNel Poble Espanyol sono stati riprodotti la facciata e i suoi tre balconi, i due laterali con l\u2019inferriata e quello centrale con ringhiera in ferro battuto.","fotos_adicionals":"","titular_segona_explicacio":"","text_posterior_segona_explicacio":"","text_previ_segona_explicacio":"","text_detall_segona_explicacio":"","seccions_edifici":null,"ubicacio":{"address":"Av. dels Montanyans, 23, 08038 Barcelona, Espa\u00f1a","lat":41.368665582522418,"lng":2.1492012443191388,"zoom":19,"place_id":"ChIJhRh61HaipBIR4kiVOh1uKWI","street_number":23,"street_name":"Avinguda dels Montanyans","street_name_short":"Av. dels Montanyans","city":"Barcelona","state":"Catalunya","state_short":"CT","post_code":8038,"country":"Espa\u00f1a","country_short":"ES"}},"_links":{"self":[{"href":"https:\/\/poble-espanyol.com\/it\/wp-json\/wp\/v2\/edifici\/257947","targetHints":{"allow":["GET"]}}],"collection":[{"href":"https:\/\/poble-espanyol.com\/it\/wp-json\/wp\/v2\/edifici"}],"about":[{"href":"https:\/\/poble-espanyol.com\/it\/wp-json\/wp\/v2\/types\/edifici"}],"author":[{"embeddable":true,"href":"https:\/\/poble-espanyol.com\/it\/wp-json\/wp\/v2\/users\/2"}],"replies":[{"embeddable":true,"href":"https:\/\/poble-espanyol.com\/it\/wp-json\/wp\/v2\/comments?post=257947"}],"version-history":[{"count":2,"href":"https:\/\/poble-espanyol.com\/it\/wp-json\/wp\/v2\/edifici\/257947\/revisions"}],"predecessor-version":[{"id":258457,"href":"https:\/\/poble-espanyol.com\/it\/wp-json\/wp\/v2\/edifici\/257947\/revisions\/258457"}],"wp:featuredmedia":[{"embeddable":true,"href":"https:\/\/poble-espanyol.com\/it\/wp-json\/wp\/v2\/media\/106691"}],"wp:attachment":[{"href":"https:\/\/poble-espanyol.com\/it\/wp-json\/wp\/v2\/media?parent=257947"}],"wp:term":[{"taxonomy":"categories-edifici-poble","embeddable":true,"href":"https:\/\/poble-espanyol.com\/it\/wp-json\/wp\/v2\/categories-edifici-poble?post=257947"}],"curies":[{"name":"wp","href":"https:\/\/api.w.org\/{rel}","templated":true}]}}

Casa de García de Veas

<p>La Casa-Palazzo García de Veas si trova nel Barrio Bajo, in Plaza Modesto Gómez.<br />
La facciata dell&#8217;edificio rappresenta i cognomi García, Veas, Gómez, Guerra, Sevillano, Lara e Ayllón. All&#8217;interno, lo spazio è distribuito attorno a un patio centrale.<br />
Nel Poble Espanyol sono stati riprodotti la facciata e i suoi tre balconi, i due laterali con l’inferriata e quello centrale con ringhiera in ferro battuto. </p>

Casa de García de Veas (Arcos de la Frontera, Cadice)

La Casa-Palazzo García de Veas si trova nel Barrio Bajo, in Plaza Modesto Gómez.
La facciata dell'edificio rappresenta i cognomi García, Veas, Gómez, Guerra, Sevillano, Lara e Ayllón. All'interno, lo spazio è distribuito attorno a un patio centrale.
Nel Poble Espanyol sono stati riprodotti la facciata e i suoi tre balconi, i due laterali con l’inferriata e quello centrale con ringhiera in ferro battuto.

Av. dels Montanyans, 23, 08038 Barcelona, España

España
