{"id":257954,"date":"2025-07-01T08:54:09","date_gmt":"2025-07-01T06:54:09","guid":{"rendered":"https:\/\/poble-espanyol.com\/edificio\/casa-de-la-torre\/"},"modified":"2025-07-02T15:44:33","modified_gmt":"2025-07-02T13:44:33","slug":"casa-de-la-torre","status":"publish","type":"edifici","link":"https:\/\/poble-espanyol.com\/it\/edificio\/casa-de-la-torre\/","title":{"rendered":"Casa de la Torre"},"content":{"rendered":"","protected":false},"excerpt":{"rendered":"<p>\u00c8 la pi\u00f9 antica residenza nobiliare di Ayll\u00f3n.<br \/>\nLa citt\u00e0 di Ayll\u00f3n si trova a nord-est di Segovia. \u00c8 stata dichiarata Complesso Storico-Artistico nazionale; \u00e8 costituita da edifici signorili e case di architettura tradizionale. Ha vinto diversi premi: Primo premio al concorso di abbellimento dei borghi e primo premio al concorso nazionale nel 1974.<br \/>\nQuesto borgo medievale ha visto passare molti re per le sue strade: Alfonso VI, Alfonso VII, Alfonso VIII, Fernando III\u2026   <\/p>\n","protected":false},"author":7,"featured_media":108974,"comment_status":"open","ping_status":"closed","template":"","meta":{"_acf_changed":false,"footnotes":""},"categories-edifici-poble":[15505],"class_list":["post-257954","edifici","type-edifici","status-publish","has-post-thumbnail","hentry","categories-edifici-poble-centro-it"],"acf":{"nom_edifici":"Casa de la Torre","titol_previ":"Casa de la Torre (Ayll\u00f3n, Segovia)","text_introductori":"\u00c8 la pi\u00f9 antica residenza nobiliare di Ayll\u00f3n.\r\nLa citt\u00e0 di Ayll\u00f3n si trova a nord-est di Segovia. \u00c8 stata dichiarata Complesso Storico-Artistico nazionale; \u00e8 costituita da edifici signorili e case di architettura tradizionale. Ha vinto diversi premi: Primo premio al concorso di abbellimento dei borghi e primo premio al concorso nazionale nel 1974.\r\nQuesto borgo medievale ha visto passare molti re per le sue strade: Alfonso VI, Alfonso VII, Alfonso VIII, Fernando III\u2026","fotos_adicionals":"","titular_segona_explicacio":"","text_posterior_segona_explicacio":"","text_previ_segona_explicacio":"","text_detall_segona_explicacio":"","seccions_edifici":null,"ubicacio":{"address":"Av. Francesc Ferrer i Gu\u00e0rdia, 13, 08038 Barcelona, Espa\u00f1a","lat":41.369159960641944,"lng":2.1470546722412109,"zoom":19,"place_id":"ChIJ1UrgrneipBIRJNIRH7aerco","street_number":13,"street_name":"Avinguda Francesc Ferrer i Gu\u00e0rdia","street_name_short":"Av. Francesc Ferrer i Gu\u00e0rdia","city":"Barcelona","state":"Catalunya","state_short":"CT","post_code":8038,"country":"Espa\u00f1a","country_short":"ES"}},"_links":{"self":[{"href":"https:\/\/poble-espanyol.com\/it\/wp-json\/wp\/v2\/edifici\/257954","targetHints":{"allow":["GET"]}}],"collection":[{"href":"https:\/\/poble-espanyol.com\/it\/wp-json\/wp\/v2\/edifici"}],"about":[{"href":"https:\/\/poble-espanyol.com\/it\/wp-json\/wp\/v2\/types\/edifici"}],"author":[{"embeddable":true,"href":"https:\/\/poble-espanyol.com\/it\/wp-json\/wp\/v2\/users\/7"}],"replies":[{"embeddable":true,"href":"https:\/\/poble-espanyol.com\/it\/wp-json\/wp\/v2\/comments?post=257954"}],"version-history":[{"count":2,"href":"https:\/\/poble-espanyol.com\/it\/wp-json\/wp\/v2\/edifici\/257954\/revisions"}],"predecessor-version":[{"id":258461,"href":"https:\/\/poble-espanyol.com\/it\/wp-json\/wp\/v2\/edifici\/257954\/revisions\/258461"}],"wp:featuredmedia":[{"embeddable":true,"href":"https:\/\/poble-espanyol.com\/it\/wp-json\/wp\/v2\/media\/108974"}],"wp:attachment":[{"href":"https:\/\/poble-espanyol.com\/it\/wp-json\/wp\/v2\/media?parent=257954"}],"wp:term":[{"taxonomy":"categories-edifici-poble","embeddable":true,"href":"https:\/\/poble-espanyol.com\/it\/wp-json\/wp\/v2\/categories-edifici-poble?post=257954"}],"curies":[{"name":"wp","href":"https:\/\/api.w.org\/{rel}","templated":true}]}}

<p>È la più antica residenza nobiliare di Ayllón.<br />
La città di Ayllón si trova a nord-est di Segovia. È stata dichiarata Complesso Storico-Artistico nazionale; è costituita da edifici signorili e case di architettura tradizionale. Ha vinto diversi premi: Primo premio al concorso di abbellimento dei borghi e primo premio al concorso nazionale nel 1974.<br />
Questo borgo medievale ha visto passare molti re per le sue strade: Alfonso VI, Alfonso VII, Alfonso VIII, Fernando III…   </p>

Casa de la Torre (Ayllón, Segovia)

È la più antica residenza nobiliare di Ayllón.
La città di Ayllón si trova a nord-est di Segovia. È stata dichiarata Complesso Storico-Artistico nazionale; è costituita da edifici signorili e case di architettura tradizionale. Ha vinto diversi premi: Primo premio al concorso di abbellimento dei borghi e primo premio al concorso nazionale nel 1974.
Questo borgo medievale ha visto passare molti re per le sue strade: Alfonso VI, Alfonso VII, Alfonso VIII, Fernando III…

Av. Francesc Ferrer i Guàrdia, 13, 08038 Barcelona, España

Avinguda Francesc Ferrer i Guàrdia

Av. Francesc Ferrer i Guàrdia

España
