{"id":257967,"date":"2025-07-01T09:04:08","date_gmt":"2025-07-01T07:04:08","guid":{"rendered":"https:\/\/poble-espanyol.com\/edificio\/casa-de-los-almaraz\/"},"modified":"2025-07-02T15:51:40","modified_gmt":"2025-07-02T13:51:40","slug":"casa-de-los-almaraz","status":"publish","type":"edifici","link":"https:\/\/poble-espanyol.com\/it\/edificio\/casa-de-los-almaraz\/","title":{"rendered":"Casa de los Almaraz"},"content":{"rendered":"","protected":false},"excerpt":{"rendered":"<p>La Casa de los Almaraz, conosciuta anche come casa della famiglia Grijalva, fu costruita alla fine del XVII secolo e si trova in Calle Berrozana nella citt\u00e0 di Plasencia, nella parte vecchia.<br \/>\nLa facciata dell&#8217;edificio si distingue per il suo stile herreriano con un&#8217;alternanza di ordini classici e, in alto, si pu\u00f2 ammirare lo stemma della famiglia sopra un ampio balcone con due colonne in stile ionico.<\/p>\n","protected":false},"author":7,"featured_media":109201,"comment_status":"open","ping_status":"closed","template":"","meta":{"_acf_changed":false,"footnotes":""},"categories-edifici-poble":[15505],"class_list":["post-257967","edifici","type-edifici","status-publish","has-post-thumbnail","hentry","categories-edifici-poble-centro-it"],"acf":{"nom_edifici":"Casa de los Almaraz ","titol_previ":"Casa de los Almaraz (Plasencia, C\u00e1ceres)","text_introductori":"La Casa de los Almaraz, conosciuta anche come casa della famiglia Grijalva, fu costruita alla fine del XVII secolo e si trova in Calle Berrozana nella citt\u00e0 di Plasencia, nella parte vecchia.\r\nLa facciata dell'edificio si distingue per il suo stile herreriano con un'alternanza di ordini classici e, in alto, si pu\u00f2 ammirare lo stemma della famiglia sopra un ampio balcone con due colonne in stile ionico.","fotos_adicionals":"","titular_segona_explicacio":"","text_posterior_segona_explicacio":"","text_previ_segona_explicacio":"","text_detall_segona_explicacio":"","seccions_edifici":null,"ubicacio":{"address":"Av. Francesc Ferrer i Gu\u00e0rdia, 13, 08038 Barcelona, Espa\u00f1a","lat":41.368893042585491,"lng":2.1463741960174421,"zoom":19,"place_id":"ChIJtZ4NtHeipBIRIOs-BhCX0tQ","street_number":13,"street_name":"Avinguda Francesc Ferrer i Gu\u00e0rdia","street_name_short":"Av. Francesc Ferrer i Gu\u00e0rdia","city":"Barcelona","state":"Catalunya","state_short":"CT","post_code":8038,"country":"Espa\u00f1a","country_short":"ES"}},"_links":{"self":[{"href":"https:\/\/poble-espanyol.com\/it\/wp-json\/wp\/v2\/edifici\/257967","targetHints":{"allow":["GET"]}}],"collection":[{"href":"https:\/\/poble-espanyol.com\/it\/wp-json\/wp\/v2\/edifici"}],"about":[{"href":"https:\/\/poble-espanyol.com\/it\/wp-json\/wp\/v2\/types\/edifici"}],"author":[{"embeddable":true,"href":"https:\/\/poble-espanyol.com\/it\/wp-json\/wp\/v2\/users\/7"}],"replies":[{"embeddable":true,"href":"https:\/\/poble-espanyol.com\/it\/wp-json\/wp\/v2\/comments?post=257967"}],"version-history":[{"count":2,"href":"https:\/\/poble-espanyol.com\/it\/wp-json\/wp\/v2\/edifici\/257967\/revisions"}],"predecessor-version":[{"id":258465,"href":"https:\/\/poble-espanyol.com\/it\/wp-json\/wp\/v2\/edifici\/257967\/revisions\/258465"}],"wp:featuredmedia":[{"embeddable":true,"href":"https:\/\/poble-espanyol.com\/it\/wp-json\/wp\/v2\/media\/109201"}],"wp:attachment":[{"href":"https:\/\/poble-espanyol.com\/it\/wp-json\/wp\/v2\/media?parent=257967"}],"wp:term":[{"taxonomy":"categories-edifici-poble","embeddable":true,"href":"https:\/\/poble-espanyol.com\/it\/wp-json\/wp\/v2\/categories-edifici-poble?post=257967"}],"curies":[{"name":"wp","href":"https:\/\/api.w.org\/{rel}","templated":true}]}}

<p>La Casa de los Almaraz, conosciuta anche come casa della famiglia Grijalva, fu costruita alla fine del XVII secolo e si trova in Calle Berrozana nella città di Plasencia, nella parte vecchia.<br />
La facciata dell&#8217;edificio si distingue per il suo stile herreriano con un&#8217;alternanza di ordini classici e, in alto, si può ammirare lo stemma della famiglia sopra un ampio balcone con due colonne in stile ionico.</p>

Casa de los Almaraz (Plasencia, Cáceres)

La Casa de los Almaraz, conosciuta anche come casa della famiglia Grijalva, fu costruita alla fine del XVII secolo e si trova in Calle Berrozana nella città di Plasencia, nella parte vecchia.
La facciata dell'edificio si distingue per il suo stile herreriano con un'alternanza di ordini classici e, in alto, si può ammirare lo stemma della famiglia sopra un ampio balcone con due colonne in stile ionico.

Av. Francesc Ferrer i Guàrdia, 13, 08038 Barcelona, España

Avinguda Francesc Ferrer i Guàrdia

Av. Francesc Ferrer i Guàrdia

España
