{"id":257989,"date":"2025-07-01T09:09:57","date_gmt":"2025-07-01T07:09:57","guid":{"rendered":"https:\/\/poble-espanyol.com\/edificio\/casa-de-manuel-jimenez\/"},"modified":"2025-07-02T15:58:25","modified_gmt":"2025-07-02T13:58:25","slug":"casa-de-manuel-jimenez","status":"publish","type":"edifici","link":"https:\/\/poble-espanyol.com\/it\/edificio\/casa-de-manuel-jimenez\/","title":{"rendered":"Casa de Manuel Jim\u00e9nez"},"content":{"rendered":"","protected":false},"excerpt":{"rendered":"<p>La Casa de Manuel Jim\u00e9nez, un artigiano messicano (intagliatore, scultore e pittore), si trova a Molinos de Duero, Soria.<br \/>\nL&#8217;edificio verr\u00e0 modificato per diventare uno degli spazi di un grande museo che esporr\u00e0 alcune delle sue creazioni.<\/p>\n","protected":false},"author":7,"featured_media":107716,"comment_status":"open","ping_status":"closed","template":"","meta":{"_acf_changed":false,"footnotes":""},"categories-edifici-poble":[15505],"class_list":["post-257989","edifici","type-edifici","status-publish","has-post-thumbnail","hentry","categories-edifici-poble-centro-it"],"acf":{"nom_edifici":"Casa de Manuel Jim\u00e9nez","titol_previ":"Casa de Manuel Jim\u00e9nez (Molinos del Duero, Soria)","text_introductori":"La Casa de Manuel Jim\u00e9nez, un artigiano messicano (intagliatore, scultore e pittore), si trova a Molinos de Duero, Soria.\r\nL'edificio verr\u00e0 modificato per diventare uno degli spazi di un grande museo che esporr\u00e0 alcune delle sue creazioni.\r\n","fotos_adicionals":"","titular_segona_explicacio":"","text_posterior_segona_explicacio":"","text_previ_segona_explicacio":"","text_detall_segona_explicacio":"","seccions_edifici":null,"ubicacio":{"address":"Av. Francesc Ferrer i Gu\u00e0rdia, 13-27, 08038 Barcelona, Espa\u00f1a","lat":41.369046024127805,"lng":2.1475168170577863,"zoom":19,"place_id":"ChIJAWuOqXeipBIRZlw96ZGYjpQ","street_number":"13-27","street_name":"Avinguda Francesc Ferrer i Gu\u00e0rdia","street_name_short":"Av. Francesc Ferrer i Gu\u00e0rdia","city":"Barcelona","state":"Catalunya","state_short":"CT","post_code":8038,"country":"Espa\u00f1a","country_short":"ES"}},"_links":{"self":[{"href":"https:\/\/poble-espanyol.com\/it\/wp-json\/wp\/v2\/edifici\/257989","targetHints":{"allow":["GET"]}}],"collection":[{"href":"https:\/\/poble-espanyol.com\/it\/wp-json\/wp\/v2\/edifici"}],"about":[{"href":"https:\/\/poble-espanyol.com\/it\/wp-json\/wp\/v2\/types\/edifici"}],"author":[{"embeddable":true,"href":"https:\/\/poble-espanyol.com\/it\/wp-json\/wp\/v2\/users\/7"}],"replies":[{"embeddable":true,"href":"https:\/\/poble-espanyol.com\/it\/wp-json\/wp\/v2\/comments?post=257989"}],"version-history":[{"count":2,"href":"https:\/\/poble-espanyol.com\/it\/wp-json\/wp\/v2\/edifici\/257989\/revisions"}],"predecessor-version":[{"id":258472,"href":"https:\/\/poble-espanyol.com\/it\/wp-json\/wp\/v2\/edifici\/257989\/revisions\/258472"}],"wp:featuredmedia":[{"embeddable":true,"href":"https:\/\/poble-espanyol.com\/it\/wp-json\/wp\/v2\/media\/107716"}],"wp:attachment":[{"href":"https:\/\/poble-espanyol.com\/it\/wp-json\/wp\/v2\/media?parent=257989"}],"wp:term":[{"taxonomy":"categories-edifici-poble","embeddable":true,"href":"https:\/\/poble-espanyol.com\/it\/wp-json\/wp\/v2\/categories-edifici-poble?post=257989"}],"curies":[{"name":"wp","href":"https:\/\/api.w.org\/{rel}","templated":true}]}}

Casa de Manuel Jiménez

<p>La Casa de Manuel Jiménez, un artigiano messicano (intagliatore, scultore e pittore), si trova a Molinos de Duero, Soria.<br />
L&#8217;edificio verrà modificato per diventare uno degli spazi di un grande museo che esporrà alcune delle sue creazioni.</p>

Casa de Manuel Jiménez (Molinos del Duero, Soria)

La Casa de Manuel Jiménez, un artigiano messicano (intagliatore, scultore e pittore), si trova a Molinos de Duero, Soria.
L'edificio verrà modificato per diventare uno degli spazi di un grande museo che esporrà alcune delle sue creazioni.

Av. Francesc Ferrer i Guàrdia, 13-27, 08038 Barcelona, España

Avinguda Francesc Ferrer i Guàrdia

Av. Francesc Ferrer i Guàrdia

España
