{"id":258009,"date":"2025-07-01T09:34:55","date_gmt":"2025-07-01T07:34:55","guid":{"rendered":"https:\/\/poble-espanyol.com\/edificio\/casa-del-siglo-xv\/"},"modified":"2025-07-03T08:26:06","modified_gmt":"2025-07-03T06:26:06","slug":"casa-del-siglo-xv","status":"publish","type":"edifici","link":"https:\/\/poble-espanyol.com\/it\/edificio\/casa-del-siglo-xv\/","title":{"rendered":"Casa del Siglo XV"},"content":{"rendered":"","protected":false},"excerpt":{"rendered":"<p>La Casa del siglo XV \u00e8 una casa di architettura rinascimentale, meglio conosciuta come la casa di Juan Bravo, situata di fronte alla Chiesa di San Mart\u00edn e vicino a Plaza Mayor. Gli archi della galleria superiore le conferiscono un tocco di eleganza. <\/p>\n","protected":false},"author":7,"featured_media":109295,"comment_status":"open","ping_status":"closed","template":"","meta":{"_acf_changed":false,"footnotes":""},"categories-edifici-poble":[15505],"class_list":["post-258009","edifici","type-edifici","status-publish","has-post-thumbnail","hentry","categories-edifici-poble-centro-it"],"acf":{"nom_edifici":"Casa del Siglo XV","titol_previ":"Casa del Siglo XV (Segovia, Segovia)","text_introductori":"La Casa del siglo XV \u00e8 una casa di architettura rinascimentale, meglio conosciuta come la casa di Juan Bravo, situata di fronte alla Chiesa di San Mart\u00edn e vicino a Plaza Mayor. Gli archi della galleria superiore le conferiscono un tocco di eleganza.","fotos_adicionals":"","titular_segona_explicacio":"","text_posterior_segona_explicacio":"","text_previ_segona_explicacio":"","text_detall_segona_explicacio":"","seccions_edifici":null,"ubicacio":{"address":"Av. Francesc Ferrer i Gu\u00e0rdia, 13, 08038 Barcelona, Espa\u00f1a","lat":41.369180889136089,"lng":2.1471574010497907,"zoom":19,"place_id":"ChIJ1UrgrneipBIRJNIRH7aerco","street_number":13,"street_name":"Avinguda Francesc Ferrer i Gu\u00e0rdia","street_name_short":"Av. Francesc Ferrer i Gu\u00e0rdia","city":"Barcelona","state":"Catalunya","state_short":"CT","post_code":8038,"country":"Espa\u00f1a","country_short":"ES"}},"_links":{"self":[{"href":"https:\/\/poble-espanyol.com\/it\/wp-json\/wp\/v2\/edifici\/258009","targetHints":{"allow":["GET"]}}],"collection":[{"href":"https:\/\/poble-espanyol.com\/it\/wp-json\/wp\/v2\/edifici"}],"about":[{"href":"https:\/\/poble-espanyol.com\/it\/wp-json\/wp\/v2\/types\/edifici"}],"author":[{"embeddable":true,"href":"https:\/\/poble-espanyol.com\/it\/wp-json\/wp\/v2\/users\/7"}],"replies":[{"embeddable":true,"href":"https:\/\/poble-espanyol.com\/it\/wp-json\/wp\/v2\/comments?post=258009"}],"version-history":[{"count":2,"href":"https:\/\/poble-espanyol.com\/it\/wp-json\/wp\/v2\/edifici\/258009\/revisions"}],"predecessor-version":[{"id":258479,"href":"https:\/\/poble-espanyol.com\/it\/wp-json\/wp\/v2\/edifici\/258009\/revisions\/258479"}],"wp:featuredmedia":[{"embeddable":true,"href":"https:\/\/poble-espanyol.com\/it\/wp-json\/wp\/v2\/media\/109295"}],"wp:attachment":[{"href":"https:\/\/poble-espanyol.com\/it\/wp-json\/wp\/v2\/media?parent=258009"}],"wp:term":[{"taxonomy":"categories-edifici-poble","embeddable":true,"href":"https:\/\/poble-espanyol.com\/it\/wp-json\/wp\/v2\/categories-edifici-poble?post=258009"}],"curies":[{"name":"wp","href":"https:\/\/api.w.org\/{rel}","templated":true}]}}

<p>La Casa del siglo XV è una casa di architettura rinascimentale, meglio conosciuta come la casa di Juan Bravo, situata di fronte alla Chiesa di San Martín e vicino a Plaza Mayor. Gli archi della galleria superiore le conferiscono un tocco di eleganza. </p>

La Casa del siglo XV è una casa di architettura rinascimentale, meglio conosciuta come la casa di Juan Bravo, situata di fronte alla Chiesa di San Martín e vicino a Plaza Mayor. Gli archi della galleria superiore le conferiscono un tocco di eleganza.

Av. Francesc Ferrer i Guàrdia, 13, 08038 Barcelona, España

Avinguda Francesc Ferrer i Guàrdia

Av. Francesc Ferrer i Guàrdia

España
