{"id":258019,"date":"2025-07-01T09:42:09","date_gmt":"2025-07-01T07:42:09","guid":{"rendered":"https:\/\/poble-espanyol.com\/edificio\/casa-jassa\/"},"modified":"2025-07-03T08:30:23","modified_gmt":"2025-07-03T06:30:23","slug":"casa-jassa","status":"publish","type":"edifici","link":"https:\/\/poble-espanyol.com\/it\/edificio\/casa-jassa\/","title":{"rendered":"Casa Jassa"},"content":{"rendered":"","protected":false},"excerpt":{"rendered":"<p>La casa di Teresa Jass\u00e0 \u00e8 ubicata in un terreno dell&#8217;antico mulino Mol\u00ed de la Vila di Calaceite.<br \/>\nTeresa acquist\u00f2 questa casa nel 1960 per aprire il suo laboratorio, era ceramista e scrittrice. Era nota per le sue ceramiche e per le iniziative culturali.<br \/>\nNel Poble, sono riprodotti il graticcio di legno a livello del primo piano e un balcone in legno al secondo.  <\/p>\n","protected":false},"author":7,"featured_media":108881,"comment_status":"open","ping_status":"closed","template":"","meta":{"_acf_changed":false,"footnotes":""},"categories-edifici-poble":[15499],"class_list":["post-258019","edifici","type-edifici","status-publish","has-post-thumbnail","hentry","categories-edifici-poble-nord-it"],"acf":{"nom_edifici":"Casa Jassa","titol_previ":"Casa Jassa (Calaceite, Teruel)","text_introductori":"La casa di Teresa Jass\u00e0 \u00e8 ubicata in un terreno dell'antico mulino Mol\u00ed de la Vila di Calaceite.\r\nTeresa acquist\u00f2 questa casa nel 1960 per aprire il suo laboratorio, era ceramista e scrittrice. Era nota per le sue ceramiche e per le iniziative culturali.\r\nNel Poble, sono riprodotti il graticcio di legno a livello del primo piano e un balcone in legno al secondo.","fotos_adicionals":"","titular_segona_explicacio":"","text_posterior_segona_explicacio":"","text_previ_segona_explicacio":"","text_detall_segona_explicacio":"","seccions_edifici":null,"ubicacio":{"address":"Poble Espanyol, Av. Francesc Ferrer i Gu\u00e0rdia, 13, 08038 Barcelona, Espa\u00f1a","lat":41.369114463122095,"lng":2.1477153005248883,"zoom":19,"place_id":"ChIJ1yWUBneipBIRGGIIzyT-6-c","street_number":13,"street_name":"Avinguda Francesc Ferrer i Gu\u00e0rdia","street_name_short":"Av. Francesc Ferrer i Gu\u00e0rdia","city":"Barcelona","state":"Catalunya","state_short":"CT","post_code":8038,"country":"Espa\u00f1a","country_short":"ES"}},"_links":{"self":[{"href":"https:\/\/poble-espanyol.com\/it\/wp-json\/wp\/v2\/edifici\/258019","targetHints":{"allow":["GET"]}}],"collection":[{"href":"https:\/\/poble-espanyol.com\/it\/wp-json\/wp\/v2\/edifici"}],"about":[{"href":"https:\/\/poble-espanyol.com\/it\/wp-json\/wp\/v2\/types\/edifici"}],"author":[{"embeddable":true,"href":"https:\/\/poble-espanyol.com\/it\/wp-json\/wp\/v2\/users\/7"}],"replies":[{"embeddable":true,"href":"https:\/\/poble-espanyol.com\/it\/wp-json\/wp\/v2\/comments?post=258019"}],"version-history":[{"count":2,"href":"https:\/\/poble-espanyol.com\/it\/wp-json\/wp\/v2\/edifici\/258019\/revisions"}],"predecessor-version":[{"id":258483,"href":"https:\/\/poble-espanyol.com\/it\/wp-json\/wp\/v2\/edifici\/258019\/revisions\/258483"}],"wp:featuredmedia":[{"embeddable":true,"href":"https:\/\/poble-espanyol.com\/it\/wp-json\/wp\/v2\/media\/108881"}],"wp:attachment":[{"href":"https:\/\/poble-espanyol.com\/it\/wp-json\/wp\/v2\/media?parent=258019"}],"wp:term":[{"taxonomy":"categories-edifici-poble","embeddable":true,"href":"https:\/\/poble-espanyol.com\/it\/wp-json\/wp\/v2\/categories-edifici-poble?post=258019"}],"curies":[{"name":"wp","href":"https:\/\/api.w.org\/{rel}","templated":true}]}}

<p>La casa di Teresa Jassà è ubicata in un terreno dell&#8217;antico mulino Molí de la Vila di Calaceite.<br />
Teresa acquistò questa casa nel 1960 per aprire il suo laboratorio, era ceramista e scrittrice. Era nota per le sue ceramiche e per le iniziative culturali.<br />
Nel Poble, sono riprodotti il graticcio di legno a livello del primo piano e un balcone in legno al secondo.  </p>

La casa di Teresa Jassà è ubicata in un terreno dell'antico mulino Molí de la Vila di Calaceite.
Teresa acquistò questa casa nel 1960 per aprire il suo laboratorio, era ceramista e scrittrice. Era nota per le sue ceramiche e per le iniziative culturali.
Nel Poble, sono riprodotti il graticcio di legno a livello del primo piano e un balcone in legno al secondo.

Poble Espanyol, Av. Francesc Ferrer i Guàrdia, 13, 08038 Barcelona, España

Avinguda Francesc Ferrer i Guàrdia

Av. Francesc Ferrer i Guàrdia

España
