{"id":258064,"date":"2025-07-01T09:56:23","date_gmt":"2025-07-01T07:56:23","guid":{"rendered":"https:\/\/poble-espanyol.com\/edificio\/stemma-di-un-atienza\/"},"modified":"2025-07-03T09:22:00","modified_gmt":"2025-07-03T07:22:00","slug":"stemma-di-un-atienza","status":"publish","type":"edifici","link":"https:\/\/poble-espanyol.com\/it\/edificio\/stemma-di-un-atienza\/","title":{"rendered":"Stemma di un Atienza"},"content":{"rendered":"","protected":false},"excerpt":{"rendered":"<p>Lo stemma appartiene alla Villa de Atienza, anche se non \u00e8 mai stato ratificato ufficialmente dagli organi competenti, ovvero non \u00e8 uno stemma ufficialmente riconosciuto.<br \/>\nLa descrizione dello stemma \u00e8 la seguente:<br \/>\n\u00abSemitroncato e partito. Nel primo quartiere, in campo di rosso, un castello d&#8217;oro, murato di nero e finestrato di rosso; nel secondo quartiere, d&#8217;argento, un leone rampante di rosso. Il terzo (quartiere), azzurro, reca una torre e un tratto di mura, terrazzate su rocce, nel loro colore. Al timbre, corona reale chiusa.\u00bb<\/p>\n","protected":false},"author":7,"featured_media":0,"comment_status":"open","ping_status":"closed","template":"","meta":{"_acf_changed":false,"footnotes":""},"categories-edifici-poble":[15505],"class_list":["post-258064","edifici","type-edifici","status-publish","hentry","categories-edifici-poble-centro-it"],"acf":{"nom_edifici":"Stemma di un Atienza ","titol_previ":"Stemma di un Atienza (Atienza, Guadalajara)","text_introductori":"Lo stemma appartiene alla Villa de Atienza, anche se non \u00e8 mai stato ratificato ufficialmente dagli organi competenti, ovvero non \u00e8 uno stemma ufficialmente riconosciuto.\r\nLa descrizione dello stemma \u00e8 la seguente:\r\n\u00abSemitroncato e partito. Nel primo quartiere, in campo di rosso, un castello d'oro, murato di nero e finestrato di rosso; nel secondo quartiere, d'argento, un leone rampante di rosso. Il terzo (quartiere), azzurro, reca una torre e un tratto di mura, terrazzate su rocce, nel loro colore. Al timbre, corona reale chiusa.\u00bb","fotos_adicionals":"","titular_segona_explicacio":"","text_posterior_segona_explicacio":"","text_previ_segona_explicacio":"","text_detall_segona_explicacio":"","seccions_edifici":null,"ubicacio":{"address":"Av. Francesc Ferrer i Gu\u00e0rdia, 13, 08038 Barcelona, Espa\u00f1a","lat":41.369037972476661,"lng":2.1469428243285993,"zoom":19,"place_id":"ChIJ1UrgrneipBIRJNIRH7aerco","street_number":13,"street_name":"Avinguda Francesc Ferrer i Gu\u00e0rdia","street_name_short":"Av. Francesc Ferrer i Gu\u00e0rdia","city":"Barcelona","state":"Catalunya","state_short":"CT","post_code":8038,"country":"Espa\u00f1a","country_short":"ES"}},"_links":{"self":[{"href":"https:\/\/poble-espanyol.com\/it\/wp-json\/wp\/v2\/edifici\/258064","targetHints":{"allow":["GET"]}}],"collection":[{"href":"https:\/\/poble-espanyol.com\/it\/wp-json\/wp\/v2\/edifici"}],"about":[{"href":"https:\/\/poble-espanyol.com\/it\/wp-json\/wp\/v2\/types\/edifici"}],"author":[{"embeddable":true,"href":"https:\/\/poble-espanyol.com\/it\/wp-json\/wp\/v2\/users\/7"}],"replies":[{"embeddable":true,"href":"https:\/\/poble-espanyol.com\/it\/wp-json\/wp\/v2\/comments?post=258064"}],"version-history":[{"count":2,"href":"https:\/\/poble-espanyol.com\/it\/wp-json\/wp\/v2\/edifici\/258064\/revisions"}],"predecessor-version":[{"id":258537,"href":"https:\/\/poble-espanyol.com\/it\/wp-json\/wp\/v2\/edifici\/258064\/revisions\/258537"}],"wp:attachment":[{"href":"https:\/\/poble-espanyol.com\/it\/wp-json\/wp\/v2\/media?parent=258064"}],"wp:term":[{"taxonomy":"categories-edifici-poble","embeddable":true,"href":"https:\/\/poble-espanyol.com\/it\/wp-json\/wp\/v2\/categories-edifici-poble?post=258064"}],"curies":[{"name":"wp","href":"https:\/\/api.w.org\/{rel}","templated":true}]}}

<p>Lo stemma appartiene alla Villa de Atienza, anche se non è mai stato ratificato ufficialmente dagli organi competenti, ovvero non è uno stemma ufficialmente riconosciuto.<br />
La descrizione dello stemma è la seguente:<br />
«Semitroncato e partito. Nel primo quartiere, in campo di rosso, un castello d&#8217;oro, murato di nero e finestrato di rosso; nel secondo quartiere, d&#8217;argento, un leone rampante di rosso. Il terzo (quartiere), azzurro, reca una torre e un tratto di mura, terrazzate su rocce, nel loro colore. Al timbre, corona reale chiusa.»</p>

Lo stemma appartiene alla Villa de Atienza, anche se non è mai stato ratificato ufficialmente dagli organi competenti, ovvero non è uno stemma ufficialmente riconosciuto.
La descrizione dello stemma è la seguente:
«Semitroncato e partito. Nel primo quartiere, in campo di rosso, un castello d'oro, murato di nero e finestrato di rosso; nel secondo quartiere, d'argento, un leone rampante di rosso. Il terzo (quartiere), azzurro, reca una torre e un tratto di mura, terrazzate su rocce, nel loro colore. Al timbre, corona reale chiusa.»

Av. Francesc Ferrer i Guàrdia, 13, 08038 Barcelona, España

Avinguda Francesc Ferrer i Guàrdia

Av. Francesc Ferrer i Guàrdia

España
