{"id":258075,"date":"2025-07-01T10:01:22","date_gmt":"2025-07-01T08:01:22","guid":{"rendered":"https:\/\/poble-espanyol.com\/edificio\/iglesia-de-las-carmelitas\/"},"modified":"2025-07-03T08:49:04","modified_gmt":"2025-07-03T06:49:04","slug":"iglesia-de-las-carmelitas","status":"publish","type":"edifici","link":"https:\/\/poble-espanyol.com\/it\/edificio\/iglesia-de-las-carmelitas\/","title":{"rendered":"Iglesia de las Carmelitas"},"content":{"rendered":"","protected":false},"excerpt":{"rendered":"<p>La costruzione della Iglesia de las Carmelitas, nota anche come Iglesia del Carmen, fu iniziata nel XVII secolo e completata solo alla fine dello stesso secolo. \u00c8 in stile barocco e faceva parte dell&#8217;ex convento delle Carmelitane.<br \/>\nL&#8217;edificio si distingue per la sua facciata, distribuita tra due colonne salomoniche e suddivisa in tre navate.<br \/>\nIl tempio \u00e8 stato dichiarato Bene Catalogato del Patrimonio Culturale Aragonese dal Dipartimento della Cultura e del Turismo del Governo di Aragona. <\/p>\n","protected":false},"author":7,"featured_media":108189,"comment_status":"open","ping_status":"closed","template":"","meta":{"_acf_changed":false,"footnotes":""},"categories-edifici-poble":[15499],"class_list":["post-258075","edifici","type-edifici","status-publish","has-post-thumbnail","hentry","categories-edifici-poble-nord-it"],"acf":{"nom_edifici":"Iglesia de las Carmelitas","titol_previ":"Iglesia de las Carmelitas (Alca\u00f1iz, Teruel)","text_introductori":"La costruzione della Iglesia de las Carmelitas, nota anche come Iglesia del Carmen, fu iniziata nel XVII secolo e completata solo alla fine dello stesso secolo. \u00c8 in stile barocco e faceva parte dell'ex convento delle Carmelitane.\r\nL'edificio si distingue per la sua facciata, distribuita tra due colonne salomoniche e suddivisa in tre navate.\r\nIl tempio \u00e8 stato dichiarato Bene Catalogato del Patrimonio Culturale Aragonese dal Dipartimento della Cultura e del Turismo del Governo di Aragona.","fotos_adicionals":"","titular_segona_explicacio":"","text_posterior_segona_explicacio":"","text_previ_segona_explicacio":"","text_detall_segona_explicacio":"","seccions_edifici":null,"ubicacio":{"address":"Av. Francesc Ferrer i Gu\u00e0rdia, 13, 08038 Barcelona, Espa\u00f1a","lat":41.368740060684303,"lng":2.1481820048934797,"zoom":19,"place_id":"ChIJH-iNAXeipBIRGfU6WaramYk","street_number":13,"street_name":"Avinguda Francesc Ferrer i Gu\u00e0rdia","street_name_short":"Av. Francesc Ferrer i Gu\u00e0rdia","city":"Barcelona","state":"Catalunya","state_short":"CT","post_code":8038,"country":"Espa\u00f1a","country_short":"ES"}},"_links":{"self":[{"href":"https:\/\/poble-espanyol.com\/it\/wp-json\/wp\/v2\/edifici\/258075","targetHints":{"allow":["GET"]}}],"collection":[{"href":"https:\/\/poble-espanyol.com\/it\/wp-json\/wp\/v2\/edifici"}],"about":[{"href":"https:\/\/poble-espanyol.com\/it\/wp-json\/wp\/v2\/types\/edifici"}],"author":[{"embeddable":true,"href":"https:\/\/poble-espanyol.com\/it\/wp-json\/wp\/v2\/users\/7"}],"replies":[{"embeddable":true,"href":"https:\/\/poble-espanyol.com\/it\/wp-json\/wp\/v2\/comments?post=258075"}],"version-history":[{"count":2,"href":"https:\/\/poble-espanyol.com\/it\/wp-json\/wp\/v2\/edifici\/258075\/revisions"}],"predecessor-version":[{"id":258500,"href":"https:\/\/poble-espanyol.com\/it\/wp-json\/wp\/v2\/edifici\/258075\/revisions\/258500"}],"wp:featuredmedia":[{"embeddable":true,"href":"https:\/\/poble-espanyol.com\/it\/wp-json\/wp\/v2\/media\/108189"}],"wp:attachment":[{"href":"https:\/\/poble-espanyol.com\/it\/wp-json\/wp\/v2\/media?parent=258075"}],"wp:term":[{"taxonomy":"categories-edifici-poble","embeddable":true,"href":"https:\/\/poble-espanyol.com\/it\/wp-json\/wp\/v2\/categories-edifici-poble?post=258075"}],"curies":[{"name":"wp","href":"https:\/\/api.w.org\/{rel}","templated":true}]}}

<p>La costruzione della Iglesia de las Carmelitas, nota anche come Iglesia del Carmen, fu iniziata nel XVII secolo e completata solo alla fine dello stesso secolo. È in stile barocco e faceva parte dell&#8217;ex convento delle Carmelitane.<br />
L&#8217;edificio si distingue per la sua facciata, distribuita tra due colonne salomoniche e suddivisa in tre navate.<br />
Il tempio è stato dichiarato Bene Catalogato del Patrimonio Culturale Aragonese dal Dipartimento della Cultura e del Turismo del Governo di Aragona. </p>

Iglesia de las Carmelitas (Alcañiz, Teruel)

La costruzione della Iglesia de las Carmelitas, nota anche come Iglesia del Carmen, fu iniziata nel XVII secolo e completata solo alla fine dello stesso secolo. È in stile barocco e faceva parte dell'ex convento delle Carmelitane.
L'edificio si distingue per la sua facciata, distribuita tra due colonne salomoniche e suddivisa in tre navate.
Il tempio è stato dichiarato Bene Catalogato del Patrimonio Culturale Aragonese dal Dipartimento della Cultura e del Turismo del Governo di Aragona.

Av. Francesc Ferrer i Guàrdia, 13, 08038 Barcelona, España

Avinguda Francesc Ferrer i Guàrdia

Av. Francesc Ferrer i Guàrdia

España
