{"id":258084,"date":"2025-07-01T10:03:56","date_gmt":"2025-07-01T08:03:56","guid":{"rendered":"https:\/\/poble-espanyol.com\/edificio\/jerica\/"},"modified":"2025-07-03T08:51:56","modified_gmt":"2025-07-03T06:51:56","slug":"jerica","status":"publish","type":"edifici","link":"https:\/\/poble-espanyol.com\/it\/edificio\/jerica\/","title":{"rendered":"J\u00e9rica"},"content":{"rendered":"","protected":false},"excerpt":{"rendered":"<p>J\u00e9rica \u00e8 un comune situato a Castell\u00f3n, nella Comunit\u00e0 Valenciana. Nell&#8217;entroterra della provincia di Castell\u00f3n si trovano molti villaggi con una storia secolare, un patrimonio architettonico e archeologico di prim&#8217;ordine e soprattutto, uno splendido ambiente naturale.<br \/>\nI luoghi pi\u00f9 interessanti da visitare sono il centro storico, percorrendone tutte le strade a piedi, il Castello di origine araba, la Torre mud\u00e9jar delle Campane, la Chiesa di Santa \u00c1gueda, l&#8217;Eremo di San Roque e la Chiesa del Cristo del Sangue. <\/p>\n","protected":false},"author":7,"featured_media":107885,"comment_status":"open","ping_status":"closed","template":"","meta":{"_acf_changed":false,"footnotes":""},"categories-edifici-poble":[15513],"class_list":["post-258084","edifici","type-edifici","status-publish","has-post-thumbnail","hentry","categories-edifici-poble-mediterraneo-it"],"acf":{"nom_edifici":"J\u00e9rica","titol_previ":"J\u00e9rica (J\u00e9rica, Castell\u00f3n)","text_introductori":"J\u00e9rica \u00e8 un comune situato a Castell\u00f3n, nella Comunit\u00e0 Valenciana. Nell'entroterra della provincia di Castell\u00f3n si trovano molti villaggi con una storia secolare, un patrimonio architettonico e archeologico di prim'ordine e soprattutto, uno splendido ambiente naturale.\r\nI luoghi pi\u00f9 interessanti da visitare sono il centro storico, percorrendone tutte le strade a piedi, il Castello di origine araba, la Torre mud\u00e9jar delle Campane, la Chiesa di Santa \u00c1gueda, l'Eremo di San Roque e la Chiesa del Cristo del Sangue.","fotos_adicionals":"","titular_segona_explicacio":"","text_posterior_segona_explicacio":"","text_previ_segona_explicacio":"","text_detall_segona_explicacio":"","seccions_edifici":null,"ubicacio":{"address":"Av. Francesc Ferrer i Gu\u00e0rdia, 13, 08038 Barcelona, Espa\u00f1a","lat":41.368951417163757,"lng":2.1470206083900312,"zoom":19,"place_id":"ChIJhYVZqXeipBIRBSzv2hUOj-4","street_number":13,"street_name":"Avinguda Francesc Ferrer i Gu\u00e0rdia","street_name_short":"Av. Francesc Ferrer i Gu\u00e0rdia","city":"Barcelona","state":"Catalunya","state_short":"CT","post_code":8038,"country":"Espa\u00f1a","country_short":"ES"}},"_links":{"self":[{"href":"https:\/\/poble-espanyol.com\/it\/wp-json\/wp\/v2\/edifici\/258084","targetHints":{"allow":["GET"]}}],"collection":[{"href":"https:\/\/poble-espanyol.com\/it\/wp-json\/wp\/v2\/edifici"}],"about":[{"href":"https:\/\/poble-espanyol.com\/it\/wp-json\/wp\/v2\/types\/edifici"}],"author":[{"embeddable":true,"href":"https:\/\/poble-espanyol.com\/it\/wp-json\/wp\/v2\/users\/7"}],"replies":[{"embeddable":true,"href":"https:\/\/poble-espanyol.com\/it\/wp-json\/wp\/v2\/comments?post=258084"}],"version-history":[{"count":2,"href":"https:\/\/poble-espanyol.com\/it\/wp-json\/wp\/v2\/edifici\/258084\/revisions"}],"predecessor-version":[{"id":258503,"href":"https:\/\/poble-espanyol.com\/it\/wp-json\/wp\/v2\/edifici\/258084\/revisions\/258503"}],"wp:featuredmedia":[{"embeddable":true,"href":"https:\/\/poble-espanyol.com\/it\/wp-json\/wp\/v2\/media\/107885"}],"wp:attachment":[{"href":"https:\/\/poble-espanyol.com\/it\/wp-json\/wp\/v2\/media?parent=258084"}],"wp:term":[{"taxonomy":"categories-edifici-poble","embeddable":true,"href":"https:\/\/poble-espanyol.com\/it\/wp-json\/wp\/v2\/categories-edifici-poble?post=258084"}],"curies":[{"name":"wp","href":"https:\/\/api.w.org\/{rel}","templated":true}]}}

Jérica

<p>Jérica è un comune situato a Castellón, nella Comunità Valenciana. Nell&#8217;entroterra della provincia di Castellón si trovano molti villaggi con una storia secolare, un patrimonio architettonico e archeologico di prim&#8217;ordine e soprattutto, uno splendido ambiente naturale.<br />
I luoghi più interessanti da visitare sono il centro storico, percorrendone tutte le strade a piedi, il Castello di origine araba, la Torre mudéjar delle Campane, la Chiesa di Santa Águeda, l&#8217;Eremo di San Roque e la Chiesa del Cristo del Sangue. </p>

Jérica (Jérica, Castellón)

Jérica è un comune situato a Castellón, nella Comunità Valenciana. Nell'entroterra della provincia di Castellón si trovano molti villaggi con una storia secolare, un patrimonio architettonico e archeologico di prim'ordine e soprattutto, uno splendido ambiente naturale.
I luoghi più interessanti da visitare sono il centro storico, percorrendone tutte le strade a piedi, il Castello di origine araba, la Torre mudéjar delle Campane, la Chiesa di Santa Águeda, l'Eremo di San Roque e la Chiesa del Cristo del Sangue.

Av. Francesc Ferrer i Guàrdia, 13, 08038 Barcelona, España

Avinguda Francesc Ferrer i Guàrdia

Av. Francesc Ferrer i Guàrdia

España
