{"id":258147,"date":"2025-07-01T10:19:26","date_gmt":"2025-07-01T08:19:26","guid":{"rendered":"https:\/\/poble-espanyol.com\/edificio\/penafiel\/"},"modified":"2025-07-03T09:14:44","modified_gmt":"2025-07-03T07:14:44","slug":"penafiel","status":"publish","type":"edifici","link":"https:\/\/poble-espanyol.com\/it\/edificio\/penafiel\/","title":{"rendered":"Pe\u00f1afiel"},"content":{"rendered":"","protected":false},"excerpt":{"rendered":"<p>Pe\u00f1afiel \u00e8 una citt\u00e0 storica della provincia di Valladolid, nella comunit\u00e0 autonoma di Castiglia e Le\u00f3n.<br \/>\nPer godere a fondo di tutti i monumenti artistici del villaggio, sono necessari diversi giorni: il Castello, l&#8217;elemento unico che la contraddistingue, Plaza del Coso, l&#8217;Aula di Archeologia, il Centro di Interpretazione, la Chiesa e il Convento di San Pablo, il Convento di Santa Clara, la Torre dell&#8217;Orologio&#8230;<\/p>\n","protected":false},"author":7,"featured_media":107705,"comment_status":"open","ping_status":"closed","template":"","meta":{"_acf_changed":false,"footnotes":""},"categories-edifici-poble":[15505],"class_list":["post-258147","edifici","type-edifici","status-publish","has-post-thumbnail","hentry","categories-edifici-poble-centro-it"],"acf":{"nom_edifici":"Pe\u00f1afiel","titol_previ":"Pe\u00f1afiel (Pe\u00f1afiel, Valladolid)","text_introductori":"Pe\u00f1afiel \u00e8 una citt\u00e0 storica della provincia di Valladolid, nella comunit\u00e0 autonoma di Castiglia e Le\u00f3n.\r\nPer godere a fondo di tutti i monumenti artistici del villaggio, sono necessari diversi giorni: il Castello, l'elemento unico che la contraddistingue, Plaza del Coso, l'Aula di Archeologia, il Centro di Interpretazione, la Chiesa e il Convento di San Pablo, il Convento di Santa Clara, la Torre dell'Orologio...","fotos_adicionals":"","titular_segona_explicacio":"","text_posterior_segona_explicacio":"","text_previ_segona_explicacio":"","text_detall_segona_explicacio":"","seccions_edifici":null,"ubicacio":{"address":"Av. Francesc Ferrer i Gu\u00e0rdia, 13, 08038 Barcelona, Espa\u00f1a","lat":41.3690721919872,"lng":2.1478145422584394,"zoom":19,"place_id":"ChIJBZkZBHeipBIRhiS9JolxpBQ","street_number":13,"street_name":"Avinguda Francesc Ferrer i Gu\u00e0rdia","street_name_short":"Av. Francesc Ferrer i Gu\u00e0rdia","city":"Barcelona","state":"Catalunya","state_short":"CT","post_code":8038,"country":"Espa\u00f1a","country_short":"ES"}},"_links":{"self":[{"href":"https:\/\/poble-espanyol.com\/it\/wp-json\/wp\/v2\/edifici\/258147","targetHints":{"allow":["GET"]}}],"collection":[{"href":"https:\/\/poble-espanyol.com\/it\/wp-json\/wp\/v2\/edifici"}],"about":[{"href":"https:\/\/poble-espanyol.com\/it\/wp-json\/wp\/v2\/types\/edifici"}],"author":[{"embeddable":true,"href":"https:\/\/poble-espanyol.com\/it\/wp-json\/wp\/v2\/users\/7"}],"replies":[{"embeddable":true,"href":"https:\/\/poble-espanyol.com\/it\/wp-json\/wp\/v2\/comments?post=258147"}],"version-history":[{"count":3,"href":"https:\/\/poble-espanyol.com\/it\/wp-json\/wp\/v2\/edifici\/258147\/revisions"}],"predecessor-version":[{"id":258530,"href":"https:\/\/poble-espanyol.com\/it\/wp-json\/wp\/v2\/edifici\/258147\/revisions\/258530"}],"wp:featuredmedia":[{"embeddable":true,"href":"https:\/\/poble-espanyol.com\/it\/wp-json\/wp\/v2\/media\/107705"}],"wp:attachment":[{"href":"https:\/\/poble-espanyol.com\/it\/wp-json\/wp\/v2\/media?parent=258147"}],"wp:term":[{"taxonomy":"categories-edifici-poble","embeddable":true,"href":"https:\/\/poble-espanyol.com\/it\/wp-json\/wp\/v2\/categories-edifici-poble?post=258147"}],"curies":[{"name":"wp","href":"https:\/\/api.w.org\/{rel}","templated":true}]}}

Peñafiel

<p>Peñafiel è una città storica della provincia di Valladolid, nella comunità autonoma di Castiglia e León.<br />
Per godere a fondo di tutti i monumenti artistici del villaggio, sono necessari diversi giorni: il Castello, l&#8217;elemento unico che la contraddistingue, Plaza del Coso, l&#8217;Aula di Archeologia, il Centro di Interpretazione, la Chiesa e il Convento di San Pablo, il Convento di Santa Clara, la Torre dell&#8217;Orologio&#8230;</p>

Peñafiel (Peñafiel, Valladolid)

Peñafiel è una città storica della provincia di Valladolid, nella comunità autonoma di Castiglia e León.
Per godere a fondo di tutti i monumenti artistici del villaggio, sono necessari diversi giorni: il Castello, l'elemento unico che la contraddistingue, Plaza del Coso, l'Aula di Archeologia, il Centro di Interpretazione, la Chiesa e il Convento di San Pablo, il Convento di Santa Clara, la Torre dell'Orologio...

Av. Francesc Ferrer i Guàrdia, 13, 08038 Barcelona, España

Avinguda Francesc Ferrer i Guàrdia

Av. Francesc Ferrer i Guàrdia

España
