{"id":258177,"date":"2025-07-01T10:26:59","date_gmt":"2025-07-01T08:26:59","guid":{"rendered":"https:\/\/poble-espanyol.com\/edificio\/toro\/"},"modified":"2025-07-03T09:22:41","modified_gmt":"2025-07-03T07:22:41","slug":"toro","status":"publish","type":"edifici","link":"https:\/\/poble-espanyol.com\/it\/edificio\/toro\/","title":{"rendered":"Toro"},"content":{"rendered":"","protected":false},"excerpt":{"rendered":"<p>Toro \u00e8 una citt\u00e0 storica e monumentale nella provincia di Zamora, in Castiglia e Le\u00f3n.<br \/>\nLa citt\u00e0 \u00e8 lo specchio del ruolo che ebbe nella storia, particolarmente rilevante tra il XII e il XVI secolo, quando \u00e8 stata sede reale e luogo di svolgimento delle Cortes. Il centro storico della citt\u00e0 vanta alcuni veri e propri gioielli monumentali, come la Collegiata di Santa Mar\u00eda la Mayor.<br \/>\nNelle sue strade si possono ancora percepire le diverse fasi dell&#8217;intero sviluppo storico e gli elementi chiave della struttura urbana di base. <\/p>\n","protected":false},"author":7,"featured_media":108399,"comment_status":"open","ping_status":"closed","template":"","meta":{"_acf_changed":false,"footnotes":""},"categories-edifici-poble":[15505],"class_list":["post-258177","edifici","type-edifici","status-publish","has-post-thumbnail","hentry","categories-edifici-poble-centro-it"],"acf":{"nom_edifici":"Toro","titol_previ":"Toro (Toro, Zamora)","text_introductori":"Toro \u00e8 una citt\u00e0 storica e monumentale nella provincia di Zamora, in Castiglia e Le\u00f3n.\r\nLa citt\u00e0 \u00e8 lo specchio del ruolo che ebbe nella storia, particolarmente rilevante tra il XII e il XVI secolo, quando \u00e8 stata sede reale e luogo di svolgimento delle Cortes. Il centro storico della citt\u00e0 vanta alcuni veri e propri gioielli monumentali, come la Collegiata di Santa Mar\u00eda la Mayor.\r\nNelle sue strade si possono ancora percepire le diverse fasi dell'intero sviluppo storico e gli elementi chiave della struttura urbana di base.","fotos_adicionals":"","titular_segona_explicacio":"","text_posterior_segona_explicacio":"","text_previ_segona_explicacio":"","text_detall_segona_explicacio":"","seccions_edifici":null,"ubicacio":{"address":"Av. Francesc Ferrer i Gu\u00e0rdia, 13, 08038 Barcelona, Espa\u00f1a","lat":41.369252245153099,"lng":2.1474338373302571,"zoom":19,"place_id":"ChIJhUtWqHeipBIRZLDHKdts9LE","street_number":13,"street_name":"Avinguda Francesc Ferrer i Gu\u00e0rdia","street_name_short":"Av. Francesc Ferrer i Gu\u00e0rdia","city":"Barcelona","state":"Catalunya","state_short":"CT","post_code":8038,"country":"Espa\u00f1a","country_short":"ES"}},"_links":{"self":[{"href":"https:\/\/poble-espanyol.com\/it\/wp-json\/wp\/v2\/edifici\/258177","targetHints":{"allow":["GET"]}}],"collection":[{"href":"https:\/\/poble-espanyol.com\/it\/wp-json\/wp\/v2\/edifici"}],"about":[{"href":"https:\/\/poble-espanyol.com\/it\/wp-json\/wp\/v2\/types\/edifici"}],"author":[{"embeddable":true,"href":"https:\/\/poble-espanyol.com\/it\/wp-json\/wp\/v2\/users\/7"}],"replies":[{"embeddable":true,"href":"https:\/\/poble-espanyol.com\/it\/wp-json\/wp\/v2\/comments?post=258177"}],"version-history":[{"count":1,"href":"https:\/\/poble-espanyol.com\/it\/wp-json\/wp\/v2\/edifici\/258177\/revisions"}],"predecessor-version":[{"id":258538,"href":"https:\/\/poble-espanyol.com\/it\/wp-json\/wp\/v2\/edifici\/258177\/revisions\/258538"}],"wp:featuredmedia":[{"embeddable":true,"href":"https:\/\/poble-espanyol.com\/it\/wp-json\/wp\/v2\/media\/108399"}],"wp:attachment":[{"href":"https:\/\/poble-espanyol.com\/it\/wp-json\/wp\/v2\/media?parent=258177"}],"wp:term":[{"taxonomy":"categories-edifici-poble","embeddable":true,"href":"https:\/\/poble-espanyol.com\/it\/wp-json\/wp\/v2\/categories-edifici-poble?post=258177"}],"curies":[{"name":"wp","href":"https:\/\/api.w.org\/{rel}","templated":true}]}}

<p>Toro è una città storica e monumentale nella provincia di Zamora, in Castiglia e León.<br />
La città è lo specchio del ruolo che ebbe nella storia, particolarmente rilevante tra il XII e il XVI secolo, quando è stata sede reale e luogo di svolgimento delle Cortes. Il centro storico della città vanta alcuni veri e propri gioielli monumentali, come la Collegiata di Santa María la Mayor.<br />
Nelle sue strade si possono ancora percepire le diverse fasi dell&#8217;intero sviluppo storico e gli elementi chiave della struttura urbana di base. </p>

Toro è una città storica e monumentale nella provincia di Zamora, in Castiglia e León.
La città è lo specchio del ruolo che ebbe nella storia, particolarmente rilevante tra il XII e il XVI secolo, quando è stata sede reale e luogo di svolgimento delle Cortes. Il centro storico della città vanta alcuni veri e propri gioielli monumentali, come la Collegiata di Santa María la Mayor.
Nelle sue strade si possono ancora percepire le diverse fasi dell'intero sviluppo storico e gli elementi chiave della struttura urbana di base.

Av. Francesc Ferrer i Guàrdia, 13, 08038 Barcelona, España

Avinguda Francesc Ferrer i Guàrdia

Av. Francesc Ferrer i Guàrdia

España
