{"id":258189,"date":"2025-07-01T10:30:03","date_gmt":"2025-07-01T08:30:03","guid":{"rendered":"https:\/\/poble-espanyol.com\/edificio\/valle-del-roncal-2\/"},"modified":"2025-07-03T09:25:20","modified_gmt":"2025-07-03T07:25:20","slug":"valle-del-roncal-2","status":"publish","type":"edifici","link":"https:\/\/poble-espanyol.com\/it\/edificio\/valle-del-roncal-2\/","title":{"rendered":"Valle del Roncal"},"content":{"rendered":"","protected":false},"excerpt":{"rendered":"<p>La Valle del Roncal si trova in Navarra e fa parte della catena montuosa dei Pirenei.<br \/>\nNella valle si trovano i villaggi, i punti panoramici, gli itinerari e le salite in vetta pi\u00f9 spettacolari della Navarra. Nella zona si trovano anche villaggi con case in pietra, ponti medievali e stazioni sciistiche aperte durante i mesi invernali.<br \/>\nIl Poble Espanyol raffigura la facciata e il balcone di una delle case tipiche dei villaggi della Valle del Roncal.<\/p>\n","protected":false},"author":7,"featured_media":108432,"comment_status":"open","ping_status":"closed","template":"","meta":{"_acf_changed":false,"footnotes":""},"categories-edifici-poble":[15499],"class_list":["post-258189","edifici","type-edifici","status-publish","has-post-thumbnail","hentry","categories-edifici-poble-nord-it"],"acf":{"nom_edifici":"Valle del Roncal","titol_previ":"Valle del Roncal (Valle del Roncal, Navarra)","text_introductori":"La Valle del Roncal si trova in Navarra e fa parte della catena montuosa dei Pirenei.\r\nNella valle si trovano i villaggi, i punti panoramici, gli itinerari e le salite in vetta pi\u00f9 spettacolari della Navarra. Nella zona si trovano anche villaggi con case in pietra, ponti medievali e stazioni sciistiche aperte durante i mesi invernali.\r\nIl Poble Espanyol raffigura la facciata e il balcone di una delle case tipiche dei villaggi della Valle del Roncal.","fotos_adicionals":"","titular_segona_explicacio":"","text_posterior_segona_explicacio":"","text_previ_segona_explicacio":"","text_detall_segona_explicacio":"","seccions_edifici":null,"ubicacio":{"address":"Av. Francesc Ferrer i Gu\u00e0rdia, 13, 08038 Barcelona, Espa\u00f1a","lat":41.369147573942676,"lng":2.1480802497028462,"zoom":19,"place_id":"ChIJ1VklG3eipBIRUkPrl99Hibo","street_number":13,"street_name":"Avinguda Francesc Ferrer i Gu\u00e0rdia","street_name_short":"Av. Francesc Ferrer i Gu\u00e0rdia","city":"Barcelona","state":"Catalunya","state_short":"CT","post_code":8038,"country":"Espa\u00f1a","country_short":"ES"}},"_links":{"self":[{"href":"https:\/\/poble-espanyol.com\/it\/wp-json\/wp\/v2\/edifici\/258189","targetHints":{"allow":["GET"]}}],"collection":[{"href":"https:\/\/poble-espanyol.com\/it\/wp-json\/wp\/v2\/edifici"}],"about":[{"href":"https:\/\/poble-espanyol.com\/it\/wp-json\/wp\/v2\/types\/edifici"}],"author":[{"embeddable":true,"href":"https:\/\/poble-espanyol.com\/it\/wp-json\/wp\/v2\/users\/7"}],"replies":[{"embeddable":true,"href":"https:\/\/poble-espanyol.com\/it\/wp-json\/wp\/v2\/comments?post=258189"}],"version-history":[{"count":2,"href":"https:\/\/poble-espanyol.com\/it\/wp-json\/wp\/v2\/edifici\/258189\/revisions"}],"predecessor-version":[{"id":258542,"href":"https:\/\/poble-espanyol.com\/it\/wp-json\/wp\/v2\/edifici\/258189\/revisions\/258542"}],"wp:featuredmedia":[{"embeddable":true,"href":"https:\/\/poble-espanyol.com\/it\/wp-json\/wp\/v2\/media\/108432"}],"wp:attachment":[{"href":"https:\/\/poble-espanyol.com\/it\/wp-json\/wp\/v2\/media?parent=258189"}],"wp:term":[{"taxonomy":"categories-edifici-poble","embeddable":true,"href":"https:\/\/poble-espanyol.com\/it\/wp-json\/wp\/v2\/categories-edifici-poble?post=258189"}],"curies":[{"name":"wp","href":"https:\/\/api.w.org\/{rel}","templated":true}]}}

<p>La Valle del Roncal si trova in Navarra e fa parte della catena montuosa dei Pirenei.<br />
Nella valle si trovano i villaggi, i punti panoramici, gli itinerari e le salite in vetta più spettacolari della Navarra. Nella zona si trovano anche villaggi con case in pietra, ponti medievali e stazioni sciistiche aperte durante i mesi invernali.<br />
Il Poble Espanyol raffigura la facciata e il balcone di una delle case tipiche dei villaggi della Valle del Roncal.</p>

La Valle del Roncal si trova in Navarra e fa parte della catena montuosa dei Pirenei.
Nella valle si trovano i villaggi, i punti panoramici, gli itinerari e le salite in vetta più spettacolari della Navarra. Nella zona si trovano anche villaggi con case in pietra, ponti medievali e stazioni sciistiche aperte durante i mesi invernali.
Il Poble Espanyol raffigura la facciata e il balcone di una delle case tipiche dei villaggi della Valle del Roncal.

Av. Francesc Ferrer i Guàrdia, 13, 08038 Barcelona, España

Avinguda Francesc Ferrer i Guàrdia

Av. Francesc Ferrer i Guàrdia

España
